{"id":2007,"date":"2024-06-17T10:45:39","date_gmt":"2024-06-17T13:45:39","guid":{"rendered":"https:\/\/repositorio.abejor.org.br\/?post_type=anal&#038;p=2007"},"modified":"2024-06-24T12:25:22","modified_gmt":"2024-06-24T15:25:22","slug":"radiojornalismo-local-um-panorama-das-radios-de-ponta-grossa-pr","status":"publish","type":"anal","link":"https:\/\/repositorio.abejor.org.br\/?anal=radiojornalismo-local-um-panorama-das-radios-de-ponta-grossa-pr","title":{"rendered":"Radiojornalismo local: Um panorama das r\u00e1dios de  Ponta Grossa (PR)"},"excerpt":{"rendered":"<p>O presente trabalho trata sobre as aproxima\u00e7\u00f5es entre o jornalismo popular e o radiojornalismo local,<br \/>\ncom o intuito de elucidar como ocorrem as pr\u00e1ticas jornal\u00edsticas nestes cen\u00e1rios. A pesquisa traz<br \/>\nestat\u00edsticas sobre a presen\u00e7a do r\u00e1dio no Brasil nos \u00faltimos anos e traz dados sobre as emissoras de r\u00e1dio<br \/>\ndo munic\u00edpio de Ponta Grossa, localizado no interior do Paran\u00e1. O trabalho \u00e9 parte de uma disserta\u00e7\u00e3o<br \/>\ncom foco nas fontes do radiojornalismo em uma emissora da cidade.<\/p>\n","protected":false},"template":"","grupo_pesquisa":[12],"class_list":["post-2007","anal","type-anal","status-publish","hentry","grupo_pesquisa-producao-laboratorial-eletronicos-e-impressos"],"arquivo":{"ID":"2008","post_author":"2","post_date":"2024-06-17 10:45:04","post_date_gmt":"2024-06-17 13:45:04","post_content":"","post_title":"galoa-proceedings--enejor-2024--181914","post_excerpt":"","post_status":"inherit","comment_status":"open","ping_status":"closed","post_password":"","post_name":"galoa-proceedings-enejor-2024-181914","to_ping":"","pinged":"","post_modified":"2024-06-17 10:45:39","post_modified_gmt":"2024-06-17 13:45:39","post_content_filtered":"","post_parent":"2007","guid":"https:\/\/repositorio.abejor.org.br\/wp-content\/uploads\/2024\/06\/galoa-proceedings-enejor-2024-181914.pdf","menu_order":"0","post_type":"attachment","post_mime_type":"application\/pdf","comment_count":"0","pod_item_id":"2008"},"autor":"Daniely Neiverth e Guilherme Gon\u00e7alves de Carvalho","palavras_chaves":"Radiojornalismo; Radiojornalismo local; Radiojornalismo popular.","evento":[{"ID":1960,"post_title":"23\u00ba Encontro Nacional de Ensino de Jornalismo","post_content":"","post_excerpt":"23\u00ba Encontro Nacional de Ensino de Jornalismo (ENEJor), realizado na Pontif\u00edcia Universidade Cat\u00f3lica de Goi\u00e1s (PUC-GO), entre os dias 23 e 26 de abril de 2024, na Escola de Forma de Professores. O tema do evento foi \"Ensino de Jornalismo e Educa\u00e7\u00e3o midi\u00e1tica: Princ\u00edpios e pr\u00e1ticas contra a desinforma\u00e7\u00e3o\". articiparam mais de 130 pessoas presencial e remotamente. Registrou-se um recorde de trabalhos inscritos no evento. Foram 81 submiss\u00f5es nos Grupos de Pesquisa (GPs) e de Trabalho (GT) do 19\u00ba Ciclo de Pesquisa em Ensino e Extens\u00e3o, realizado durante o Encontro, com a participa\u00e7\u00e3o de professores(as) e estudantes de diferentes regi\u00f5es e institui\u00e7\u00f5es do pa\u00eds.","post_author":"2","post_date":"2024-06-06 20:12:33","post_date_gmt":"2024-06-06 23:12:33","post_status":"publish","comment_status":"closed","ping_status":"closed","post_password":"","post_name":"23o-encontro-nacional-de-ensino-de-jornalismo","to_ping":"","pinged":"","post_modified":"2024-06-26 09:27:20","post_modified_gmt":"2024-06-26 12:27:20","post_content_filtered":"","post_parent":0,"guid":"https:\/\/repositorio.abejor.org.br\/?post_type=evento&#038;p=1960","menu_order":0,"post_type":"evento","post_mime_type":"","comment_count":"0","comments":false,"_thumbnail_id":["2167","2","2024-06-25 18:57:19","2024-06-25 21:57:19","","enejor 24","","inherit","open","closed","","enejor-24-2","","","2024-06-25 18:57:19","2024-06-25 21:57:19","","1960","https:\/\/repositorio.abejor.org.br\/wp-content\/uploads\/2024\/06\/enejor-24.jpg","0","attachment","image\/jpeg","0","2167"],"id":1960}],"grupo_de_pesquisa":[{"term_id":9,"name":"Atividades de Extens\u00e3o","slug":"atividades-de-extensao","description":"","taxonomy":"grupo_pesquisa","parent":0,"term_taxonomy_id":9,"term_group":0,"count":151,"object_id":null,"term_order":null,"id":9}],"_links":{"self":[{"href":"https:\/\/repositorio.abejor.org.br\/index.php\/wp-json\/wp\/v2\/anal\/2007","targetHints":{"allow":["GET"]}}],"collection":[{"href":"https:\/\/repositorio.abejor.org.br\/index.php\/wp-json\/wp\/v2\/anal"}],"about":[{"href":"https:\/\/repositorio.abejor.org.br\/index.php\/wp-json\/wp\/v2\/types\/anal"}],"wp:attachment":[{"href":"https:\/\/repositorio.abejor.org.br\/index.php\/wp-json\/wp\/v2\/media?parent=2007"}],"wp:term":[{"taxonomy":"grupo_pesquisa","embeddable":true,"href":"https:\/\/repositorio.abejor.org.br\/index.php\/wp-json\/wp\/v2\/grupo_pesquisa?post=2007"}],"curies":[{"name":"wp","href":"https:\/\/api.w.org\/{rel}","templated":true}]}}

Radiojornalismo local: Um panorama das rádios de  Ponta Grossa (PR)

<p>O presente trabalho trata sobre as aproximações entre o jornalismo popular e o radiojornalismo local,<br />
com o intuito de elucidar como ocorrem as práticas jornalísticas nestes cenários. A pesquisa traz<br />
estatísticas sobre a presença do rádio no Brasil nos últimos anos e traz dados sobre as emissoras de rádio<br />
do município de Ponta Grossa, localizado no interior do Paraná. O trabalho é parte de uma dissertação<br />
com foco nas fontes do radiojornalismo em uma emissora da cidade.</p>

Daniely Neiverth e Guilherme Gonçalves de Carvalho

23º Encontro Nacional de Ensino de Jornalismo

23º Encontro Nacional de Ensino de Jornalismo (ENEJor), realizado na Pontifícia Universidade Católica de Goiás (PUC-GO), entre os dias 23 e 26 de abril de 2024, na Escola de Forma de Professores. O tema do evento foi "Ensino de Jornalismo e Educação midiática: Princípios e práticas contra a desinformação". articiparam mais de 130 pessoas presencial e remotamente. Registrou-se um recorde de trabalhos inscritos no evento. Foram 81 submissões nos Grupos de Pesquisa (GPs) e de Trabalho (GT) do 19º Ciclo de Pesquisa em Ensino e Extensão, realizado durante o Encontro, com a participação de professores(as) e estudantes de diferentes regiões e instituições do país.

Atividades de Extensão
