{"id":1922,"date":"2023-10-14T13:46:17","date_gmt":"2023-10-14T16:46:17","guid":{"rendered":"https:\/\/repositorio.abejor.org.br\/?post_type=anal&#038;p=1922"},"modified":"2023-10-14T13:46:17","modified_gmt":"2023-10-14T16:46:17","slug":"impressoes-sobre-o-impressoes-jornal-laboratorio-como-instrumento-de-jornalismo-contextualizado","status":"publish","type":"anal","link":"https:\/\/repositorio.abejor.org.br\/?anal=impressoes-sobre-o-impressoes-jornal-laboratorio-como-instrumento-de-jornalismo-contextualizado","title":{"rendered":"Impress\u00f5es sobre o Impress\u00f5es \u2013 jornal laborat\u00f3rio como  instrumento de jornalismo contextualizado"},"excerpt":{"rendered":"<p>Impress\u00f5es \u00e9 o nome que designa o jornal laborat\u00f3rio do Curso de Jornalismo<br \/>\nda Universidade Federal do Cear\u00e1. O nome atual foi definido no ano de 2009,<br \/>\nap\u00f3s uma reformula\u00e7\u00e3o de seu projeto gr\u00e1fico. No primeiro semestre do ano de<br \/>\n2011, assumimos a disciplina Jornal-Laborat\u00f3rio, e iniciamos uma discuss\u00e3o<br \/>\nsobre a linha editorial e projeto gr\u00e1fico do produto resultante da disciplina,<br \/>\nexatamente o Impress\u00f5es. A discuss\u00e3o contou com a participa\u00e7\u00e3o de estudantes<br \/>\ndos semestres anteriores da disciplina, em di\u00e1logo com a turma daquele<br \/>\nsemestre. Foi a partir dessa an\u00e1lise que avan\u00e7amos na defini\u00e7\u00e3o de uma nova<br \/>\nlinha editorial e de um novo projeto gr\u00e1fico para o Impress\u00f5es, calcados no<br \/>\nconceito de jornalismo contextualizado.<\/p>\n","protected":false},"template":"","grupo_pesquisa":[12],"class_list":["post-1922","anal","type-anal","status-publish","hentry","grupo_pesquisa-producao-laboratorial-eletronicos-e-impressos"],"arquivo":{"ID":"1923","post_author":"2","post_date":"2023-10-14 13:45:04","post_date_gmt":"2023-10-14 16:45:04","post_content":"","post_title":"Impress\u00f5es sobre o Impress\u00f5es \u2013 jornal laborat\u00f3rio como","post_excerpt":"","post_status":"inherit","comment_status":"open","ping_status":"closed","post_password":"","post_name":"impressoes-sobre-o-impressoes-jornal-laboratorio-como","to_ping":"","pinged":"","post_modified":"2023-10-14 13:46:18","post_modified_gmt":"2023-10-14 16:46:18","post_content_filtered":"","post_parent":"1922","guid":"https:\/\/repositorio.abejor.org.br\/wp-content\/uploads\/2023\/10\/Impressoes-sobre-o-Impressoes-\u2013-jornal-laboratorio-como.pdf","menu_order":"0","post_type":"attachment","post_mime_type":"application\/pdf","comment_count":"0","pod_item_id":"1923"},"autor":"Edgard Patr\u00edcio","palavras_chaves":"Jornalismo, Jornal laborat\u00f3rio, Jornalismo contextualizado","evento":[{"ID":1528,"post_title":"14\u00ba Encontro Nacional de Professores de Jornalismo","post_content":"","post_excerpt":"14\u00ba Encontro Nacional de Professores de Jornalismo (14\u00ba ENPJ), ocorreu nos dias 27 a 30 de abril de 2012 em Uberl\u00e2ndia (MG). ","post_author":"2","post_date":"2012-04-27 20:02:47","post_date_gmt":"2012-04-27 23:02:47","post_status":"publish","comment_status":"closed","ping_status":"closed","post_password":"","post_name":"14o-encontro-nacional-de-professores-de-jornalismo","to_ping":"","pinged":"","post_modified":"2023-10-14 14:05:37","post_modified_gmt":"2023-10-14 17:05:37","post_content_filtered":"","post_parent":0,"guid":"https:\/\/repositorio.abejor.org.br\/?post_type=evento&#038;p=1528","menu_order":0,"post_type":"evento","post_mime_type":"","comment_count":"0","comments":false,"_thumbnail_id":["1529","2","2023-10-11 17:12:33","2023-10-11 20:12:33","","Logo_ABEJ_principal-640x320-1.jpg","","inherit","open","closed","","logo_abej_principal-640x320-1-jpg","","","2023-10-11 17:12:33","2023-10-11 20:12:33","","1528","https:\/\/repositorio.abejor.org.br\/wp-content\/uploads\/2023\/10\/Logo_ABEJ_principal-640x320-1.jpg.webp","0","attachment","image\/webp","0","1529"],"id":1528}],"grupo_de_pesquisa":[{"term_id":12,"name":"Produ\u00e7\u00e3o Laboratorial eletr\u00f4nicos e impressos","slug":"producao-laboratorial-eletronicos-e-impressos","description":"","taxonomy":"grupo_pesquisa","parent":0,"term_taxonomy_id":12,"term_group":0,"count":167,"object_id":null,"term_order":null,"id":12}],"_links":{"self":[{"href":"https:\/\/repositorio.abejor.org.br\/index.php\/wp-json\/wp\/v2\/anal\/1922","targetHints":{"allow":["GET"]}}],"collection":[{"href":"https:\/\/repositorio.abejor.org.br\/index.php\/wp-json\/wp\/v2\/anal"}],"about":[{"href":"https:\/\/repositorio.abejor.org.br\/index.php\/wp-json\/wp\/v2\/types\/anal"}],"wp:attachment":[{"href":"https:\/\/repositorio.abejor.org.br\/index.php\/wp-json\/wp\/v2\/media?parent=1922"}],"wp:term":[{"taxonomy":"grupo_pesquisa","embeddable":true,"href":"https:\/\/repositorio.abejor.org.br\/index.php\/wp-json\/wp\/v2\/grupo_pesquisa?post=1922"}],"curies":[{"name":"wp","href":"https:\/\/api.w.org\/{rel}","templated":true}]}}

Impressões sobre o Impressões – jornal laboratório como  instrumento de jornalismo contextualizado

<p>Impressões é o nome que designa o jornal laboratório do Curso de Jornalismo<br />
da Universidade Federal do Ceará. O nome atual foi definido no ano de 2009,<br />
após uma reformulação de seu projeto gráfico. No primeiro semestre do ano de<br />
2011, assumimos a disciplina Jornal-Laboratório, e iniciamos uma discussão<br />
sobre a linha editorial e projeto gráfico do produto resultante da disciplina,<br />
exatamente o Impressões. A discussão contou com a participação de estudantes<br />
dos semestres anteriores da disciplina, em diálogo com a turma daquele<br />
semestre. Foi a partir dessa análise que avançamos na definição de uma nova<br />
linha editorial e de um novo projeto gráfico para o Impressões, calcados no<br />
conceito de jornalismo contextualizado.</p>

Impressões sobre o Impressões – jornal laboratório como

Edgard Patrício

Jornalismo, Jornal laboratório, Jornalismo contextualizado

14º Encontro Nacional de Professores de Jornalismo

14º Encontro Nacional de Professores de Jornalismo (14º ENPJ), ocorreu nos dias 27 a 30 de abril de 2012 em Uberlândia (MG).

Produção Laboratorial eletrônicos e impressos
