{"id":1916,"date":"2023-10-14T13:39:15","date_gmt":"2023-10-14T16:39:15","guid":{"rendered":"https:\/\/repositorio.abejor.org.br\/?post_type=anal&#038;p=1916"},"modified":"2023-10-14T13:39:15","modified_gmt":"2023-10-14T16:39:15","slug":"alguns-indicadores-da-producao-em-jornal-laboratorio-em-curitiba","status":"publish","type":"anal","link":"https:\/\/repositorio.abejor.org.br\/?anal=alguns-indicadores-da-producao-em-jornal-laboratorio-em-curitiba","title":{"rendered":"Alguns indicadores da produ\u00e7\u00e3o em jornal laborat\u00f3rio em Curitiba"},"excerpt":{"rendered":"<p> Esta comunica\u00e7\u00e3o tem por objetivo estabelecer um mapa da produ\u00e7\u00e3o laboratorial<br \/>\nimpressa, a partir dos jornais laborat\u00f3rio, dos cursos de jornalismo localizados na cidade de<br \/>\nCuritiba, bem como procurar reconhecer caracter\u00edsticas que est\u00e3o para al\u00e9m de apenas<br \/>\nespa\u00e7os de ensino-aprendizagem. Trata-se de uma pesquisa maior, em curso, que tem por<br \/>\ninten\u00e7\u00e3o identificar a exist\u00eancia e principais caracter\u00edsticas de jornais laborat\u00f3rio no Paran\u00e1<br \/>\ncomo forma de contribuir para o entendimento deste espa\u00e7o de forma\u00e7\u00e3o profissional.<\/p>\n","protected":false},"template":"","grupo_pesquisa":[12],"class_list":["post-1916","anal","type-anal","status-publish","hentry","grupo_pesquisa-producao-laboratorial-eletronicos-e-impressos"],"arquivo":{"ID":"1917","post_author":"2","post_date":"2023-10-14 13:38:03","post_date_gmt":"2023-10-14 16:38:03","post_content":"","post_title":"Alguns indicadores da produ\u00e7\u00e3o em jornal laborat\u00f3rio em Curitiba","post_excerpt":"","post_status":"inherit","comment_status":"open","ping_status":"closed","post_password":"","post_name":"alguns-indicadores-da-producao-em-jornal-laboratorio-em-curitiba-2","to_ping":"","pinged":"","post_modified":"2023-10-14 13:39:15","post_modified_gmt":"2023-10-14 16:39:15","post_content_filtered":"","post_parent":"1916","guid":"https:\/\/repositorio.abejor.org.br\/wp-content\/uploads\/2023\/10\/Alguns-indicadores-da-producao-em-jornal-laboratorio-em-Curitiba.pdf","menu_order":"0","post_type":"attachment","post_mime_type":"application\/pdf","comment_count":"0","pod_item_id":"1917"},"autor":"Marcelo Engel Bronosky; Paulo Gomes","palavras_chaves":"Produ\u00e7\u00e3o jornal\u00edstica, Jornais laborat\u00f3rio, Ensino de jornalismo","evento":[{"ID":1528,"post_title":"14\u00ba Encontro Nacional de Professores de Jornalismo","post_content":"","post_excerpt":"14\u00ba Encontro Nacional de Professores de Jornalismo (14\u00ba ENPJ), ocorreu nos dias 27 a 30 de abril de 2012 em Uberl\u00e2ndia (MG). ","post_author":"2","post_date":"2012-04-27 20:02:47","post_date_gmt":"2012-04-27 23:02:47","post_status":"publish","comment_status":"closed","ping_status":"closed","post_password":"","post_name":"14o-encontro-nacional-de-professores-de-jornalismo","to_ping":"","pinged":"","post_modified":"2023-10-14 14:05:37","post_modified_gmt":"2023-10-14 17:05:37","post_content_filtered":"","post_parent":0,"guid":"https:\/\/repositorio.abejor.org.br\/?post_type=evento&#038;p=1528","menu_order":0,"post_type":"evento","post_mime_type":"","comment_count":"0","comments":false,"_thumbnail_id":["1529","2","2023-10-11 17:12:33","2023-10-11 20:12:33","","Logo_ABEJ_principal-640x320-1.jpg","","inherit","open","closed","","logo_abej_principal-640x320-1-jpg","","","2023-10-11 17:12:33","2023-10-11 20:12:33","","1528","https:\/\/repositorio.abejor.org.br\/wp-content\/uploads\/2023\/10\/Logo_ABEJ_principal-640x320-1.jpg.webp","0","attachment","image\/webp","0","1529"],"id":1528}],"grupo_de_pesquisa":[{"term_id":12,"name":"Produ\u00e7\u00e3o Laboratorial eletr\u00f4nicos e impressos","slug":"producao-laboratorial-eletronicos-e-impressos","description":"","taxonomy":"grupo_pesquisa","parent":0,"term_taxonomy_id":12,"term_group":0,"count":167,"object_id":null,"term_order":null,"id":12}],"_links":{"self":[{"href":"https:\/\/repositorio.abejor.org.br\/index.php\/wp-json\/wp\/v2\/anal\/1916","targetHints":{"allow":["GET"]}}],"collection":[{"href":"https:\/\/repositorio.abejor.org.br\/index.php\/wp-json\/wp\/v2\/anal"}],"about":[{"href":"https:\/\/repositorio.abejor.org.br\/index.php\/wp-json\/wp\/v2\/types\/anal"}],"wp:attachment":[{"href":"https:\/\/repositorio.abejor.org.br\/index.php\/wp-json\/wp\/v2\/media?parent=1916"}],"wp:term":[{"taxonomy":"grupo_pesquisa","embeddable":true,"href":"https:\/\/repositorio.abejor.org.br\/index.php\/wp-json\/wp\/v2\/grupo_pesquisa?post=1916"}],"curies":[{"name":"wp","href":"https:\/\/api.w.org\/{rel}","templated":true}]}}

Alguns indicadores da produção em jornal laboratório em Curitiba

<p> Esta comunicação tem por objetivo estabelecer um mapa da produção laboratorial<br />
impressa, a partir dos jornais laboratório, dos cursos de jornalismo localizados na cidade de<br />
Curitiba, bem como procurar reconhecer características que estão para além de apenas<br />
espaços de ensino-aprendizagem. Trata-se de uma pesquisa maior, em curso, que tem por<br />
intenção identificar a existência e principais características de jornais laboratório no Paraná<br />
como forma de contribuir para o entendimento deste espaço de formação profissional.</p>

Produção jornalística, Jornais laboratório, Ensino de jornalismo

14º Encontro Nacional de Professores de Jornalismo

14º Encontro Nacional de Professores de Jornalismo (14º ENPJ), ocorreu nos dias 27 a 30 de abril de 2012 em Uberlândia (MG).

Produção Laboratorial eletrônicos e impressos
