{"id":1914,"date":"2023-10-14T13:37:22","date_gmt":"2023-10-14T16:37:22","guid":{"rendered":"https:\/\/repositorio.abejor.org.br\/?post_type=anal&#038;p=1914"},"modified":"2023-10-14T13:37:22","modified_gmt":"2023-10-14T16:37:22","slug":"a-teoria-na-pratica-do-informativo-faced","status":"publish","type":"anal","link":"https:\/\/repositorio.abejor.org.br\/?anal=a-teoria-na-pratica-do-informativo-faced","title":{"rendered":"A teoria na pr\u00e1tica do Informativo FACED"},"excerpt":{"rendered":"<p>O presente artigo relata como \u00e9 a produ\u00e7\u00e3o do Informativo FACED,<br \/>\nboletim informativo desenvolvido dentro do projeto de bolsa de gradua\u00e7\u00e3o<br \/>\n\u201cInformativo FACED: da pauta \u00e0 produ\u00e7\u00e3o em Jornalismo Impresso\u201d. Para isso,<br \/>\no artigo pretende abordar os desafios da teoria e pr\u00e1tica no desenvolvimento de<br \/>\numa ferramenta de Comunica\u00e7\u00e3o Interna na Faculdade de Educa\u00e7\u00e3o (FACED)<br \/>\npelo curso de Comunica\u00e7\u00e3o Social: habilita\u00e7\u00e3o em Jornalismo da Universidade<br \/>\nFederal de Uberl\u00e2ndia (UFU).<\/p>\n","protected":false},"template":"","grupo_pesquisa":[12],"class_list":["post-1914","anal","type-anal","status-publish","hentry","grupo_pesquisa-producao-laboratorial-eletronicos-e-impressos"],"arquivo":{"ID":"1915","post_author":"2","post_date":"2023-10-14 13:35:00","post_date_gmt":"2023-10-14 16:35:00","post_content":"","post_title":"A teoria na pr\u00e1tica do Informativo FACED","post_excerpt":"","post_status":"inherit","comment_status":"open","ping_status":"closed","post_password":"","post_name":"a-teoria-na-pratica-do-informativo-faced-2","to_ping":"","pinged":"","post_modified":"2023-10-14 13:37:22","post_modified_gmt":"2023-10-14 16:37:22","post_content_filtered":"","post_parent":"1914","guid":"https:\/\/repositorio.abejor.org.br\/wp-content\/uploads\/2023\/10\/A-teoria-na-pratica-do-Informativo-FACED.pdf","menu_order":"0","post_type":"attachment","post_mime_type":"application\/pdf","comment_count":"0","pod_item_id":"1915"},"autor":"Ricardo Ferreira de Carvalho; Elisa Nascimento Chueiri; Adriana Cristina Omena Santos","palavras_chaves":"Jornalismo impresso, Informativo FACED, UFU, Software\nlivre, Comunica\u00e7\u00e3o organizacional","evento":[{"ID":1528,"post_title":"14\u00ba Encontro Nacional de Professores de Jornalismo","post_content":"","post_excerpt":"14\u00ba Encontro Nacional de Professores de Jornalismo (14\u00ba ENPJ), ocorreu nos dias 27 a 30 de abril de 2012 em Uberl\u00e2ndia (MG). ","post_author":"2","post_date":"2012-04-27 20:02:47","post_date_gmt":"2012-04-27 23:02:47","post_status":"publish","comment_status":"closed","ping_status":"closed","post_password":"","post_name":"14o-encontro-nacional-de-professores-de-jornalismo","to_ping":"","pinged":"","post_modified":"2023-10-14 14:05:37","post_modified_gmt":"2023-10-14 17:05:37","post_content_filtered":"","post_parent":0,"guid":"https:\/\/repositorio.abejor.org.br\/?post_type=evento&#038;p=1528","menu_order":0,"post_type":"evento","post_mime_type":"","comment_count":"0","comments":false,"_thumbnail_id":["1529","2","2023-10-11 17:12:33","2023-10-11 20:12:33","","Logo_ABEJ_principal-640x320-1.jpg","","inherit","open","closed","","logo_abej_principal-640x320-1-jpg","","","2023-10-11 17:12:33","2023-10-11 20:12:33","","1528","https:\/\/repositorio.abejor.org.br\/wp-content\/uploads\/2023\/10\/Logo_ABEJ_principal-640x320-1.jpg.webp","0","attachment","image\/webp","0","1529"],"id":1528}],"grupo_de_pesquisa":[{"term_id":12,"name":"Produ\u00e7\u00e3o Laboratorial eletr\u00f4nicos e impressos","slug":"producao-laboratorial-eletronicos-e-impressos","description":"","taxonomy":"grupo_pesquisa","parent":0,"term_taxonomy_id":12,"term_group":0,"count":167,"object_id":null,"term_order":null,"id":12}],"_links":{"self":[{"href":"https:\/\/repositorio.abejor.org.br\/index.php\/wp-json\/wp\/v2\/anal\/1914","targetHints":{"allow":["GET"]}}],"collection":[{"href":"https:\/\/repositorio.abejor.org.br\/index.php\/wp-json\/wp\/v2\/anal"}],"about":[{"href":"https:\/\/repositorio.abejor.org.br\/index.php\/wp-json\/wp\/v2\/types\/anal"}],"wp:attachment":[{"href":"https:\/\/repositorio.abejor.org.br\/index.php\/wp-json\/wp\/v2\/media?parent=1914"}],"wp:term":[{"taxonomy":"grupo_pesquisa","embeddable":true,"href":"https:\/\/repositorio.abejor.org.br\/index.php\/wp-json\/wp\/v2\/grupo_pesquisa?post=1914"}],"curies":[{"name":"wp","href":"https:\/\/api.w.org\/{rel}","templated":true}]}}

A teoria na prática do Informativo FACED

<p>O presente artigo relata como é a produção do Informativo FACED,<br />
boletim informativo desenvolvido dentro do projeto de bolsa de graduação<br />
“Informativo FACED: da pauta à produção em Jornalismo Impresso”. Para isso,<br />
o artigo pretende abordar os desafios da teoria e prática no desenvolvimento de<br />
uma ferramenta de Comunicação Interna na Faculdade de Educação (FACED)<br />
pelo curso de Comunicação Social: habilitação em Jornalismo da Universidade<br />
Federal de Uberlândia (UFU).</p>

Jornalismo impresso, Informativo FACED, UFU, Software
livre, Comunicação organizacional

14º Encontro Nacional de Professores de Jornalismo

14º Encontro Nacional de Professores de Jornalismo (14º ENPJ), ocorreu nos dias 27 a 30 de abril de 2012 em Uberlândia (MG).

Produção Laboratorial eletrônicos e impressos
