{"id":1908,"date":"2023-10-14T13:25:24","date_gmt":"2023-10-14T16:25:24","guid":{"rendered":"https:\/\/repositorio.abejor.org.br\/?post_type=anal&#038;p=1908"},"modified":"2023-10-14T13:25:24","modified_gmt":"2023-10-14T16:25:24","slug":"televisao-digital-matrizes-teoricas-no-espaco-ibero-americano","status":"publish","type":"anal","link":"https:\/\/repositorio.abejor.org.br\/?anal=televisao-digital-matrizes-teoricas-no-espaco-ibero-americano","title":{"rendered":"\u201cTelevis\u00e3o digital: matrizes te\u00f3ricas no espa\u00e7o ibero-americano\u201d"},"excerpt":{"rendered":"<p>As atividades em desenvolvimento d\u00e3o continuidade \u00e0 pesquisa<br \/>\n\u201cTelevis\u00e3o digital: matrizes te\u00f3ricas no espa\u00e7o ibero-americano\u201d, que foi<br \/>\niniciada em 2009. Ser\u00e1 poss\u00edvel uma amplia\u00e7\u00e3o da vis\u00e3o cr\u00edtica sobre o<br \/>\ncontexto ibero-americano, observando tr\u00eas pa\u00edses que vivem realidades<br \/>\ns\u00f3cio-econ\u00f4micas bem diferentes e estudos sobre comunica\u00e7\u00e3o em<br \/>\nest\u00e1gios heterog\u00eaneos. As produ\u00e7\u00f5es acad\u00eamicas est\u00e3o sempre<br \/>\nrelacionadas ao qu\u00e3o avan\u00e7ado essas discuss\u00f5es est\u00e3o em cada localidade.<\/p>\n","protected":false},"template":"","grupo_pesquisa":[11],"class_list":["post-1908","anal","type-anal","status-publish","hentry","grupo_pesquisa-pesquisa-na-graduacao"],"arquivo":{"ID":"1909","post_author":"2","post_date":"2023-10-14 13:24:22","post_date_gmt":"2023-10-14 16:24:22","post_content":"","post_title":"Televis\u00e3o digital matrizes te\u00f3ricas no espa\u00e7o ibero-americano Andorra a Rep\u00fablica Dominicana","post_excerpt":"","post_status":"inherit","comment_status":"open","ping_status":"closed","post_password":"","post_name":"televisao-digital-matrizes-teoricas-no-espaco-ibero-americano-andorra-a-republica-dominicana","to_ping":"","pinged":"","post_modified":"2023-10-14 13:25:24","post_modified_gmt":"2023-10-14 16:25:24","post_content_filtered":"","post_parent":"1908","guid":"https:\/\/repositorio.abejor.org.br\/wp-content\/uploads\/2023\/10\/Televisao-digital-matrizes-teoricas-no-espaco-ibero-americano-Andorra-a-Republica-Dominicana.pdf","menu_order":"0","post_type":"attachment","post_mime_type":"application\/pdf","comment_count":"0","pod_item_id":"1909"},"autor":"Pedro Santoro Zambon; Juliano Maur\u00edcio de Carvalho","palavras_chaves":"","evento":[{"ID":1528,"post_title":"14\u00ba Encontro Nacional de Professores de Jornalismo","post_content":"","post_excerpt":"14\u00ba Encontro Nacional de Professores de Jornalismo (14\u00ba ENPJ), ocorreu nos dias 27 a 30 de abril de 2012 em Uberl\u00e2ndia (MG). ","post_author":"2","post_date":"2012-04-27 20:02:47","post_date_gmt":"2012-04-27 23:02:47","post_status":"publish","comment_status":"closed","ping_status":"closed","post_password":"","post_name":"14o-encontro-nacional-de-professores-de-jornalismo","to_ping":"","pinged":"","post_modified":"2023-10-14 14:05:37","post_modified_gmt":"2023-10-14 17:05:37","post_content_filtered":"","post_parent":0,"guid":"https:\/\/repositorio.abejor.org.br\/?post_type=evento&#038;p=1528","menu_order":0,"post_type":"evento","post_mime_type":"","comment_count":"0","comments":false,"_thumbnail_id":["1529","2","2023-10-11 17:12:33","2023-10-11 20:12:33","","Logo_ABEJ_principal-640x320-1.jpg","","inherit","open","closed","","logo_abej_principal-640x320-1-jpg","","","2023-10-11 17:12:33","2023-10-11 20:12:33","","1528","https:\/\/repositorio.abejor.org.br\/wp-content\/uploads\/2023\/10\/Logo_ABEJ_principal-640x320-1.jpg.webp","0","attachment","image\/webp","0","1529"],"id":1528}],"grupo_de_pesquisa":[{"term_id":11,"name":"Pesquisa na Gradua\u00e7\u00e3o","slug":"pesquisa-na-graduacao","description":"","taxonomy":"grupo_pesquisa","parent":0,"term_taxonomy_id":11,"term_group":0,"count":316,"object_id":null,"term_order":null,"id":11}],"_links":{"self":[{"href":"https:\/\/repositorio.abejor.org.br\/index.php\/wp-json\/wp\/v2\/anal\/1908","targetHints":{"allow":["GET"]}}],"collection":[{"href":"https:\/\/repositorio.abejor.org.br\/index.php\/wp-json\/wp\/v2\/anal"}],"about":[{"href":"https:\/\/repositorio.abejor.org.br\/index.php\/wp-json\/wp\/v2\/types\/anal"}],"wp:attachment":[{"href":"https:\/\/repositorio.abejor.org.br\/index.php\/wp-json\/wp\/v2\/media?parent=1908"}],"wp:term":[{"taxonomy":"grupo_pesquisa","embeddable":true,"href":"https:\/\/repositorio.abejor.org.br\/index.php\/wp-json\/wp\/v2\/grupo_pesquisa?post=1908"}],"curies":[{"name":"wp","href":"https:\/\/api.w.org\/{rel}","templated":true}]}}

“Televisão digital: matrizes teóricas no espaço ibero-americano”

<p>As atividades em desenvolvimento dão continuidade à pesquisa<br />
“Televisão digital: matrizes teóricas no espaço ibero-americano”, que foi<br />
iniciada em 2009. Será possível uma ampliação da visão crítica sobre o<br />
contexto ibero-americano, observando três países que vivem realidades<br />
sócio-econômicas bem diferentes e estudos sobre comunicação em<br />
estágios heterogêneos. As produções acadêmicas estão sempre<br />
relacionadas ao quão avançado essas discussões estão em cada localidade.</p>

Televisão digital matrizes teóricas no espaço ibero-americano Andorra a República Dominicana

Pedro Santoro Zambon; Juliano Maurício de Carvalho

14º Encontro Nacional de Professores de Jornalismo

14º Encontro Nacional de Professores de Jornalismo (14º ENPJ), ocorreu nos dias 27 a 30 de abril de 2012 em Uberlândia (MG).

Pesquisa na Graduação
