{"id":1894,"date":"2023-10-14T13:10:57","date_gmt":"2023-10-14T16:10:57","guid":{"rendered":"https:\/\/repositorio.abejor.org.br\/?post_type=anal&#038;p=1894"},"modified":"2023-10-14T13:12:18","modified_gmt":"2023-10-14T16:12:18","slug":"mulheres-nos-30-anos-de-jornalismo-da-televisao-blumenauense","status":"publish","type":"anal","link":"https:\/\/repositorio.abejor.org.br\/?anal=mulheres-nos-30-anos-de-jornalismo-da-televisao-blumenauense","title":{"rendered":"MULHERES NOS 30 ANOS DE JORNALISMO DA TELEVIS\u00c3O BLUMENAUENSE"},"excerpt":{"rendered":"<p>O texto exp\u00f5e a pesquisa realizada como embasamento para a produ\u00e7\u00e3o de um<br \/>\nvideodocument\u00e1rio com depoimento das mulheres que participaram do jornalismo<br \/>\ntelevisivo entre os anos de 1969 e 2010, em Blumenau, primeiro munic\u00edpio<br \/>\ncatarinense com emissora de televis\u00e3o. Destaca-se com este trabalho a import\u00e2ncia<br \/>\nda pesquisa na gradua\u00e7\u00e3o de curso em institui\u00e7\u00e3o fora dos grandes centros, que<br \/>\npermite a mem\u00f3ria do jornalismo regional.<\/p>\n","protected":false},"template":"","grupo_pesquisa":[11],"class_list":["post-1894","anal","type-anal","status-publish","hentry","grupo_pesquisa-pesquisa-na-graduacao"],"arquivo":{"ID":"1897","post_author":"2","post_date":"2023-10-14 13:11:52","post_date_gmt":"2023-10-14 16:11:52","post_content":"","post_title":"MULHERES NOS 30 ANOS DE JORNALISMO","post_excerpt":"","post_status":"inherit","comment_status":"open","ping_status":"closed","post_password":"","post_name":"mulheres-nos-30-anos-de-jornalismo","to_ping":"","pinged":"","post_modified":"2023-10-14 13:12:18","post_modified_gmt":"2023-10-14 16:12:18","post_content_filtered":"","post_parent":"1894","guid":"https:\/\/repositorio.abejor.org.br\/wp-content\/uploads\/2023\/10\/MULHERES-NOS-30-ANOS-DE-JORNALISMO.pdf","menu_order":"0","post_type":"attachment","post_mime_type":"application\/pdf","comment_count":"0","pod_item_id":"1897"},"autor":"Monique Becker;  Rosem\u00e9ri Laurindo; Bruna C. Souza; Rodrigo Ramos","palavras_chaves":"","evento":[{"ID":1528,"post_title":"14\u00ba Encontro Nacional de Professores de Jornalismo","post_content":"","post_excerpt":"14\u00ba Encontro Nacional de Professores de Jornalismo (14\u00ba ENPJ), ocorreu nos dias 27 a 30 de abril de 2012 em Uberl\u00e2ndia (MG). ","post_author":"2","post_date":"2012-04-27 20:02:47","post_date_gmt":"2012-04-27 23:02:47","post_status":"publish","comment_status":"closed","ping_status":"closed","post_password":"","post_name":"14o-encontro-nacional-de-professores-de-jornalismo","to_ping":"","pinged":"","post_modified":"2023-10-14 14:05:37","post_modified_gmt":"2023-10-14 17:05:37","post_content_filtered":"","post_parent":0,"guid":"https:\/\/repositorio.abejor.org.br\/?post_type=evento&#038;p=1528","menu_order":0,"post_type":"evento","post_mime_type":"","comment_count":"0","comments":false,"_thumbnail_id":["1529","2","2023-10-11 17:12:33","2023-10-11 20:12:33","","Logo_ABEJ_principal-640x320-1.jpg","","inherit","open","closed","","logo_abej_principal-640x320-1-jpg","","","2023-10-11 17:12:33","2023-10-11 20:12:33","","1528","https:\/\/repositorio.abejor.org.br\/wp-content\/uploads\/2023\/10\/Logo_ABEJ_principal-640x320-1.jpg.webp","0","attachment","image\/webp","0","1529"],"id":1528}],"grupo_de_pesquisa":[{"term_id":11,"name":"Pesquisa na Gradua\u00e7\u00e3o","slug":"pesquisa-na-graduacao","description":"","taxonomy":"grupo_pesquisa","parent":0,"term_taxonomy_id":11,"term_group":0,"count":316,"object_id":null,"term_order":null,"id":11}],"_links":{"self":[{"href":"https:\/\/repositorio.abejor.org.br\/index.php\/wp-json\/wp\/v2\/anal\/1894","targetHints":{"allow":["GET"]}}],"collection":[{"href":"https:\/\/repositorio.abejor.org.br\/index.php\/wp-json\/wp\/v2\/anal"}],"about":[{"href":"https:\/\/repositorio.abejor.org.br\/index.php\/wp-json\/wp\/v2\/types\/anal"}],"wp:attachment":[{"href":"https:\/\/repositorio.abejor.org.br\/index.php\/wp-json\/wp\/v2\/media?parent=1894"}],"wp:term":[{"taxonomy":"grupo_pesquisa","embeddable":true,"href":"https:\/\/repositorio.abejor.org.br\/index.php\/wp-json\/wp\/v2\/grupo_pesquisa?post=1894"}],"curies":[{"name":"wp","href":"https:\/\/api.w.org\/{rel}","templated":true}]}}

MULHERES NOS 30 ANOS DE JORNALISMO DA TELEVISÃO BLUMENAUENSE

<p>O texto expõe a pesquisa realizada como embasamento para a produção de um<br />
videodocumentário com depoimento das mulheres que participaram do jornalismo<br />
televisivo entre os anos de 1969 e 2010, em Blumenau, primeiro município<br />
catarinense com emissora de televisão. Destaca-se com este trabalho a importância<br />
da pesquisa na graduação de curso em instituição fora dos grandes centros, que<br />
permite a memória do jornalismo regional.</p>

Monique Becker;  Roseméri Laurindo; Bruna C. Souza; Rodrigo Ramos

14º Encontro Nacional de Professores de Jornalismo

14º Encontro Nacional de Professores de Jornalismo (14º ENPJ), ocorreu nos dias 27 a 30 de abril de 2012 em Uberlândia (MG).

Pesquisa na Graduação
