{"id":1830,"date":"2023-10-14T09:48:20","date_gmt":"2023-10-14T12:48:20","guid":{"rendered":"https:\/\/repositorio.abejor.org.br\/?post_type=anal&#038;p=1830"},"modified":"2023-10-14T09:48:20","modified_gmt":"2023-10-14T12:48:20","slug":"ensino-de-assessoria-de-imprensa-e-a-formacao-do-jornalista","status":"publish","type":"anal","link":"https:\/\/repositorio.abejor.org.br\/?anal=ensino-de-assessoria-de-imprensa-e-a-formacao-do-jornalista","title":{"rendered":"Ensino de assessoria de imprensa e a forma\u00e7\u00e3o do  jornalista"},"excerpt":{"rendered":"<p>Este relato tem o prop\u00f3sito de analisar a introdu\u00e7\u00e3o do ensino de assessoria de imprensa<br \/>\nno Curso de Jornalismo da Unimep (Universidade Metodista de Piracicaba). A inten\u00e7\u00e3o<br \/>\n\u00e9 descrever os diferentes momentos e contextos de inser\u00e7\u00e3o da \u00e1rea no curso, como<br \/>\nconte\u00fado de outras disciplinas ou disciplina espec\u00edfica, e tamb\u00e9m estimular a reflex\u00e3o<br \/>\nsobre as contribui\u00e7\u00f5es que oferece em rela\u00e7\u00e3o ao debate sobre a pr\u00f3pria natureza do<br \/>\njornalismo contempor\u00e2neo. O relato tamb\u00e9m especula sobre as potencialidades para o<br \/>\ndesenvolvimento de parcerias entre os cursos e a comunidade, principalmente no campo<br \/>\ndos movimentos sociais e organiza\u00e7\u00f5es do terceiro setor.<\/p>\n","protected":false},"template":"","grupo_pesquisa":[13],"class_list":["post-1830","anal","type-anal","status-publish","hentry","grupo_pesquisa-projetos-pedagogicos-e-metodologias-de-ensino"],"arquivo":{"ID":"1831","post_author":"2","post_date":"2023-10-14 09:47:38","post_date_gmt":"2023-10-14 12:47:38","post_content":"","post_title":"Ensino de assessoria de imprensa e a forma\u00e7\u00e3o do","post_excerpt":"","post_status":"inherit","comment_status":"open","ping_status":"closed","post_password":"","post_name":"ensino-de-assessoria-de-imprensa-e-a-formacao-do","to_ping":"","pinged":"","post_modified":"2023-10-14 09:48:20","post_modified_gmt":"2023-10-14 12:48:20","post_content_filtered":"","post_parent":"1830","guid":"https:\/\/repositorio.abejor.org.br\/wp-content\/uploads\/2023\/10\/Ensino-de-assessoria-de-imprensa-e-a-formacao-do.pdf","menu_order":"0","post_type":"attachment","post_mime_type":"application\/pdf","comment_count":"0","pod_item_id":"1831"},"autor":"Paulo Roberto Bot\u00e3o","palavras_chaves":"Assessoria de imprensa, ensino de jornalismo, cidadania","evento":[{"ID":1528,"post_title":"14\u00ba Encontro Nacional de Professores de Jornalismo","post_content":"","post_excerpt":"14\u00ba Encontro Nacional de Professores de Jornalismo (14\u00ba ENPJ), ocorreu nos dias 27 a 30 de abril de 2012 em Uberl\u00e2ndia (MG). ","post_author":"2","post_date":"2012-04-27 20:02:47","post_date_gmt":"2012-04-27 23:02:47","post_status":"publish","comment_status":"closed","ping_status":"closed","post_password":"","post_name":"14o-encontro-nacional-de-professores-de-jornalismo","to_ping":"","pinged":"","post_modified":"2023-10-14 14:05:37","post_modified_gmt":"2023-10-14 17:05:37","post_content_filtered":"","post_parent":0,"guid":"https:\/\/repositorio.abejor.org.br\/?post_type=evento&#038;p=1528","menu_order":0,"post_type":"evento","post_mime_type":"","comment_count":"0","comments":false,"_thumbnail_id":["1529","2","2023-10-11 17:12:33","2023-10-11 20:12:33","","Logo_ABEJ_principal-640x320-1.jpg","","inherit","open","closed","","logo_abej_principal-640x320-1-jpg","","","2023-10-11 17:12:33","2023-10-11 20:12:33","","1528","https:\/\/repositorio.abejor.org.br\/wp-content\/uploads\/2023\/10\/Logo_ABEJ_principal-640x320-1.jpg.webp","0","attachment","image\/webp","0","1529"],"id":1528}],"grupo_de_pesquisa":[{"term_id":13,"name":"Projetos Pedag\u00f3gicos e Metodologias de Ensino","slug":"projetos-pedagogicos-e-metodologias-de-ensino","description":"","taxonomy":"grupo_pesquisa","parent":0,"term_taxonomy_id":13,"term_group":0,"count":162,"object_id":null,"term_order":null,"id":13}],"_links":{"self":[{"href":"https:\/\/repositorio.abejor.org.br\/index.php\/wp-json\/wp\/v2\/anal\/1830","targetHints":{"allow":["GET"]}}],"collection":[{"href":"https:\/\/repositorio.abejor.org.br\/index.php\/wp-json\/wp\/v2\/anal"}],"about":[{"href":"https:\/\/repositorio.abejor.org.br\/index.php\/wp-json\/wp\/v2\/types\/anal"}],"wp:attachment":[{"href":"https:\/\/repositorio.abejor.org.br\/index.php\/wp-json\/wp\/v2\/media?parent=1830"}],"wp:term":[{"taxonomy":"grupo_pesquisa","embeddable":true,"href":"https:\/\/repositorio.abejor.org.br\/index.php\/wp-json\/wp\/v2\/grupo_pesquisa?post=1830"}],"curies":[{"name":"wp","href":"https:\/\/api.w.org\/{rel}","templated":true}]}}

Ensino de assessoria de imprensa e a formação do  jornalista

<p>Este relato tem o propósito de analisar a introdução do ensino de assessoria de imprensa<br />
no Curso de Jornalismo da Unimep (Universidade Metodista de Piracicaba). A intenção<br />
é descrever os diferentes momentos e contextos de inserção da área no curso, como<br />
conteúdo de outras disciplinas ou disciplina específica, e também estimular a reflexão<br />
sobre as contribuições que oferece em relação ao debate sobre a própria natureza do<br />
jornalismo contemporâneo. O relato também especula sobre as potencialidades para o<br />
desenvolvimento de parcerias entre os cursos e a comunidade, principalmente no campo<br />
dos movimentos sociais e organizações do terceiro setor.</p>

Ensino de assessoria de imprensa e a formação do

Paulo Roberto Botão

14º Encontro Nacional de Professores de Jornalismo

14º Encontro Nacional de Professores de Jornalismo (14º ENPJ), ocorreu nos dias 27 a 30 de abril de 2012 em Uberlândia (MG).

Projetos Pedagógicos e Metodologias de Ensino
