{"id":1820,"date":"2023-10-14T09:38:12","date_gmt":"2023-10-14T12:38:12","guid":{"rendered":"https:\/\/repositorio.abejor.org.br\/?post_type=anal&#038;p=1820"},"modified":"2023-10-14T09:38:12","modified_gmt":"2023-10-14T12:38:12","slug":"o-jornalismo-e-sua-relacao-com-argumentos-retoricos-e-persuasivos","status":"publish","type":"anal","link":"https:\/\/repositorio.abejor.org.br\/?anal=o-jornalismo-e-sua-relacao-com-argumentos-retoricos-e-persuasivos","title":{"rendered":"O Jornalismo e sua rela\u00e7\u00e3o com argumentos ret\u00f3ricos e  persuasivos"},"excerpt":{"rendered":"<p>Este artigo busca refletir sobre a proximidade entre jornalismo e argumentos<br \/>\nret\u00f3ricos, partindo do princ\u00edpio de que todo texto jornal\u00edstico depende de algum<br \/>\nprocedimento ret\u00f3rico para persuadir o \u201caudit\u00f3rio\u201d (leitor). Para isso, tem-se como<br \/>\napoio te\u00f3rico o \u201cTratado de Argumenta\u00e7\u00e3o \u2013 Nova Ret\u00f3rica\u201d, de Chaim Perelman<br \/>\n(1999), pioneiro no resgate e reabilita\u00e7\u00e3o no conceito proposto por Arist\u00f3teles e<br \/>\nautores contempor\u00e2neos. Assim, pretende-se compreender a contribui\u00e7\u00e3o da ret\u00f3rica<br \/>\npara o discurso jornal\u00edstico.<\/p>\n","protected":false},"template":"","grupo_pesquisa":[10],"class_list":["post-1820","anal","type-anal","status-publish","hentry","grupo_pesquisa-ensino-de-etica-e-teorias-do-jornalismo"],"arquivo":{"ID":"1821","post_author":"2","post_date":"2023-10-14 09:37:58","post_date_gmt":"2023-10-14 12:37:58","post_content":"","post_title":"O Jornalismo e sua rela\u00e7\u00e3o com argumentos ret\u00f3ricos e persuasivos","post_excerpt":"","post_status":"inherit","comment_status":"open","ping_status":"closed","post_password":"","post_name":"o-jornalismo-e-sua-relacao-com-argumentos-retoricos-e-persuasivos-2","to_ping":"","pinged":"","post_modified":"2023-10-14 09:38:12","post_modified_gmt":"2023-10-14 12:38:12","post_content_filtered":"","post_parent":"1820","guid":"https:\/\/repositorio.abejor.org.br\/wp-content\/uploads\/2023\/10\/O-Jornalismo-e-sua-relacao-com-argumentos-retoricos-e-persuasivos.pdf","menu_order":"0","post_type":"attachment","post_mime_type":"application\/pdf","comment_count":"0","pod_item_id":"1821"},"autor":"Eduardo Pereira Romero; B\u00e1rbara Cunha Ferragini; Greicy Mara Fran\u00e7a","palavras_chaves":"Argumenta\u00e7\u00e3o, ret\u00f3rica, persuas\u00e3o, discurso jornal\u00edstico.","evento":[{"ID":1528,"post_title":"14\u00ba Encontro Nacional de Professores de Jornalismo","post_content":"","post_excerpt":"14\u00ba Encontro Nacional de Professores de Jornalismo (14\u00ba ENPJ), ocorreu nos dias 27 a 30 de abril de 2012 em Uberl\u00e2ndia (MG). ","post_author":"2","post_date":"2012-04-27 20:02:47","post_date_gmt":"2012-04-27 23:02:47","post_status":"publish","comment_status":"closed","ping_status":"closed","post_password":"","post_name":"14o-encontro-nacional-de-professores-de-jornalismo","to_ping":"","pinged":"","post_modified":"2023-10-14 14:05:37","post_modified_gmt":"2023-10-14 17:05:37","post_content_filtered":"","post_parent":0,"guid":"https:\/\/repositorio.abejor.org.br\/?post_type=evento&#038;p=1528","menu_order":0,"post_type":"evento","post_mime_type":"","comment_count":"0","comments":false,"_thumbnail_id":["1529","2","2023-10-11 17:12:33","2023-10-11 20:12:33","","Logo_ABEJ_principal-640x320-1.jpg","","inherit","open","closed","","logo_abej_principal-640x320-1-jpg","","","2023-10-11 17:12:33","2023-10-11 20:12:33","","1528","https:\/\/repositorio.abejor.org.br\/wp-content\/uploads\/2023\/10\/Logo_ABEJ_principal-640x320-1.jpg.webp","0","attachment","image\/webp","0","1529"],"id":1528}],"grupo_de_pesquisa":[{"term_id":10,"name":"Ensino de \u00c9tica e Teorias do Jornalismo","slug":"ensino-de-etica-e-teorias-do-jornalismo","description":"","taxonomy":"grupo_pesquisa","parent":0,"term_taxonomy_id":10,"term_group":0,"count":84,"object_id":null,"term_order":null,"id":10}],"_links":{"self":[{"href":"https:\/\/repositorio.abejor.org.br\/index.php\/wp-json\/wp\/v2\/anal\/1820","targetHints":{"allow":["GET"]}}],"collection":[{"href":"https:\/\/repositorio.abejor.org.br\/index.php\/wp-json\/wp\/v2\/anal"}],"about":[{"href":"https:\/\/repositorio.abejor.org.br\/index.php\/wp-json\/wp\/v2\/types\/anal"}],"wp:attachment":[{"href":"https:\/\/repositorio.abejor.org.br\/index.php\/wp-json\/wp\/v2\/media?parent=1820"}],"wp:term":[{"taxonomy":"grupo_pesquisa","embeddable":true,"href":"https:\/\/repositorio.abejor.org.br\/index.php\/wp-json\/wp\/v2\/grupo_pesquisa?post=1820"}],"curies":[{"name":"wp","href":"https:\/\/api.w.org\/{rel}","templated":true}]}}

O Jornalismo e sua relação com argumentos retóricos e  persuasivos

<p>Este artigo busca refletir sobre a proximidade entre jornalismo e argumentos<br />
retóricos, partindo do princípio de que todo texto jornalístico depende de algum<br />
procedimento retórico para persuadir o “auditório” (leitor). Para isso, tem-se como<br />
apoio teórico o “Tratado de Argumentação – Nova Retórica”, de Chaim Perelman<br />
(1999), pioneiro no resgate e reabilitação no conceito proposto por Aristóteles e<br />
autores contemporâneos. Assim, pretende-se compreender a contribuição da retórica<br />
para o discurso jornalístico.</p>

O Jornalismo e sua relação com argumentos retóricos e persuasivos

Eduardo Pereira Romero; Bárbara Cunha Ferragini; Greicy Mara França

Argumentação, retórica, persuasão, discurso jornalístico.

14º Encontro Nacional de Professores de Jornalismo

14º Encontro Nacional de Professores de Jornalismo (14º ENPJ), ocorreu nos dias 27 a 30 de abril de 2012 em Uberlândia (MG).

Ensino de Ética e Teorias do Jornalismo
