{"id":1791,"date":"2023-10-13T22:08:17","date_gmt":"2023-10-14T01:08:17","guid":{"rendered":"https:\/\/repositorio.abejor.org.br\/?post_type=anal&#038;p=1791"},"modified":"2023-10-13T22:08:17","modified_gmt":"2023-10-14T01:08:17","slug":"o-perfil-dos-telejornais-da-tv-morena-afiliada-da-rede-globo-de-campo-grande","status":"publish","type":"anal","link":"https:\/\/repositorio.abejor.org.br\/?anal=o-perfil-dos-telejornais-da-tv-morena-afiliada-da-rede-globo-de-campo-grande","title":{"rendered":"O perfil dos telejornais da TV Morena, afiliada da Rede  Globo de Campo Grande"},"excerpt":{"rendered":"<p>Este artigo identifica o perfil dos telejornais di\u00e1rios da TV Morena, afiliada da<br \/>\nRede Globo em Campo Grande, Mato Grosso do Sul, por meio dos g\u00eaneros<br \/>\njornal\u00edsticos. Foram catalogadas 281 mat\u00e9rias jornal\u00edsticas, utilizando-se os<br \/>\nformatos identificados por Guilherme Jorge de Rezende, no telejornalismo<br \/>\nbrasileiro, que tem base te\u00f3rica na taxonomia de Jos\u00e9 Marques de Melo.<\/p>\n","protected":false},"template":"","grupo_pesquisa":[12],"class_list":["post-1791","anal","type-anal","status-publish","hentry","grupo_pesquisa-producao-laboratorial-eletronicos-e-impressos"],"arquivo":{"ID":"1792","post_author":"2","post_date":"2023-10-13 22:06:59","post_date_gmt":"2023-10-14 01:06:59","post_content":"","post_title":"O perfil dos telejornais da TV Morena, afiliada da Rede","post_excerpt":"","post_status":"inherit","comment_status":"open","ping_status":"closed","post_password":"","post_name":"o-perfil-dos-telejornais-da-tv-morena-afiliada-da-rede","to_ping":"","pinged":"","post_modified":"2023-10-13 22:08:17","post_modified_gmt":"2023-10-14 01:08:17","post_content_filtered":"","post_parent":"1791","guid":"https:\/\/repositorio.abejor.org.br\/wp-content\/uploads\/2023\/10\/O-perfil-dos-telejornais-da-TV-Morena-afiliada-da-Rede.pdf","menu_order":"0","post_type":"attachment","post_mime_type":"application\/pdf","comment_count":"0","pod_item_id":"1792"},"autor":"Camila Dib; Gerson Luiz Martins","palavras_chaves":"Telejornalismo, G\u00eaneros televisivos, TV Morena","evento":[{"ID":1528,"post_title":"14\u00ba Encontro Nacional de Professores de Jornalismo","post_content":"","post_excerpt":"14\u00ba Encontro Nacional de Professores de Jornalismo (14\u00ba ENPJ), ocorreu nos dias 27 a 30 de abril de 2012 em Uberl\u00e2ndia (MG). ","post_author":"2","post_date":"2012-04-27 20:02:47","post_date_gmt":"2012-04-27 23:02:47","post_status":"publish","comment_status":"closed","ping_status":"closed","post_password":"","post_name":"14o-encontro-nacional-de-professores-de-jornalismo","to_ping":"","pinged":"","post_modified":"2023-10-14 14:05:37","post_modified_gmt":"2023-10-14 17:05:37","post_content_filtered":"","post_parent":0,"guid":"https:\/\/repositorio.abejor.org.br\/?post_type=evento&#038;p=1528","menu_order":0,"post_type":"evento","post_mime_type":"","comment_count":"0","comments":false,"_thumbnail_id":["1529","2","2023-10-11 17:12:33","2023-10-11 20:12:33","","Logo_ABEJ_principal-640x320-1.jpg","","inherit","open","closed","","logo_abej_principal-640x320-1-jpg","","","2023-10-11 17:12:33","2023-10-11 20:12:33","","1528","https:\/\/repositorio.abejor.org.br\/wp-content\/uploads\/2023\/10\/Logo_ABEJ_principal-640x320-1.jpg.webp","0","attachment","image\/webp","0","1529"],"id":1528}],"grupo_de_pesquisa":[{"term_id":12,"name":"Produ\u00e7\u00e3o Laboratorial eletr\u00f4nicos e impressos","slug":"producao-laboratorial-eletronicos-e-impressos","description":"","taxonomy":"grupo_pesquisa","parent":0,"term_taxonomy_id":12,"term_group":0,"count":167,"object_id":null,"term_order":null,"id":12}],"_links":{"self":[{"href":"https:\/\/repositorio.abejor.org.br\/index.php\/wp-json\/wp\/v2\/anal\/1791","targetHints":{"allow":["GET"]}}],"collection":[{"href":"https:\/\/repositorio.abejor.org.br\/index.php\/wp-json\/wp\/v2\/anal"}],"about":[{"href":"https:\/\/repositorio.abejor.org.br\/index.php\/wp-json\/wp\/v2\/types\/anal"}],"wp:attachment":[{"href":"https:\/\/repositorio.abejor.org.br\/index.php\/wp-json\/wp\/v2\/media?parent=1791"}],"wp:term":[{"taxonomy":"grupo_pesquisa","embeddable":true,"href":"https:\/\/repositorio.abejor.org.br\/index.php\/wp-json\/wp\/v2\/grupo_pesquisa?post=1791"}],"curies":[{"name":"wp","href":"https:\/\/api.w.org\/{rel}","templated":true}]}}

<p>Este artigo identifica o perfil dos telejornais diários da TV Morena, afiliada da<br />
Rede Globo em Campo Grande, Mato Grosso do Sul, por meio dos gêneros<br />
jornalísticos. Foram catalogadas 281 matérias jornalísticas, utilizando-se os<br />
formatos identificados por Guilherme Jorge de Rezende, no telejornalismo<br />
brasileiro, que tem base teórica na taxonomia de José Marques de Melo.</p>

Telejornalismo, Gêneros televisivos, TV Morena

14º Encontro Nacional de Professores de Jornalismo

14º Encontro Nacional de Professores de Jornalismo (14º ENPJ), ocorreu nos dias 27 a 30 de abril de 2012 em Uberlândia (MG).

Produção Laboratorial eletrônicos e impressos
