{"id":1783,"date":"2023-10-13T21:39:02","date_gmt":"2023-10-14T00:39:02","guid":{"rendered":"https:\/\/repositorio.abejor.org.br\/?post_type=anal&#038;p=1783"},"modified":"2023-10-13T21:39:02","modified_gmt":"2023-10-14T00:39:02","slug":"labcon-laboratorio-de-convergencia-um-experimento-interdisciplinar-em-jornalismo-online","status":"publish","type":"anal","link":"https:\/\/repositorio.abejor.org.br\/?anal=labcon-laboratorio-de-convergencia-um-experimento-interdisciplinar-em-jornalismo-online","title":{"rendered":"LABCON &#8211; LABORAT\u00d3RIO DE CONVERG\u00caNCIA &#8211; Um experimento interdisciplinar em jornalismo online"},"excerpt":{"rendered":"<p>Laborat\u00f3rio de Converg\u00eancia \u00e9 uma experi\u00eancia did\u00e1tica que<br \/>\nintegra, por meio do LABCON (http:\/\/www.ufmg.br\/cedecom\/labcon\/), parte<br \/>\nda produ\u00e7\u00e3o discente em disciplinas vari\u00e1veis com vistas ao aprimoramento da<br \/>\npr\u00e1tica jornal\u00edstica em conex\u00f5es de rede. Trata-se de um projeto interdisciplinar<br \/>\nde ensino em desenvolvimento no Departamento de Comunica\u00e7\u00e3o Social da<br \/>\nUFMG desde fevereiro de 2011, em parceria com o Centro de Comunica\u00e7\u00e3o da<br \/>\nUFMG (CEDECOM). O experimento \u00e9 par\u00e2metro conceitual e emp\u00edrico para<br \/>\nmodelo de converg\u00eancia a ser possivelmente adotado pelo CEDECOM e tem<br \/>\ncomo recorte editorial o campus universit\u00e1rio da UFMG observado em<br \/>\ndimens\u00f5es cultural, comportamental, tecnol\u00f3gica e cient\u00edfica. O projeto busca<br \/>\ndiscutir e experimentar modalidades contempor\u00e2neas de produ\u00e7\u00e3o jornal\u00edstica<br \/>\nem contexto de converg\u00eancia. <\/p>\n","protected":false},"template":"","grupo_pesquisa":[12],"class_list":["post-1783","anal","type-anal","status-publish","hentry","grupo_pesquisa-producao-laboratorial-eletronicos-e-impressos"],"arquivo":{"ID":"1784","post_author":"2","post_date":"2023-10-13 21:38:11","post_date_gmt":"2023-10-14 00:38:11","post_content":"","post_title":"LABCON - LABORAT\u00d3RIO DE CONVERG\u00caNCIA -","post_excerpt":"","post_status":"inherit","comment_status":"open","ping_status":"closed","post_password":"","post_name":"labcon-laboratorio-de-convergencia","to_ping":"","pinged":"","post_modified":"2023-10-13 21:39:02","post_modified_gmt":"2023-10-14 00:39:02","post_content_filtered":"","post_parent":"1783","guid":"https:\/\/repositorio.abejor.org.br\/wp-content\/uploads\/2023\/10\/LABCON-LABORATORIO-DE-CONVERGENCIA-.pdf","menu_order":"0","post_type":"attachment","post_mime_type":"application\/pdf","comment_count":"0","pod_item_id":"1784"},"autor":"Geane Alzamora; N\u00edsio Teixeira; Tacyana Arce","palavras_chaves":"Jornalismo, Converg\u00eancia, Interdisciplinar, Laborat\u00f3rio, UFMG","evento":[{"ID":1528,"post_title":"14\u00ba Encontro Nacional de Professores de Jornalismo","post_content":"","post_excerpt":"14\u00ba Encontro Nacional de Professores de Jornalismo (14\u00ba ENPJ), ocorreu nos dias 27 a 30 de abril de 2012 em Uberl\u00e2ndia (MG). ","post_author":"2","post_date":"2012-04-27 20:02:47","post_date_gmt":"2012-04-27 23:02:47","post_status":"publish","comment_status":"closed","ping_status":"closed","post_password":"","post_name":"14o-encontro-nacional-de-professores-de-jornalismo","to_ping":"","pinged":"","post_modified":"2023-10-14 14:05:37","post_modified_gmt":"2023-10-14 17:05:37","post_content_filtered":"","post_parent":0,"guid":"https:\/\/repositorio.abejor.org.br\/?post_type=evento&#038;p=1528","menu_order":0,"post_type":"evento","post_mime_type":"","comment_count":"0","comments":false,"_thumbnail_id":["1529","2","2023-10-11 17:12:33","2023-10-11 20:12:33","","Logo_ABEJ_principal-640x320-1.jpg","","inherit","open","closed","","logo_abej_principal-640x320-1-jpg","","","2023-10-11 17:12:33","2023-10-11 20:12:33","","1528","https:\/\/repositorio.abejor.org.br\/wp-content\/uploads\/2023\/10\/Logo_ABEJ_principal-640x320-1.jpg.webp","0","attachment","image\/webp","0","1529"],"id":1528}],"grupo_de_pesquisa":[{"term_id":12,"name":"Produ\u00e7\u00e3o Laboratorial eletr\u00f4nicos e impressos","slug":"producao-laboratorial-eletronicos-e-impressos","description":"","taxonomy":"grupo_pesquisa","parent":0,"term_taxonomy_id":12,"term_group":0,"count":167,"object_id":null,"term_order":null,"id":12}],"_links":{"self":[{"href":"https:\/\/repositorio.abejor.org.br\/index.php\/wp-json\/wp\/v2\/anal\/1783","targetHints":{"allow":["GET"]}}],"collection":[{"href":"https:\/\/repositorio.abejor.org.br\/index.php\/wp-json\/wp\/v2\/anal"}],"about":[{"href":"https:\/\/repositorio.abejor.org.br\/index.php\/wp-json\/wp\/v2\/types\/anal"}],"wp:attachment":[{"href":"https:\/\/repositorio.abejor.org.br\/index.php\/wp-json\/wp\/v2\/media?parent=1783"}],"wp:term":[{"taxonomy":"grupo_pesquisa","embeddable":true,"href":"https:\/\/repositorio.abejor.org.br\/index.php\/wp-json\/wp\/v2\/grupo_pesquisa?post=1783"}],"curies":[{"name":"wp","href":"https:\/\/api.w.org\/{rel}","templated":true}]}}

LABCON &#8211; LABORATÓRIO DE CONVERGÊNCIA &#8211; Um experimento interdisciplinar em jornalismo online

<p>Laboratório de Convergência é uma experiência didática que<br />
integra, por meio do LABCON (http://www.ufmg.br/cedecom/labcon/), parte<br />
da produção discente em disciplinas variáveis com vistas ao aprimoramento da<br />
prática jornalística em conexões de rede. Trata-se de um projeto interdisciplinar<br />
de ensino em desenvolvimento no Departamento de Comunicação Social da<br />
UFMG desde fevereiro de 2011, em parceria com o Centro de Comunicação da<br />
UFMG (CEDECOM). O experimento é parâmetro conceitual e empírico para<br />
modelo de convergência a ser possivelmente adotado pelo CEDECOM e tem<br />
como recorte editorial o campus universitário da UFMG observado em<br />
dimensões cultural, comportamental, tecnológica e científica. O projeto busca<br />
discutir e experimentar modalidades contemporâneas de produção jornalística<br />
em contexto de convergência. </p>

LABCON - LABORATÓRIO DE CONVERGÊNCIA -

Geane Alzamora; Nísio Teixeira; Tacyana Arce

Jornalismo, Convergência, Interdisciplinar, Laboratório, UFMG

14º Encontro Nacional de Professores de Jornalismo

14º Encontro Nacional de Professores de Jornalismo (14º ENPJ), ocorreu nos dias 27 a 30 de abril de 2012 em Uberlândia (MG).

Produção Laboratorial eletrônicos e impressos
