{"id":1769,"date":"2023-10-13T21:18:17","date_gmt":"2023-10-14T00:18:17","guid":{"rendered":"https:\/\/repositorio.abejor.org.br\/?post_type=anal&#038;p=1769"},"modified":"2023-10-13T21:18:17","modified_gmt":"2023-10-14T00:18:17","slug":"bau-do-futebol-os-times-do-interior-paulista-nas-ondas-do-radio","status":"publish","type":"anal","link":"https:\/\/repositorio.abejor.org.br\/?anal=bau-do-futebol-os-times-do-interior-paulista-nas-ondas-do-radio","title":{"rendered":"Ba\u00fa do Futebol: Os times do interior paulista nas ondas  do r\u00e1dio"},"excerpt":{"rendered":"<p>O Ba\u00fa do Futebol nasceu da iniciativa dos alunos do quarto ano de<br \/>\nJornalismo das Faculdades Integradas de Jahu, em 2011, Aline Gabriel,<br \/>\nAnderson Bonati e Murilo Tagiarolli, sob a orienta\u00e7\u00e3o do Professor Silvio<br \/>\nSaraiva J\u00fanior. O trabalho teve por objetivo estruturar um programa radiof\u00f4nico com a<br \/>\nhist\u00f3ria dos clubes do interior paulista, oferecendo informa\u00e7\u00f5es, curiosidades<br \/>\ne fatos relevantes que constituem o passado e o presente dessas equipes.<\/p>\n","protected":false},"template":"","grupo_pesquisa":[12],"class_list":["post-1769","anal","type-anal","status-publish","hentry","grupo_pesquisa-producao-laboratorial-eletronicos-e-impressos"],"arquivo":{"ID":"1770","post_author":"2","post_date":"2023-10-13 21:18:12","post_date_gmt":"2023-10-14 00:18:12","post_content":"","post_title":"Ba\u00fa do Futebol Os times do interior paulista nas ondas","post_excerpt":"","post_status":"inherit","comment_status":"open","ping_status":"closed","post_password":"","post_name":"bau-do-futebol-os-times-do-interior-paulista-nas-ondas","to_ping":"","pinged":"","post_modified":"2023-10-13 21:18:17","post_modified_gmt":"2023-10-14 00:18:17","post_content_filtered":"","post_parent":"1769","guid":"https:\/\/repositorio.abejor.org.br\/wp-content\/uploads\/2023\/10\/Bau-do-Futebol-Os-times-do-interior-paulista-nas-ondas.pdf","menu_order":"0","post_type":"attachment","post_mime_type":"application\/pdf","comment_count":"0","pod_item_id":"1770"},"autor":"Silvio Saraiva J\u00fanior; Aline Pereira Gabriel; Anderson Donizete Bonati; Murilo Tagiarolli Pereira da Silva","palavras_chaves":"Radiojornalismo, Jornalismo Esportivo, Resgate Hist\u00f3rico","evento":[{"ID":1528,"post_title":"14\u00ba Encontro Nacional de Professores de Jornalismo","post_content":"","post_excerpt":"14\u00ba Encontro Nacional de Professores de Jornalismo (14\u00ba ENPJ), ocorreu nos dias 27 a 30 de abril de 2012 em Uberl\u00e2ndia (MG). ","post_author":"2","post_date":"2012-04-27 20:02:47","post_date_gmt":"2012-04-27 23:02:47","post_status":"publish","comment_status":"closed","ping_status":"closed","post_password":"","post_name":"14o-encontro-nacional-de-professores-de-jornalismo","to_ping":"","pinged":"","post_modified":"2023-10-14 14:05:37","post_modified_gmt":"2023-10-14 17:05:37","post_content_filtered":"","post_parent":0,"guid":"https:\/\/repositorio.abejor.org.br\/?post_type=evento&#038;p=1528","menu_order":0,"post_type":"evento","post_mime_type":"","comment_count":"0","comments":false,"_thumbnail_id":["1529","2","2023-10-11 17:12:33","2023-10-11 20:12:33","","Logo_ABEJ_principal-640x320-1.jpg","","inherit","open","closed","","logo_abej_principal-640x320-1-jpg","","","2023-10-11 17:12:33","2023-10-11 20:12:33","","1528","https:\/\/repositorio.abejor.org.br\/wp-content\/uploads\/2023\/10\/Logo_ABEJ_principal-640x320-1.jpg.webp","0","attachment","image\/webp","0","1529"],"id":1528}],"grupo_de_pesquisa":[{"term_id":12,"name":"Produ\u00e7\u00e3o Laboratorial eletr\u00f4nicos e impressos","slug":"producao-laboratorial-eletronicos-e-impressos","description":"","taxonomy":"grupo_pesquisa","parent":0,"term_taxonomy_id":12,"term_group":0,"count":167,"object_id":null,"term_order":null,"id":12}],"_links":{"self":[{"href":"https:\/\/repositorio.abejor.org.br\/index.php\/wp-json\/wp\/v2\/anal\/1769","targetHints":{"allow":["GET"]}}],"collection":[{"href":"https:\/\/repositorio.abejor.org.br\/index.php\/wp-json\/wp\/v2\/anal"}],"about":[{"href":"https:\/\/repositorio.abejor.org.br\/index.php\/wp-json\/wp\/v2\/types\/anal"}],"wp:attachment":[{"href":"https:\/\/repositorio.abejor.org.br\/index.php\/wp-json\/wp\/v2\/media?parent=1769"}],"wp:term":[{"taxonomy":"grupo_pesquisa","embeddable":true,"href":"https:\/\/repositorio.abejor.org.br\/index.php\/wp-json\/wp\/v2\/grupo_pesquisa?post=1769"}],"curies":[{"name":"wp","href":"https:\/\/api.w.org\/{rel}","templated":true}]}}

Baú do Futebol: Os times do interior paulista nas ondas  do rádio

<p>O Baú do Futebol nasceu da iniciativa dos alunos do quarto ano de<br />
Jornalismo das Faculdades Integradas de Jahu, em 2011, Aline Gabriel,<br />
Anderson Bonati e Murilo Tagiarolli, sob a orientação do Professor Silvio<br />
Saraiva Júnior. O trabalho teve por objetivo estruturar um programa radiofônico com a<br />
história dos clubes do interior paulista, oferecendo informações, curiosidades<br />
e fatos relevantes que constituem o passado e o presente dessas equipes.</p>

Baú do Futebol Os times do interior paulista nas ondas

Silvio Saraiva Júnior; Aline Pereira Gabriel; Anderson Donizete Bonati; Murilo Tagiarolli Pereira da Silva

Radiojornalismo, Jornalismo Esportivo, Resgate Histórico

14º Encontro Nacional de Professores de Jornalismo

14º Encontro Nacional de Professores de Jornalismo (14º ENPJ), ocorreu nos dias 27 a 30 de abril de 2012 em Uberlândia (MG).

Produção Laboratorial eletrônicos e impressos
