{"id":1765,"date":"2023-10-13T20:53:14","date_gmt":"2023-10-13T23:53:14","guid":{"rendered":"https:\/\/repositorio.abejor.org.br\/?post_type=anal&#038;p=1765"},"modified":"2023-10-13T20:53:14","modified_gmt":"2023-10-13T23:53:14","slug":"as-midias-digitais-como-suporte-comunicacional-o-renascimento-do-fotojornalismo-nas-ondas-tecnologicas","status":"publish","type":"anal","link":"https:\/\/repositorio.abejor.org.br\/?anal=as-midias-digitais-como-suporte-comunicacional-o-renascimento-do-fotojornalismo-nas-ondas-tecnologicas","title":{"rendered":"As m\u00eddias digitais como suporte comunicacional: O renascimento do fotojornalismo nas ondas tecnol\u00f3gicas"},"excerpt":{"rendered":"<p>O convergente fotojornalismo encontra na globaliza\u00e7\u00e3o e<br \/>\ndesterritorializa\u00e7\u00e3o do espa\u00e7o real, elementos que possibilita a atualiza\u00e7\u00e3o e<br \/>\nmanifesta\u00e7\u00e3o da import\u00e2ncia medi\u00e1tica da mensagem fotogr\u00e1fica nas interfaces<br \/>\nvirtuais como, photosynth, imagens em 360o graus, realidade aumentada,<br \/>\nmosaico, audioslide, QR code e outros aplicativos que contribui para<br \/>\ncompreender em que medida os avan\u00e7os tecnol\u00f3gicos podem ser explorados no<br \/>\njornalismo on-line.<\/p>\n","protected":false},"template":"","grupo_pesquisa":[12],"class_list":["post-1765","anal","type-anal","status-publish","hentry","grupo_pesquisa-producao-laboratorial-eletronicos-e-impressos"],"arquivo":{"ID":"1766","post_author":"2","post_date":"2023-10-13 20:52:09","post_date_gmt":"2023-10-13 23:52:09","post_content":"","post_title":"As m\u00eddias digitais como suporte comunicacional","post_excerpt":"","post_status":"inherit","comment_status":"open","ping_status":"closed","post_password":"","post_name":"as-midias-digitais-como-suporte-comunicacional","to_ping":"","pinged":"","post_modified":"2023-10-13 20:53:14","post_modified_gmt":"2023-10-13 23:53:14","post_content_filtered":"","post_parent":"1765","guid":"https:\/\/repositorio.abejor.org.br\/wp-content\/uploads\/2023\/10\/As-midias-digitais-como-suporte-comunicacional.pdf","menu_order":"0","post_type":"attachment","post_mime_type":"application\/pdf","comment_count":"0","pod_item_id":"1766"},"autor":"Erivam Morais de Oliveira","palavras_chaves":"Arte, Fotojornalismo, TTecnologia","evento":[{"ID":1528,"post_title":"14\u00ba Encontro Nacional de Professores de Jornalismo","post_content":"","post_excerpt":"14\u00ba Encontro Nacional de Professores de Jornalismo (14\u00ba ENPJ), ocorreu nos dias 27 a 30 de abril de 2012 em Uberl\u00e2ndia (MG). ","post_author":"2","post_date":"2012-04-27 20:02:47","post_date_gmt":"2012-04-27 23:02:47","post_status":"publish","comment_status":"closed","ping_status":"closed","post_password":"","post_name":"14o-encontro-nacional-de-professores-de-jornalismo","to_ping":"","pinged":"","post_modified":"2023-10-14 14:05:37","post_modified_gmt":"2023-10-14 17:05:37","post_content_filtered":"","post_parent":0,"guid":"https:\/\/repositorio.abejor.org.br\/?post_type=evento&#038;p=1528","menu_order":0,"post_type":"evento","post_mime_type":"","comment_count":"0","comments":false,"_thumbnail_id":["1529","2","2023-10-11 17:12:33","2023-10-11 20:12:33","","Logo_ABEJ_principal-640x320-1.jpg","","inherit","open","closed","","logo_abej_principal-640x320-1-jpg","","","2023-10-11 17:12:33","2023-10-11 20:12:33","","1528","https:\/\/repositorio.abejor.org.br\/wp-content\/uploads\/2023\/10\/Logo_ABEJ_principal-640x320-1.jpg.webp","0","attachment","image\/webp","0","1529"],"id":1528}],"grupo_de_pesquisa":[{"term_id":12,"name":"Produ\u00e7\u00e3o Laboratorial eletr\u00f4nicos e impressos","slug":"producao-laboratorial-eletronicos-e-impressos","description":"","taxonomy":"grupo_pesquisa","parent":0,"term_taxonomy_id":12,"term_group":0,"count":167,"object_id":null,"term_order":null,"id":12}],"_links":{"self":[{"href":"https:\/\/repositorio.abejor.org.br\/index.php\/wp-json\/wp\/v2\/anal\/1765","targetHints":{"allow":["GET"]}}],"collection":[{"href":"https:\/\/repositorio.abejor.org.br\/index.php\/wp-json\/wp\/v2\/anal"}],"about":[{"href":"https:\/\/repositorio.abejor.org.br\/index.php\/wp-json\/wp\/v2\/types\/anal"}],"wp:attachment":[{"href":"https:\/\/repositorio.abejor.org.br\/index.php\/wp-json\/wp\/v2\/media?parent=1765"}],"wp:term":[{"taxonomy":"grupo_pesquisa","embeddable":true,"href":"https:\/\/repositorio.abejor.org.br\/index.php\/wp-json\/wp\/v2\/grupo_pesquisa?post=1765"}],"curies":[{"name":"wp","href":"https:\/\/api.w.org\/{rel}","templated":true}]}}

As mídias digitais como suporte comunicacional: O renascimento do fotojornalismo nas ondas tecnológicas

<p>O convergente fotojornalismo encontra na globalização e<br />
desterritorialização do espaço real, elementos que possibilita a atualização e<br />
manifestação da importância mediática da mensagem fotográfica nas interfaces<br />
virtuais como, photosynth, imagens em 360o graus, realidade aumentada,<br />
mosaico, audioslide, QR code e outros aplicativos que contribui para<br />
compreender em que medida os avanços tecnológicos podem ser explorados no<br />
jornalismo on-line.</p>

As mídias digitais como suporte comunicacional

14º Encontro Nacional de Professores de Jornalismo

14º Encontro Nacional de Professores de Jornalismo (14º ENPJ), ocorreu nos dias 27 a 30 de abril de 2012 em Uberlândia (MG).

Produção Laboratorial eletrônicos e impressos
