{"id":1757,"date":"2023-10-13T20:41:59","date_gmt":"2023-10-13T23:41:59","guid":{"rendered":"https:\/\/repositorio.abejor.org.br\/?post_type=anal&#038;p=1757"},"modified":"2023-10-13T20:41:59","modified_gmt":"2023-10-13T23:41:59","slug":"a-adocao-de-aplicativos-e-plataformas-sociais-na-aprendizagem-de-edicao-de-audio-digital","status":"publish","type":"anal","link":"https:\/\/repositorio.abejor.org.br\/?anal=a-adocao-de-aplicativos-e-plataformas-sociais-na-aprendizagem-de-edicao-de-audio-digital","title":{"rendered":"A ado\u00e7\u00e3o de aplicativos e plataformas sociais na aprendizagem de edi\u00e7\u00e3o de \u00e1udio digital"},"excerpt":{"rendered":"<p>Neste artigo, procuramos abordar, a partir da an\u00e1lise do editor de \u00e1udio digital<br \/>\nWavepad, quest\u00f5es referentes \u00e0 aprendizagem com essa tecnologia e apresentar,<br \/>\nde maneira descritiva, as possibilidades e limita\u00e7\u00f5es do aplicativo, bem como<br \/>\nsua evolu\u00e7\u00e3o em termos de interface. Buscamos, tamb\u00e9m, discutir sobre a<br \/>\nado\u00e7\u00e3o da plataforma social SoundCloud como forma de publica\u00e7\u00e3o das<br \/>\nprodu\u00e7\u00f5es e de intera\u00e7\u00e3o entre docentes, discentes e p\u00fablico em geral.<\/p>\n","protected":false},"template":"","grupo_pesquisa":[12],"class_list":["post-1757","anal","type-anal","status-publish","hentry","grupo_pesquisa-producao-laboratorial-eletronicos-e-impressos"],"arquivo":{"ID":"1758","post_author":"2","post_date":"2023-10-13 20:40:57","post_date_gmt":"2023-10-13 23:40:57","post_content":"","post_title":"A ado\u00e7\u00e3o de aplicativos e plataformas sociais na aprendizagem de edi\u00e7\u00e3o de \u00e1udio digital","post_excerpt":"","post_status":"inherit","comment_status":"open","ping_status":"closed","post_password":"","post_name":"a-adocao-de-aplicativos-e-plataformas-sociais-na-aprendizagem-de-edicao-de-audio-digital-2","to_ping":"","pinged":"","post_modified":"2023-10-13 20:41:59","post_modified_gmt":"2023-10-13 23:41:59","post_content_filtered":"","post_parent":"1757","guid":"https:\/\/repositorio.abejor.org.br\/wp-content\/uploads\/2023\/10\/A-adocao-de-aplicativos-e-plataformas-sociais-na-aprendizagem-de-edicao-de-audio-digital.pdf","menu_order":"0","post_type":"attachment","post_mime_type":"application\/pdf","comment_count":"0","pod_item_id":"1758"},"autor":"Karine Albuquerque; Mirna Tonus; Ta\u00eds Bittencourt","palavras_chaves":"Edi\u00e7\u00e3o, \u00c1udio digital, Aplicativos, Plataformas sociais","evento":[{"ID":1528,"post_title":"14\u00ba Encontro Nacional de Professores de Jornalismo","post_content":"","post_excerpt":"14\u00ba Encontro Nacional de Professores de Jornalismo (14\u00ba ENPJ), ocorreu nos dias 27 a 30 de abril de 2012 em Uberl\u00e2ndia (MG). ","post_author":"2","post_date":"2012-04-27 20:02:47","post_date_gmt":"2012-04-27 23:02:47","post_status":"publish","comment_status":"closed","ping_status":"closed","post_password":"","post_name":"14o-encontro-nacional-de-professores-de-jornalismo","to_ping":"","pinged":"","post_modified":"2023-10-14 14:05:37","post_modified_gmt":"2023-10-14 17:05:37","post_content_filtered":"","post_parent":0,"guid":"https:\/\/repositorio.abejor.org.br\/?post_type=evento&#038;p=1528","menu_order":0,"post_type":"evento","post_mime_type":"","comment_count":"0","comments":false,"_thumbnail_id":["1529","2","2023-10-11 17:12:33","2023-10-11 20:12:33","","Logo_ABEJ_principal-640x320-1.jpg","","inherit","open","closed","","logo_abej_principal-640x320-1-jpg","","","2023-10-11 17:12:33","2023-10-11 20:12:33","","1528","https:\/\/repositorio.abejor.org.br\/wp-content\/uploads\/2023\/10\/Logo_ABEJ_principal-640x320-1.jpg.webp","0","attachment","image\/webp","0","1529"],"id":1528}],"grupo_de_pesquisa":[{"term_id":12,"name":"Produ\u00e7\u00e3o Laboratorial eletr\u00f4nicos e impressos","slug":"producao-laboratorial-eletronicos-e-impressos","description":"","taxonomy":"grupo_pesquisa","parent":0,"term_taxonomy_id":12,"term_group":0,"count":167,"object_id":null,"term_order":null,"id":12}],"_links":{"self":[{"href":"https:\/\/repositorio.abejor.org.br\/index.php\/wp-json\/wp\/v2\/anal\/1757","targetHints":{"allow":["GET"]}}],"collection":[{"href":"https:\/\/repositorio.abejor.org.br\/index.php\/wp-json\/wp\/v2\/anal"}],"about":[{"href":"https:\/\/repositorio.abejor.org.br\/index.php\/wp-json\/wp\/v2\/types\/anal"}],"wp:attachment":[{"href":"https:\/\/repositorio.abejor.org.br\/index.php\/wp-json\/wp\/v2\/media?parent=1757"}],"wp:term":[{"taxonomy":"grupo_pesquisa","embeddable":true,"href":"https:\/\/repositorio.abejor.org.br\/index.php\/wp-json\/wp\/v2\/grupo_pesquisa?post=1757"}],"curies":[{"name":"wp","href":"https:\/\/api.w.org\/{rel}","templated":true}]}}

A adoção de aplicativos e plataformas sociais na aprendizagem de edição de áudio digital

<p>Neste artigo, procuramos abordar, a partir da análise do editor de áudio digital<br />
Wavepad, questões referentes à aprendizagem com essa tecnologia e apresentar,<br />
de maneira descritiva, as possibilidades e limitações do aplicativo, bem como<br />
sua evolução em termos de interface. Buscamos, também, discutir sobre a<br />
adoção da plataforma social SoundCloud como forma de publicação das<br />
produções e de interação entre docentes, discentes e público em geral.</p>

Karine Albuquerque; Mirna Tonus; Taís Bittencourt

Edição, Áudio digital, Aplicativos, Plataformas sociais

14º Encontro Nacional de Professores de Jornalismo

14º Encontro Nacional de Professores de Jornalismo (14º ENPJ), ocorreu nos dias 27 a 30 de abril de 2012 em Uberlândia (MG).

Produção Laboratorial eletrônicos e impressos
