{"id":1743,"date":"2023-10-13T20:14:34","date_gmt":"2023-10-13T23:14:34","guid":{"rendered":"https:\/\/repositorio.abejor.org.br\/?post_type=anal&#038;p=1743"},"modified":"2023-10-13T20:14:34","modified_gmt":"2023-10-13T23:14:34","slug":"ciencia-ufu-a-agencia-de-noticias-e-a-webradio-do-curso-de-jornalismo-ufu-a-servico-da-difusao-e-popularizacao-da-ciencia-em-jornal-impresso-e-radio-e-tv-universitarias-em-uberlandia-mg","status":"publish","type":"anal","link":"https:\/\/repositorio.abejor.org.br\/?anal=ciencia-ufu-a-agencia-de-noticias-e-a-webradio-do-curso-de-jornalismo-ufu-a-servico-da-difusao-e-popularizacao-da-ciencia-em-jornal-impresso-e-radio-e-tv-universitarias-em-uberlandia-mg","title":{"rendered":"CIENCIA\/UFU \u2013 A AGENCIA DE NOT\u00cdCIAS E A WEBR\u00c1DIO DO CURSO DE JORNALISMO\/UFU A SERVI\u00c7O DA DIFUS\u00c3O E POPULARIZA\u00c7\u00c3O DA CI\u00caNCIA EM JORNAL IMPRESSO E R\u00c1DIO E TV UNIVERSIT\u00c1RIAS EM UBERL\u00c2NDIA, MG"},"excerpt":{"rendered":"<p>A ag\u00eancia de not\u00edcias do curso de Comunica\u00e7\u00e3o Social:<br \/>\nHabilita\u00e7\u00e3o em Jornalismo \u00e9 o p\u00f3lo de informa\u00e7\u00f5es do Projeto<br \/>\nconhecido popularmente como \u201cPop Ci\u00eancia\u201d. Esse Projeto<br \/>\npossibilita a pr\u00e1tica do jornalismo especializado em ci\u00eancia com<br \/>\ncunho educomunicativo, o que, segundo Ferreira (2010) permite<br \/>\nque o comunicador varie repert\u00f3rios na abordagem midial\u00f3gica de<br \/>\nfen\u00f4menos e melhor se instrumentalize.<\/p>\n","protected":false},"template":"","grupo_pesquisa":[9],"class_list":["post-1743","anal","type-anal","status-publish","hentry","grupo_pesquisa-atividades-de-extensao"],"arquivo":{"ID":"1744","post_author":"2","post_date":"2023-10-13 20:11:18","post_date_gmt":"2023-10-13 23:11:18","post_content":"","post_title":"CIENCIA UFU A AGENCIA DE NOT\u00cdCIAS E A WEBR\u00c1DIO DO CURSO DE JORNALISMO UFU A SERVI\u00c7O DA DIFUS\u00c3O E POPULARIZA\u00c7\u00c3O DA CI\u00caNCIA","post_excerpt":"","post_status":"inherit","comment_status":"open","ping_status":"closed","post_password":"","post_name":"ciencia-ufu-a-agencia-de-noticias-e-a-webradio-do-curso-de-jornalismo-ufu-a-servico-da-difusao-e-popularizacao-da-ciencia","to_ping":"","pinged":"","post_modified":"2023-10-13 20:12:00","post_modified_gmt":"2023-10-13 23:12:00","post_content_filtered":"","post_parent":"1743","guid":"https:\/\/repositorio.abejor.org.br\/wp-content\/uploads\/2023\/10\/CIENCIA-UFU-A-AGENCIA-DE-NOTICIAS-E-A-WEBRADIO-DO-CURSO-DE-JORNALISMO-UFU-A-SERVICO-DA-DIFUSAO-E-POPULARIZACAO-DA-CIENCIA.pdf","menu_order":"0","post_type":"attachment","post_mime_type":"application\/pdf","comment_count":"0","pod_item_id":"1744"},"autor":"Ana Beatriz Camargo Tuma; Andr\u00e9 V\u00edctor Ferreira Moura; Adriana Cristina Omena dos Santos","palavras_chaves":"Pop Ci\u00eancia, UFU, ci\u00eancia","evento":[{"ID":1528,"post_title":"14\u00ba Encontro Nacional de Professores de Jornalismo","post_content":"","post_excerpt":"14\u00ba Encontro Nacional de Professores de Jornalismo (14\u00ba ENPJ), ocorreu nos dias 27 a 30 de abril de 2012 em Uberl\u00e2ndia (MG). ","post_author":"2","post_date":"2012-04-27 20:02:47","post_date_gmt":"2012-04-27 23:02:47","post_status":"publish","comment_status":"closed","ping_status":"closed","post_password":"","post_name":"14o-encontro-nacional-de-professores-de-jornalismo","to_ping":"","pinged":"","post_modified":"2023-10-14 14:05:37","post_modified_gmt":"2023-10-14 17:05:37","post_content_filtered":"","post_parent":0,"guid":"https:\/\/repositorio.abejor.org.br\/?post_type=evento&#038;p=1528","menu_order":0,"post_type":"evento","post_mime_type":"","comment_count":"0","comments":false,"_thumbnail_id":["1529","2","2023-10-11 17:12:33","2023-10-11 20:12:33","","Logo_ABEJ_principal-640x320-1.jpg","","inherit","open","closed","","logo_abej_principal-640x320-1-jpg","","","2023-10-11 17:12:33","2023-10-11 20:12:33","","1528","https:\/\/repositorio.abejor.org.br\/wp-content\/uploads\/2023\/10\/Logo_ABEJ_principal-640x320-1.jpg.webp","0","attachment","image\/webp","0","1529"],"id":1528}],"grupo_de_pesquisa":[{"term_id":9,"name":"Atividades de Extens\u00e3o","slug":"atividades-de-extensao","description":"","taxonomy":"grupo_pesquisa","parent":0,"term_taxonomy_id":9,"term_group":0,"count":151,"object_id":null,"term_order":null,"id":9}],"_links":{"self":[{"href":"https:\/\/repositorio.abejor.org.br\/index.php\/wp-json\/wp\/v2\/anal\/1743","targetHints":{"allow":["GET"]}}],"collection":[{"href":"https:\/\/repositorio.abejor.org.br\/index.php\/wp-json\/wp\/v2\/anal"}],"about":[{"href":"https:\/\/repositorio.abejor.org.br\/index.php\/wp-json\/wp\/v2\/types\/anal"}],"wp:attachment":[{"href":"https:\/\/repositorio.abejor.org.br\/index.php\/wp-json\/wp\/v2\/media?parent=1743"}],"wp:term":[{"taxonomy":"grupo_pesquisa","embeddable":true,"href":"https:\/\/repositorio.abejor.org.br\/index.php\/wp-json\/wp\/v2\/grupo_pesquisa?post=1743"}],"curies":[{"name":"wp","href":"https:\/\/api.w.org\/{rel}","templated":true}]}}

CIENCIA/UFU – A AGENCIA DE NOTÍCIAS E A WEBRÁDIO DO CURSO DE JORNALISMO/UFU A SERVIÇO DA DIFUSÃO E POPULARIZAÇÃO DA CIÊNCIA EM JORNAL IMPRESSO E RÁDIO E TV UNIVERSITÁRIAS EM UBERLÂNDIA, MG

<p>A agência de notícias do curso de Comunicação Social:<br />
Habilitação em Jornalismo é o pólo de informações do Projeto<br />
conhecido popularmente como “Pop Ciência”. Esse Projeto<br />
possibilita a prática do jornalismo especializado em ciência com<br />
cunho educomunicativo, o que, segundo Ferreira (2010) permite<br />
que o comunicador varie repertórios na abordagem midialógica de<br />
fenômenos e melhor se instrumentalize.</p>

CIENCIA UFU A AGENCIA DE NOTÍCIAS E A WEBRÁDIO DO CURSO DE JORNALISMO UFU A SERVIÇO DA DIFUSÃO E POPULARIZAÇÃO DA CIÊNCIA

Ana Beatriz Camargo Tuma; André Víctor Ferreira Moura; Adriana Cristina Omena dos Santos

Pop Ciência, UFU, ciência

14º Encontro Nacional de Professores de Jornalismo

14º Encontro Nacional de Professores de Jornalismo (14º ENPJ), ocorreu nos dias 27 a 30 de abril de 2012 em Uberlândia (MG).

Atividades de Extensão
