{"id":1735,"date":"2023-10-13T19:29:25","date_gmt":"2023-10-13T22:29:25","guid":{"rendered":"https:\/\/repositorio.abejor.org.br\/?post_type=anal&#038;p=1735"},"modified":"2023-10-13T19:29:25","modified_gmt":"2023-10-13T22:29:25","slug":"jornalismo-e-poder-linha-editorial-e-as-fake-news-por-efeito-longo","status":"publish","type":"anal","link":"https:\/\/repositorio.abejor.org.br\/?anal=jornalismo-e-poder-linha-editorial-e-as-fake-news-por-efeito-longo","title":{"rendered":"JORNALISMO E PODER: linha editorial e as fake news por efeito longo"},"excerpt":{"rendered":"<p>O presente estudo procura demonstrar a varia\u00e7\u00e3o de postura jornal\u00edstica da Rede<br \/>\nGlobo entre as elei\u00e7\u00f5es presidenciais de 2018 e de 2022 no Brasil, seja nas entrevistas do<br \/>\nJN com os presidenci\u00e1veis como no contexto de outras coberturas marcantes. Para<br \/>\ncompreender o percurso da linha editorial do ve\u00edculo, oferecemos aqui o conceito de Fake<br \/>\nNews por Efeito Longo (FNEL), observando a representa\u00e7\u00e3o da realidade social em um<br \/>\nper\u00edodo mais alongado de tempo.<\/p>\n","protected":false},"template":"","grupo_pesquisa":[10],"class_list":["post-1735","anal","type-anal","status-publish","hentry","grupo_pesquisa-ensino-de-etica-e-teorias-do-jornalismo"],"arquivo":{"ID":"1736","post_author":"2","post_date":"2023-10-13 19:28:51","post_date_gmt":"2023-10-13 22:28:51","post_content":"","post_title":"Oliveira Pereira","post_excerpt":"","post_status":"inherit","comment_status":"open","ping_status":"closed","post_password":"","post_name":"oliveira-pereira","to_ping":"","pinged":"","post_modified":"2023-10-13 19:29:25","post_modified_gmt":"2023-10-13 22:29:25","post_content_filtered":"","post_parent":"1735","guid":"https:\/\/repositorio.abejor.org.br\/wp-content\/uploads\/2023\/10\/Oliveira-Pereira.pdf","menu_order":"0","post_type":"attachment","post_mime_type":"application\/pdf","comment_count":"0","pod_item_id":"1736"},"autor":"Jorge Arlan de Oliveira Pereira","palavras_chaves":"","evento":[{"ID":1505,"post_title":"1\u00ba Encontro Regional Centro-Oeste de Ensino de Jornalismo (Erejor Centro-Oeste)","post_content":"","post_excerpt":"1\u00ba Encontro de Ensino de Jornalismo da Regi\u00e3o Centro Oeste (1\u00ba Erejor Centro-Oeste), ocorreu nos dias 24 e 25 de mar\u00e7o de 2023, no formato virtual (remoto), sediado e organizado pelo Curso de Jornalismo da Universidade Federal de Mato Grosso (UFMT), C\u00e2mpus do Araguaia.","post_author":"2","post_date":"2023-03-24 15:20:24","post_date_gmt":"2023-03-24 18:20:24","post_status":"publish","comment_status":"closed","ping_status":"closed","post_password":"","post_name":"encontro-regional-centro-oeste-de-ensino-de-jornalismo","to_ping":"","pinged":"","post_modified":"2026-04-06 20:25:27","post_modified_gmt":"2026-04-06 23:25:27","post_content_filtered":"","post_parent":0,"guid":"https:\/\/repositorio.abejor.org.br\/?post_type=evento&#038;p=1505","menu_order":0,"post_type":"evento","post_mime_type":"","comment_count":"0","comments":false,"_thumbnail_id":["1506","2","2023-10-11 11:31:19","2023-10-11 14:31:19","","571374ff1a5173870b408e4d4f76cb2bf045722d","","inherit","open","closed","","571374ff1a5173870b408e4d4f76cb2bf045722d","","","2023-10-11 11:31:19","2023-10-11 14:31:19","","1505","https:\/\/repositorio.abejor.org.br\/wp-content\/uploads\/2023\/10\/571374ff1a5173870b408e4d4f76cb2bf045722d.png","0","attachment","image\/png","0","1506"],"id":1505}],"grupo_de_pesquisa":[{"term_id":10,"name":"Ensino de \u00c9tica e Teorias do Jornalismo","slug":"ensino-de-etica-e-teorias-do-jornalismo","description":"","taxonomy":"grupo_pesquisa","parent":0,"term_taxonomy_id":10,"term_group":0,"count":84,"object_id":null,"term_order":null,"id":10}],"_links":{"self":[{"href":"https:\/\/repositorio.abejor.org.br\/index.php\/wp-json\/wp\/v2\/anal\/1735","targetHints":{"allow":["GET"]}}],"collection":[{"href":"https:\/\/repositorio.abejor.org.br\/index.php\/wp-json\/wp\/v2\/anal"}],"about":[{"href":"https:\/\/repositorio.abejor.org.br\/index.php\/wp-json\/wp\/v2\/types\/anal"}],"wp:attachment":[{"href":"https:\/\/repositorio.abejor.org.br\/index.php\/wp-json\/wp\/v2\/media?parent=1735"}],"wp:term":[{"taxonomy":"grupo_pesquisa","embeddable":true,"href":"https:\/\/repositorio.abejor.org.br\/index.php\/wp-json\/wp\/v2\/grupo_pesquisa?post=1735"}],"curies":[{"name":"wp","href":"https:\/\/api.w.org\/{rel}","templated":true}]}}

<p>O presente estudo procura demonstrar a variação de postura jornalística da Rede<br />
Globo entre as eleições presidenciais de 2018 e de 2022 no Brasil, seja nas entrevistas do<br />
JN com os presidenciáveis como no contexto de outras coberturas marcantes. Para<br />
compreender o percurso da linha editorial do veículo, oferecemos aqui o conceito de Fake<br />
News por Efeito Longo (FNEL), observando a representação da realidade social em um<br />
período mais alongado de tempo.</p>

1º Encontro Regional Centro-Oeste de Ensino de Jornalismo (Erejor Centro-Oeste)

1º Encontro de Ensino de Jornalismo da Região Centro Oeste (1º Erejor Centro-Oeste), ocorreu nos dias 24 e 25 de março de 2023, no formato virtual (remoto), sediado e organizado pelo Curso de Jornalismo da Universidade Federal de Mato Grosso (UFMT), Câmpus do Araguaia.

Ensino de Ética e Teorias do Jornalismo
