{"id":1731,"date":"2023-10-13T19:26:05","date_gmt":"2023-10-13T22:26:05","guid":{"rendered":"https:\/\/repositorio.abejor.org.br\/?post_type=anal&#038;p=1731"},"modified":"2023-10-13T19:26:05","modified_gmt":"2023-10-13T22:26:05","slug":"unecast-memorias-do-radio-uma-experiencia-de-podcast-na-disciplina-jornalismo-em-midia-sonora-da-unemat-em-tangara-da-serra","status":"publish","type":"anal","link":"https:\/\/repositorio.abejor.org.br\/?anal=unecast-memorias-do-radio-uma-experiencia-de-podcast-na-disciplina-jornalismo-em-midia-sonora-da-unemat-em-tangara-da-serra","title":{"rendered":"UNECAST Mem\u00f3rias do R\u00e1dio: uma experi\u00eancia de podcast na disciplina Jornalismo em M\u00eddia Sonora da UNEMAT em Tangar\u00e1 da Serra"},"excerpt":{"rendered":"<p>Este relato de experi\u00eancia<br \/>\ndetalha a did\u00e1tica e as etapas do processo para que os estudantes se sentissem seguros<br \/>\npara a produ\u00e7\u00e3o dos podcasts.<\/p>\n","protected":false},"template":"","grupo_pesquisa":[12],"class_list":["post-1731","anal","type-anal","status-publish","hentry","grupo_pesquisa-producao-laboratorial-eletronicos-e-impressos"],"arquivo":{"ID":"1732","post_author":"2","post_date":"2023-10-13 19:24:35","post_date_gmt":"2023-10-13 22:24:35","post_content":"","post_title":"Martins","post_excerpt":"","post_status":"inherit","comment_status":"open","ping_status":"closed","post_password":"","post_name":"martins","to_ping":"","pinged":"","post_modified":"2023-10-13 19:24:57","post_modified_gmt":"2023-10-13 22:24:57","post_content_filtered":"","post_parent":"1731","guid":"https:\/\/repositorio.abejor.org.br\/wp-content\/uploads\/2023\/10\/Martins.pdf","menu_order":"0","post_type":"attachment","post_mime_type":"application\/pdf","comment_count":"0","pod_item_id":"1732"},"autor":"Lilian Juliana Martins","palavras_chaves":"","evento":[{"ID":1505,"post_title":"1\u00ba Encontro Regional Centro-Oeste de Ensino de Jornalismo (Erejor Centro-Oeste)","post_content":"","post_excerpt":"1\u00ba Encontro de Ensino de Jornalismo da Regi\u00e3o Centro Oeste (1\u00ba Erejor Centro-Oeste), ocorreu nos dias 24 e 25 de mar\u00e7o de 2023, no formato virtual (remoto), sediado e organizado pelo Curso de Jornalismo da Universidade Federal de Mato Grosso (UFMT), C\u00e2mpus do Araguaia.","post_author":"2","post_date":"2023-03-24 15:20:24","post_date_gmt":"2023-03-24 18:20:24","post_status":"publish","comment_status":"closed","ping_status":"closed","post_password":"","post_name":"encontro-regional-centro-oeste-de-ensino-de-jornalismo","to_ping":"","pinged":"","post_modified":"2026-04-06 20:25:27","post_modified_gmt":"2026-04-06 23:25:27","post_content_filtered":"","post_parent":0,"guid":"https:\/\/repositorio.abejor.org.br\/?post_type=evento&#038;p=1505","menu_order":0,"post_type":"evento","post_mime_type":"","comment_count":"0","comments":false,"_thumbnail_id":["1506","2","2023-10-11 11:31:19","2023-10-11 14:31:19","","571374ff1a5173870b408e4d4f76cb2bf045722d","","inherit","open","closed","","571374ff1a5173870b408e4d4f76cb2bf045722d","","","2023-10-11 11:31:19","2023-10-11 14:31:19","","1505","https:\/\/repositorio.abejor.org.br\/wp-content\/uploads\/2023\/10\/571374ff1a5173870b408e4d4f76cb2bf045722d.png","0","attachment","image\/png","0","1506"],"id":1505}],"grupo_de_pesquisa":[{"term_id":12,"name":"Produ\u00e7\u00e3o Laboratorial eletr\u00f4nicos e impressos","slug":"producao-laboratorial-eletronicos-e-impressos","description":"","taxonomy":"grupo_pesquisa","parent":0,"term_taxonomy_id":12,"term_group":0,"count":167,"object_id":null,"term_order":null,"id":12}],"_links":{"self":[{"href":"https:\/\/repositorio.abejor.org.br\/index.php\/wp-json\/wp\/v2\/anal\/1731","targetHints":{"allow":["GET"]}}],"collection":[{"href":"https:\/\/repositorio.abejor.org.br\/index.php\/wp-json\/wp\/v2\/anal"}],"about":[{"href":"https:\/\/repositorio.abejor.org.br\/index.php\/wp-json\/wp\/v2\/types\/anal"}],"wp:attachment":[{"href":"https:\/\/repositorio.abejor.org.br\/index.php\/wp-json\/wp\/v2\/media?parent=1731"}],"wp:term":[{"taxonomy":"grupo_pesquisa","embeddable":true,"href":"https:\/\/repositorio.abejor.org.br\/index.php\/wp-json\/wp\/v2\/grupo_pesquisa?post=1731"}],"curies":[{"name":"wp","href":"https:\/\/api.w.org\/{rel}","templated":true}]}}

UNECAST Memórias do Rádio: uma experiência de podcast na disciplina Jornalismo em Mídia Sonora da UNEMAT em Tangará da Serra

<p>Este relato de experiência<br />
detalha a didática e as etapas do processo para que os estudantes se sentissem seguros<br />
para a produção dos podcasts.</p>

1º Encontro Regional Centro-Oeste de Ensino de Jornalismo (Erejor Centro-Oeste)

1º Encontro de Ensino de Jornalismo da Região Centro Oeste (1º Erejor Centro-Oeste), ocorreu nos dias 24 e 25 de março de 2023, no formato virtual (remoto), sediado e organizado pelo Curso de Jornalismo da Universidade Federal de Mato Grosso (UFMT), Câmpus do Araguaia.

Produção Laboratorial eletrônicos e impressos
