{"id":1729,"date":"2023-10-13T19:22:32","date_gmt":"2023-10-13T22:22:32","guid":{"rendered":"https:\/\/repositorio.abejor.org.br\/?post_type=anal&#038;p=1729"},"modified":"2023-10-13T19:22:32","modified_gmt":"2023-10-13T22:22:32","slug":"conexaocuiaba-cnxcba-pratica-de-laboratorio-em-jornalismo-cultural-no-grupo-de-pesquisa-em-comunicacao-e-cidade-citicom-ufmt","status":"publish","type":"anal","link":"https:\/\/repositorio.abejor.org.br\/?anal=conexaocuiaba-cnxcba-pratica-de-laboratorio-em-jornalismo-cultural-no-grupo-de-pesquisa-em-comunicacao-e-cidade-citicom-ufmt","title":{"rendered":"CONEX\u00c3OCUIAB\u00c1 (CNXCBA): Pr\u00e1tica de laborat\u00f3rio em jornalismo cultural no Grupo de Pesquisa em Comunica\u00e7\u00e3o e Cidade (Citicom-UFMT)"},"excerpt":{"rendered":"<p>Este relato de experi\u00eancia, conscientemente reduzido a um recorte nem t\u00e3o justo<br \/>\ncom o que se considera digno de registro, relaciona-se a uma reflex\u00e3o quanto \u00e0s<br \/>\ncaracter\u00edsticas editoriais e ao processo de produ\u00e7\u00e3o e desenvolvimento editorial da<br \/>\nrevista-laborat\u00f3rio Conex\u00e3oCuiab\u00e1 (CNXCBA), publica\u00e7\u00e3o desenvolvida no \u00e2mbito das<br \/>\npr\u00e1ticas acad\u00eamicas de ensino de gradua\u00e7\u00e3o, e hoje cada vez mais atravessada pelas<br \/>\npr\u00e1ticas de pesquisa do ensino de p\u00f3s-gradua\u00e7\u00e3o, por meio do Grupo de Pesquisa em<br \/>\nComunica\u00e7\u00e3o e Cidade (Citicom) que est\u00e1 vinculado ao Departamento de Comunica\u00e7\u00e3o<br \/>\nSocial e ao Programa de P\u00f3s-Gradua\u00e7\u00e3o em Estudos de Cultura Contempor\u00e2nea<br \/>\n(PPGECCO), ambos no \u00e2mbito acad\u00eamico-administrativo da Faculdade de Comunica\u00e7\u00e3o<br \/>\ne Artes na Universidade Federal de Mato Grosso (UFMT), campus de Cuiab\u00e1.<\/p>\n","protected":false},"template":"","grupo_pesquisa":[12],"class_list":["post-1729","anal","type-anal","status-publish","hentry","grupo_pesquisa-producao-laboratorial-eletronicos-e-impressos"],"arquivo":{"ID":"1730","post_author":"2","post_date":"2023-10-13 19:19:52","post_date_gmt":"2023-10-13 22:19:52","post_content":"","post_title":"Neemias Souza Alves","post_excerpt":"","post_status":"inherit","comment_status":"open","ping_status":"closed","post_password":"","post_name":"neemias-souza-alves","to_ping":"","pinged":"","post_modified":"2023-10-13 19:22:32","post_modified_gmt":"2023-10-13 22:22:32","post_content_filtered":"","post_parent":"1729","guid":"https:\/\/repositorio.abejor.org.br\/wp-content\/uploads\/2023\/10\/Neemias-Souza-Alves.pdf","menu_order":"0","post_type":"attachment","post_mime_type":"application\/pdf","comment_count":"0","pod_item_id":"1730"},"autor":"Neemias Souza Alves; Gibran Luis Lachowski; Yuji Gushiken; Heidy Ylibeth Belo Medina; Marcos Vin\u00edcios Fagundes Salesse","palavras_chaves":"","evento":[{"ID":1505,"post_title":"1\u00ba Encontro Regional Centro-Oeste de Ensino de Jornalismo (Erejor Centro-Oeste)","post_content":"","post_excerpt":"1\u00ba Encontro de Ensino de Jornalismo da Regi\u00e3o Centro Oeste (1\u00ba Erejor Centro-Oeste), ocorreu nos dias 24 e 25 de mar\u00e7o de 2023, no formato virtual (remoto), sediado e organizado pelo Curso de Jornalismo da Universidade Federal de Mato Grosso (UFMT), C\u00e2mpus do Araguaia.","post_author":"2","post_date":"2023-03-24 15:20:24","post_date_gmt":"2023-03-24 18:20:24","post_status":"publish","comment_status":"closed","ping_status":"closed","post_password":"","post_name":"encontro-regional-centro-oeste-de-ensino-de-jornalismo","to_ping":"","pinged":"","post_modified":"2026-04-06 20:25:27","post_modified_gmt":"2026-04-06 23:25:27","post_content_filtered":"","post_parent":0,"guid":"https:\/\/repositorio.abejor.org.br\/?post_type=evento&#038;p=1505","menu_order":0,"post_type":"evento","post_mime_type":"","comment_count":"0","comments":false,"_thumbnail_id":["1506","2","2023-10-11 11:31:19","2023-10-11 14:31:19","","571374ff1a5173870b408e4d4f76cb2bf045722d","","inherit","open","closed","","571374ff1a5173870b408e4d4f76cb2bf045722d","","","2023-10-11 11:31:19","2023-10-11 14:31:19","","1505","https:\/\/repositorio.abejor.org.br\/wp-content\/uploads\/2023\/10\/571374ff1a5173870b408e4d4f76cb2bf045722d.png","0","attachment","image\/png","0","1506"],"id":1505}],"grupo_de_pesquisa":[{"term_id":12,"name":"Produ\u00e7\u00e3o Laboratorial eletr\u00f4nicos e impressos","slug":"producao-laboratorial-eletronicos-e-impressos","description":"","taxonomy":"grupo_pesquisa","parent":0,"term_taxonomy_id":12,"term_group":0,"count":167,"object_id":null,"term_order":null,"id":12}],"_links":{"self":[{"href":"https:\/\/repositorio.abejor.org.br\/index.php\/wp-json\/wp\/v2\/anal\/1729","targetHints":{"allow":["GET"]}}],"collection":[{"href":"https:\/\/repositorio.abejor.org.br\/index.php\/wp-json\/wp\/v2\/anal"}],"about":[{"href":"https:\/\/repositorio.abejor.org.br\/index.php\/wp-json\/wp\/v2\/types\/anal"}],"wp:attachment":[{"href":"https:\/\/repositorio.abejor.org.br\/index.php\/wp-json\/wp\/v2\/media?parent=1729"}],"wp:term":[{"taxonomy":"grupo_pesquisa","embeddable":true,"href":"https:\/\/repositorio.abejor.org.br\/index.php\/wp-json\/wp\/v2\/grupo_pesquisa?post=1729"}],"curies":[{"name":"wp","href":"https:\/\/api.w.org\/{rel}","templated":true}]}}

CONEXÃOCUIABÁ (CNXCBA): Prática de laboratório em jornalismo cultural no Grupo de Pesquisa em Comunicação e Cidade (Citicom-UFMT)

<p>Este relato de experiência, conscientemente reduzido a um recorte nem tão justo<br />
com o que se considera digno de registro, relaciona-se a uma reflexão quanto às<br />
características editoriais e ao processo de produção e desenvolvimento editorial da<br />
revista-laboratório ConexãoCuiabá (CNXCBA), publicação desenvolvida no âmbito das<br />
práticas acadêmicas de ensino de graduação, e hoje cada vez mais atravessada pelas<br />
práticas de pesquisa do ensino de pós-graduação, por meio do Grupo de Pesquisa em<br />
Comunicação e Cidade (Citicom) que está vinculado ao Departamento de Comunicação<br />
Social e ao Programa de Pós-Graduação em Estudos de Cultura Contemporânea<br />
(PPGECCO), ambos no âmbito acadêmico-administrativo da Faculdade de Comunicação<br />
e Artes na Universidade Federal de Mato Grosso (UFMT), campus de Cuiabá.</p>

Neemias Souza Alves; Gibran Luis Lachowski; Yuji Gushiken; Heidy Ylibeth Belo Medina; Marcos Vinícios Fagundes Salesse

1º Encontro Regional Centro-Oeste de Ensino de Jornalismo (Erejor Centro-Oeste)

1º Encontro de Ensino de Jornalismo da Região Centro Oeste (1º Erejor Centro-Oeste), ocorreu nos dias 24 e 25 de março de 2023, no formato virtual (remoto), sediado e organizado pelo Curso de Jornalismo da Universidade Federal de Mato Grosso (UFMT), Câmpus do Araguaia.

Produção Laboratorial eletrônicos e impressos
