{"id":1718,"date":"2023-10-13T19:06:16","date_gmt":"2023-10-13T22:06:16","guid":{"rendered":"https:\/\/repositorio.abejor.org.br\/?post_type=anal&#038;p=1718"},"modified":"2023-10-13T19:06:16","modified_gmt":"2023-10-13T22:06:16","slug":"desafios-do-ensino-do-texto-da-reportagem-contribuicoes-sobre-conteudo-e-forma","status":"publish","type":"anal","link":"https:\/\/repositorio.abejor.org.br\/?anal=desafios-do-ensino-do-texto-da-reportagem-contribuicoes-sobre-conteudo-e-forma","title":{"rendered":"DESAFIOS DO ENSINO DO TEXTO DA REPORTAGEM: Contribui\u00e7\u00f5es sobre conte\u00fado e forma"},"excerpt":{"rendered":"<p>O objetivo deste relato de experi\u00eancia \u00e9 contribuir para a sistematiza\u00e7\u00e3o das etapas de<br \/>\nelabora\u00e7\u00e3o do texto da reportagem. As reflex\u00f5es resultam de conhecimentos adquiridos ao longo de<br \/>\nanos de doc\u00eancia em disciplinas de produ\u00e7\u00e3o laboratorial em jornalismo impresso. A proposta \u00e9 pensar o texto da reportagem como uma composi\u00e7\u00e3o autoral e est\u00e9tica com<br \/>\nconte\u00fado jornal\u00edstico que traz sentido \u00e0 atualidade. <\/p>\n","protected":false},"template":"","grupo_pesquisa":[13],"class_list":["post-1718","anal","type-anal","status-publish","hentry","grupo_pesquisa-projetos-pedagogicos-e-metodologias-de-ensino"],"arquivo":{"ID":"1719","post_author":"2","post_date":"2023-10-13 19:05:33","post_date_gmt":"2023-10-13 22:05:33","post_content":"","post_title":"Carina Benedeti","post_excerpt":"","post_status":"inherit","comment_status":"open","ping_status":"closed","post_password":"","post_name":"carina-benedeti","to_ping":"","pinged":"","post_modified":"2023-10-13 19:06:16","post_modified_gmt":"2023-10-13 22:06:16","post_content_filtered":"","post_parent":"1718","guid":"https:\/\/repositorio.abejor.org.br\/wp-content\/uploads\/2023\/10\/Carina-Benedeti.pdf","menu_order":"0","post_type":"attachment","post_mime_type":"application\/pdf","comment_count":"0","pod_item_id":"1719"},"autor":"Carina Benedeti","palavras_chaves":"","evento":[{"ID":1505,"post_title":"1\u00ba Encontro Regional Centro-Oeste de Ensino de Jornalismo (Erejor Centro-Oeste)","post_content":"","post_excerpt":"1\u00ba Encontro de Ensino de Jornalismo da Regi\u00e3o Centro Oeste (1\u00ba Erejor Centro-Oeste), ocorreu nos dias 24 e 25 de mar\u00e7o de 2023, no formato virtual (remoto), sediado e organizado pelo Curso de Jornalismo da Universidade Federal de Mato Grosso (UFMT), C\u00e2mpus do Araguaia.","post_author":"2","post_date":"2023-03-24 15:20:24","post_date_gmt":"2023-03-24 18:20:24","post_status":"publish","comment_status":"closed","ping_status":"closed","post_password":"","post_name":"encontro-regional-centro-oeste-de-ensino-de-jornalismo","to_ping":"","pinged":"","post_modified":"2026-04-06 20:25:27","post_modified_gmt":"2026-04-06 23:25:27","post_content_filtered":"","post_parent":0,"guid":"https:\/\/repositorio.abejor.org.br\/?post_type=evento&#038;p=1505","menu_order":0,"post_type":"evento","post_mime_type":"","comment_count":"0","comments":false,"_thumbnail_id":["1506","2","2023-10-11 11:31:19","2023-10-11 14:31:19","","571374ff1a5173870b408e4d4f76cb2bf045722d","","inherit","open","closed","","571374ff1a5173870b408e4d4f76cb2bf045722d","","","2023-10-11 11:31:19","2023-10-11 14:31:19","","1505","https:\/\/repositorio.abejor.org.br\/wp-content\/uploads\/2023\/10\/571374ff1a5173870b408e4d4f76cb2bf045722d.png","0","attachment","image\/png","0","1506"],"id":1505}],"grupo_de_pesquisa":[{"term_id":13,"name":"Projetos Pedag\u00f3gicos e Metodologias de Ensino","slug":"projetos-pedagogicos-e-metodologias-de-ensino","description":"","taxonomy":"grupo_pesquisa","parent":0,"term_taxonomy_id":13,"term_group":0,"count":162,"object_id":null,"term_order":null,"id":13}],"_links":{"self":[{"href":"https:\/\/repositorio.abejor.org.br\/index.php\/wp-json\/wp\/v2\/anal\/1718","targetHints":{"allow":["GET"]}}],"collection":[{"href":"https:\/\/repositorio.abejor.org.br\/index.php\/wp-json\/wp\/v2\/anal"}],"about":[{"href":"https:\/\/repositorio.abejor.org.br\/index.php\/wp-json\/wp\/v2\/types\/anal"}],"wp:attachment":[{"href":"https:\/\/repositorio.abejor.org.br\/index.php\/wp-json\/wp\/v2\/media?parent=1718"}],"wp:term":[{"taxonomy":"grupo_pesquisa","embeddable":true,"href":"https:\/\/repositorio.abejor.org.br\/index.php\/wp-json\/wp\/v2\/grupo_pesquisa?post=1718"}],"curies":[{"name":"wp","href":"https:\/\/api.w.org\/{rel}","templated":true}]}}

DESAFIOS DO ENSINO DO TEXTO DA REPORTAGEM: Contribuições sobre conteúdo e forma

<p>O objetivo deste relato de experiência é contribuir para a sistematização das etapas de<br />
elaboração do texto da reportagem. As reflexões resultam de conhecimentos adquiridos ao longo de<br />
anos de docência em disciplinas de produção laboratorial em jornalismo impresso. A proposta é pensar o texto da reportagem como uma composição autoral e estética com<br />
conteúdo jornalístico que traz sentido à atualidade. </p>

1º Encontro Regional Centro-Oeste de Ensino de Jornalismo (Erejor Centro-Oeste)

1º Encontro de Ensino de Jornalismo da Região Centro Oeste (1º Erejor Centro-Oeste), ocorreu nos dias 24 e 25 de março de 2023, no formato virtual (remoto), sediado e organizado pelo Curso de Jornalismo da Universidade Federal de Mato Grosso (UFMT), Câmpus do Araguaia.

Projetos Pedagógicos e Metodologias de Ensino
