{"id":1681,"date":"2023-10-13T17:16:12","date_gmt":"2023-10-13T20:16:12","guid":{"rendered":"https:\/\/repositorio.abejor.org.br\/?post_type=anal&#038;p=1681"},"modified":"2023-10-13T17:16:12","modified_gmt":"2023-10-13T20:16:12","slug":"ensino-de-planejamento-de-comunicacao-teoria-e-pratica","status":"publish","type":"anal","link":"https:\/\/repositorio.abejor.org.br\/?anal=ensino-de-planejamento-de-comunicacao-teoria-e-pratica","title":{"rendered":"ENSINO DE PLANEJAMENTO DE COMUNICA\u00c7\u00c3O: teoria e pr\u00e1tica"},"excerpt":{"rendered":"<p>O presente trabalho \u00e9 o relato de experi\u00eancia da metodologia utilizada na<br \/>\ndisciplina Planejamento de Comunica\u00e7\u00e3o, ministrada no m\u00f3dulo Gest\u00e3o da Comunica\u00e7\u00e3o<br \/>\ndo curso de Jornalismo da PUC Goi\u00e1s. O objetivo da disciplina \u00e9 contribuir com a<br \/>\nforma\u00e7\u00e3o humana integral dos acad\u00eamicos, estimulando o desenvolvimento de<br \/>\ncompet\u00eancias e habilidades necess\u00e1rias ao planejamento. <\/p>\n","protected":false},"template":"","grupo_pesquisa":[13],"class_list":["post-1681","anal","type-anal","status-publish","hentry","grupo_pesquisa-projetos-pedagogicos-e-metodologias-de-ensino"],"arquivo":{"ID":"1682","post_author":"2","post_date":"2023-10-13 17:15:37","post_date_gmt":"2023-10-13 20:15:37","post_content":"","post_title":"Gabriella Luccianni Morais Souza Cala\u00e7a","post_excerpt":"","post_status":"inherit","comment_status":"open","ping_status":"closed","post_password":"","post_name":"gabriella-luccianni-morais-souza-calaca","to_ping":"","pinged":"","post_modified":"2023-10-13 17:16:12","post_modified_gmt":"2023-10-13 20:16:12","post_content_filtered":"","post_parent":"1681","guid":"https:\/\/repositorio.abejor.org.br\/wp-content\/uploads\/2023\/10\/Gabriella-Luccianni-Morais-Souza-Calaca.pdf","menu_order":"0","post_type":"attachment","post_mime_type":"application\/pdf","comment_count":"0","pod_item_id":"1682"},"autor":"Gabriella Luccianni Morais Souza Cala\u00e7a","palavras_chaves":"","evento":[{"ID":1505,"post_title":"1\u00ba Encontro Regional Centro-Oeste de Ensino de Jornalismo (Erejor Centro-Oeste)","post_content":"","post_excerpt":"1\u00ba Encontro de Ensino de Jornalismo da Regi\u00e3o Centro Oeste (1\u00ba Erejor Centro-Oeste), ocorreu nos dias 24 e 25 de mar\u00e7o de 2023, no formato virtual (remoto), sediado e organizado pelo Curso de Jornalismo da Universidade Federal de Mato Grosso (UFMT), C\u00e2mpus do Araguaia.","post_author":"2","post_date":"2023-03-24 15:20:24","post_date_gmt":"2023-03-24 18:20:24","post_status":"publish","comment_status":"closed","ping_status":"closed","post_password":"","post_name":"encontro-regional-centro-oeste-de-ensino-de-jornalismo","to_ping":"","pinged":"","post_modified":"2026-04-06 20:25:27","post_modified_gmt":"2026-04-06 23:25:27","post_content_filtered":"","post_parent":0,"guid":"https:\/\/repositorio.abejor.org.br\/?post_type=evento&#038;p=1505","menu_order":0,"post_type":"evento","post_mime_type":"","comment_count":"0","comments":false,"_thumbnail_id":["1506","2","2023-10-11 11:31:19","2023-10-11 14:31:19","","571374ff1a5173870b408e4d4f76cb2bf045722d","","inherit","open","closed","","571374ff1a5173870b408e4d4f76cb2bf045722d","","","2023-10-11 11:31:19","2023-10-11 14:31:19","","1505","https:\/\/repositorio.abejor.org.br\/wp-content\/uploads\/2023\/10\/571374ff1a5173870b408e4d4f76cb2bf045722d.png","0","attachment","image\/png","0","1506"],"id":1505}],"grupo_de_pesquisa":[{"term_id":13,"name":"Projetos Pedag\u00f3gicos e Metodologias de Ensino","slug":"projetos-pedagogicos-e-metodologias-de-ensino","description":"","taxonomy":"grupo_pesquisa","parent":0,"term_taxonomy_id":13,"term_group":0,"count":162,"object_id":null,"term_order":null,"id":13}],"_links":{"self":[{"href":"https:\/\/repositorio.abejor.org.br\/index.php\/wp-json\/wp\/v2\/anal\/1681","targetHints":{"allow":["GET"]}}],"collection":[{"href":"https:\/\/repositorio.abejor.org.br\/index.php\/wp-json\/wp\/v2\/anal"}],"about":[{"href":"https:\/\/repositorio.abejor.org.br\/index.php\/wp-json\/wp\/v2\/types\/anal"}],"wp:attachment":[{"href":"https:\/\/repositorio.abejor.org.br\/index.php\/wp-json\/wp\/v2\/media?parent=1681"}],"wp:term":[{"taxonomy":"grupo_pesquisa","embeddable":true,"href":"https:\/\/repositorio.abejor.org.br\/index.php\/wp-json\/wp\/v2\/grupo_pesquisa?post=1681"}],"curies":[{"name":"wp","href":"https:\/\/api.w.org\/{rel}","templated":true}]}}

ENSINO DE PLANEJAMENTO DE COMUNICAÇÃO: teoria e prática

<p>O presente trabalho é o relato de experiência da metodologia utilizada na<br />
disciplina Planejamento de Comunicação, ministrada no módulo Gestão da Comunicação<br />
do curso de Jornalismo da PUC Goiás. O objetivo da disciplina é contribuir com a<br />
formação humana integral dos acadêmicos, estimulando o desenvolvimento de<br />
competências e habilidades necessárias ao planejamento. </p>

Gabriella Luccianni Morais Souza Calaça

1º Encontro Regional Centro-Oeste de Ensino de Jornalismo (Erejor Centro-Oeste)

1º Encontro de Ensino de Jornalismo da Região Centro Oeste (1º Erejor Centro-Oeste), ocorreu nos dias 24 e 25 de março de 2023, no formato virtual (remoto), sediado e organizado pelo Curso de Jornalismo da Universidade Federal de Mato Grosso (UFMT), Câmpus do Araguaia.

Projetos Pedagógicos e Metodologias de Ensino
