{"id":1677,"date":"2023-10-13T17:09:53","date_gmt":"2023-10-13T20:09:53","guid":{"rendered":"https:\/\/repositorio.abejor.org.br\/?post_type=anal&#038;p=1677"},"modified":"2023-10-13T17:09:53","modified_gmt":"2023-10-13T20:09:53","slug":"prostituicao-em-barra-do-garcas-do-garimpo-ao-luxo","status":"publish","type":"anal","link":"https:\/\/repositorio.abejor.org.br\/?anal=prostituicao-em-barra-do-garcas-do-garimpo-ao-luxo","title":{"rendered":"PROSTITUI\u00c7\u00c3O EM BARRA DO GAR\u00c7AS: do garimpo ao luxo"},"excerpt":{"rendered":"<p>A proposta deste trabalho tem como \u00e1rea tem\u00e1tica a prostitui\u00e7\u00e3o em Barra de<br \/>\nGar\u00e7as-MT, com objetivo de explicitar como se deu a realiza\u00e7\u00e3o de uma grande<br \/>\nreportagem que aborda a prostitui\u00e7\u00e3o no munic\u00edpio. Atendeu os requisitos da disciplina<br \/>\nde Trabalho de Conclus\u00e3o de Curso (TCC), defendido em banca do Curso de Jornalismo<br \/>\nda Universidade Federal de Mato Grosso, Campus Universit\u00e1rio do Araguaia, no ano de<br \/>\n2022.<\/p>\n","protected":false},"template":"","grupo_pesquisa":[11],"class_list":["post-1677","anal","type-anal","status-publish","hentry","grupo_pesquisa-pesquisa-na-graduacao"],"arquivo":{"ID":"1678","post_author":"2","post_date":"2023-10-13 17:09:23","post_date_gmt":"2023-10-13 20:09:23","post_content":"","post_title":"Ana Caroline Moreira Okazaki","post_excerpt":"","post_status":"inherit","comment_status":"open","ping_status":"closed","post_password":"","post_name":"ana-caroline-moreira-okazaki","to_ping":"","pinged":"","post_modified":"2023-10-13 17:09:53","post_modified_gmt":"2023-10-13 20:09:53","post_content_filtered":"","post_parent":"1677","guid":"https:\/\/repositorio.abejor.org.br\/wp-content\/uploads\/2023\/10\/Ana-Caroline-Moreira-Okazaki.pdf","menu_order":"0","post_type":"attachment","post_mime_type":"application\/pdf","comment_count":"0","pod_item_id":"1678"},"autor":"Ana Caroline Moreira Okazaki; Jorge Arlan de Oliveira Pereira","palavras_chaves":"","evento":[{"ID":1505,"post_title":"1\u00ba Encontro Regional Centro-Oeste de Ensino de Jornalismo (Erejor Centro-Oeste)","post_content":"","post_excerpt":"1\u00ba Encontro de Ensino de Jornalismo da Regi\u00e3o Centro Oeste (1\u00ba Erejor Centro-Oeste), ocorreu nos dias 24 e 25 de mar\u00e7o de 2023, no formato virtual (remoto), sediado e organizado pelo Curso de Jornalismo da Universidade Federal de Mato Grosso (UFMT), C\u00e2mpus do Araguaia.","post_author":"2","post_date":"2023-03-24 15:20:24","post_date_gmt":"2023-03-24 18:20:24","post_status":"publish","comment_status":"closed","ping_status":"closed","post_password":"","post_name":"encontro-regional-centro-oeste-de-ensino-de-jornalismo","to_ping":"","pinged":"","post_modified":"2026-04-06 20:25:27","post_modified_gmt":"2026-04-06 23:25:27","post_content_filtered":"","post_parent":0,"guid":"https:\/\/repositorio.abejor.org.br\/?post_type=evento&#038;p=1505","menu_order":0,"post_type":"evento","post_mime_type":"","comment_count":"0","comments":false,"_thumbnail_id":["1506","2","2023-10-11 11:31:19","2023-10-11 14:31:19","","571374ff1a5173870b408e4d4f76cb2bf045722d","","inherit","open","closed","","571374ff1a5173870b408e4d4f76cb2bf045722d","","","2023-10-11 11:31:19","2023-10-11 14:31:19","","1505","https:\/\/repositorio.abejor.org.br\/wp-content\/uploads\/2023\/10\/571374ff1a5173870b408e4d4f76cb2bf045722d.png","0","attachment","image\/png","0","1506"],"id":1505}],"grupo_de_pesquisa":[{"term_id":11,"name":"Pesquisa na Gradua\u00e7\u00e3o","slug":"pesquisa-na-graduacao","description":"","taxonomy":"grupo_pesquisa","parent":0,"term_taxonomy_id":11,"term_group":0,"count":316,"object_id":null,"term_order":null,"id":11}],"_links":{"self":[{"href":"https:\/\/repositorio.abejor.org.br\/index.php\/wp-json\/wp\/v2\/anal\/1677","targetHints":{"allow":["GET"]}}],"collection":[{"href":"https:\/\/repositorio.abejor.org.br\/index.php\/wp-json\/wp\/v2\/anal"}],"about":[{"href":"https:\/\/repositorio.abejor.org.br\/index.php\/wp-json\/wp\/v2\/types\/anal"}],"wp:attachment":[{"href":"https:\/\/repositorio.abejor.org.br\/index.php\/wp-json\/wp\/v2\/media?parent=1677"}],"wp:term":[{"taxonomy":"grupo_pesquisa","embeddable":true,"href":"https:\/\/repositorio.abejor.org.br\/index.php\/wp-json\/wp\/v2\/grupo_pesquisa?post=1677"}],"curies":[{"name":"wp","href":"https:\/\/api.w.org\/{rel}","templated":true}]}}

PROSTITUIÇÃO EM BARRA DO GARÇAS: do garimpo ao luxo

<p>A proposta deste trabalho tem como área temática a prostituição em Barra de<br />
Garças-MT, com objetivo de explicitar como se deu a realização de uma grande<br />
reportagem que aborda a prostituição no município. Atendeu os requisitos da disciplina<br />
de Trabalho de Conclusão de Curso (TCC), defendido em banca do Curso de Jornalismo<br />
da Universidade Federal de Mato Grosso, Campus Universitário do Araguaia, no ano de<br />
2022.</p>

1º Encontro Regional Centro-Oeste de Ensino de Jornalismo (Erejor Centro-Oeste)

1º Encontro de Ensino de Jornalismo da Região Centro Oeste (1º Erejor Centro-Oeste), ocorreu nos dias 24 e 25 de março de 2023, no formato virtual (remoto), sediado e organizado pelo Curso de Jornalismo da Universidade Federal de Mato Grosso (UFMT), Câmpus do Araguaia.

Pesquisa na Graduação
