{"id":1667,"date":"2023-10-13T16:11:56","date_gmt":"2023-10-13T19:11:56","guid":{"rendered":"https:\/\/repositorio.abejor.org.br\/?post_type=anal&#038;p=1667"},"modified":"2023-10-13T16:11:56","modified_gmt":"2023-10-13T19:11:56","slug":"perfil-historias-de-vida-superacao-e-encantamento-no-espaco-universitario","status":"publish","type":"anal","link":"https:\/\/repositorio.abejor.org.br\/?anal=perfil-historias-de-vida-superacao-e-encantamento-no-espaco-universitario","title":{"rendered":"PERFIL \u2013 HIST\u00d3RIAS DE VIDA: supera\u00e7\u00e3o e encantamento no espa\u00e7o universit\u00e1rio"},"excerpt":{"rendered":"<p>O relato de experi\u00eancia ora apresentado \u00e9 concernente ao projeto de extens\u00e3o<br \/>\nPerfil \u2013 hist\u00f3rias de vida, que tem como base experi\u00eancias de vida de alunos e egressos<br \/>\nque apresentem jornada de supera\u00e7\u00e3o no decorrer de sua forma\u00e7\u00e3o, e, consciente na<br \/>\nrealiza\u00e7\u00e3o de entrevistas com esses sujeitos, compreender, sistematizar e divulg\u00e1-las \u00e0<br \/>\ncomunidade acad\u00eamica e externa. <\/p>\n","protected":false},"template":"","grupo_pesquisa":[9],"class_list":["post-1667","anal","type-anal","status-publish","hentry","grupo_pesquisa-atividades-de-extensao"],"arquivo":{"ID":"1668","post_author":"2","post_date":"2023-10-13 16:11:04","post_date_gmt":"2023-10-13 19:11:04","post_content":"","post_title":"Samuel De Jesus Vasconcelos, Antonia Alves Pereira","post_excerpt":"","post_status":"inherit","comment_status":"open","ping_status":"closed","post_password":"","post_name":"samuel-de-jesus-vasconcelos-antonia-alves-pereira","to_ping":"","pinged":"","post_modified":"2023-10-13 16:11:56","post_modified_gmt":"2023-10-13 19:11:56","post_content_filtered":"","post_parent":"1667","guid":"https:\/\/repositorio.abejor.org.br\/wp-content\/uploads\/2023\/10\/Samuel-De-Jesus-Vasconcelos-Antonia-Alves-Pereira.pdf","menu_order":"0","post_type":"attachment","post_mime_type":"application\/pdf","comment_count":"0","pod_item_id":"1668"},"autor":"Samuel De Jesus Vasconcelos, Antonia Alves Pereira","palavras_chaves":"","evento":[{"ID":1505,"post_title":"1\u00ba Encontro Regional Centro-Oeste de Ensino de Jornalismo (Erejor Centro-Oeste)","post_content":"","post_excerpt":"1\u00ba Encontro de Ensino de Jornalismo da Regi\u00e3o Centro Oeste (1\u00ba Erejor Centro-Oeste), ocorreu nos dias 24 e 25 de mar\u00e7o de 2023, no formato virtual (remoto), sediado e organizado pelo Curso de Jornalismo da Universidade Federal de Mato Grosso (UFMT), C\u00e2mpus do Araguaia.","post_author":"2","post_date":"2023-03-24 15:20:24","post_date_gmt":"2023-03-24 18:20:24","post_status":"publish","comment_status":"closed","ping_status":"closed","post_password":"","post_name":"encontro-regional-centro-oeste-de-ensino-de-jornalismo","to_ping":"","pinged":"","post_modified":"2026-04-06 20:25:27","post_modified_gmt":"2026-04-06 23:25:27","post_content_filtered":"","post_parent":0,"guid":"https:\/\/repositorio.abejor.org.br\/?post_type=evento&#038;p=1505","menu_order":0,"post_type":"evento","post_mime_type":"","comment_count":"0","comments":false,"_thumbnail_id":["1506","2","2023-10-11 11:31:19","2023-10-11 14:31:19","","571374ff1a5173870b408e4d4f76cb2bf045722d","","inherit","open","closed","","571374ff1a5173870b408e4d4f76cb2bf045722d","","","2023-10-11 11:31:19","2023-10-11 14:31:19","","1505","https:\/\/repositorio.abejor.org.br\/wp-content\/uploads\/2023\/10\/571374ff1a5173870b408e4d4f76cb2bf045722d.png","0","attachment","image\/png","0","1506"],"id":1505}],"grupo_de_pesquisa":[{"term_id":9,"name":"Atividades de Extens\u00e3o","slug":"atividades-de-extensao","description":"","taxonomy":"grupo_pesquisa","parent":0,"term_taxonomy_id":9,"term_group":0,"count":151,"object_id":null,"term_order":null,"id":9}],"_links":{"self":[{"href":"https:\/\/repositorio.abejor.org.br\/index.php\/wp-json\/wp\/v2\/anal\/1667","targetHints":{"allow":["GET"]}}],"collection":[{"href":"https:\/\/repositorio.abejor.org.br\/index.php\/wp-json\/wp\/v2\/anal"}],"about":[{"href":"https:\/\/repositorio.abejor.org.br\/index.php\/wp-json\/wp\/v2\/types\/anal"}],"wp:attachment":[{"href":"https:\/\/repositorio.abejor.org.br\/index.php\/wp-json\/wp\/v2\/media?parent=1667"}],"wp:term":[{"taxonomy":"grupo_pesquisa","embeddable":true,"href":"https:\/\/repositorio.abejor.org.br\/index.php\/wp-json\/wp\/v2\/grupo_pesquisa?post=1667"}],"curies":[{"name":"wp","href":"https:\/\/api.w.org\/{rel}","templated":true}]}}

PERFIL – HISTÓRIAS DE VIDA: superação e encantamento no espaço universitário

<p>O relato de experiência ora apresentado é concernente ao projeto de extensão<br />
Perfil – histórias de vida, que tem como base experiências de vida de alunos e egressos<br />
que apresentem jornada de superação no decorrer de sua formação, e, consciente na<br />
realização de entrevistas com esses sujeitos, compreender, sistematizar e divulgá-las à<br />
comunidade acadêmica e externa. </p>

1º Encontro Regional Centro-Oeste de Ensino de Jornalismo (Erejor Centro-Oeste)

1º Encontro de Ensino de Jornalismo da Região Centro Oeste (1º Erejor Centro-Oeste), ocorreu nos dias 24 e 25 de março de 2023, no formato virtual (remoto), sediado e organizado pelo Curso de Jornalismo da Universidade Federal de Mato Grosso (UFMT), Câmpus do Araguaia.

Atividades de Extensão
