{"id":1649,"date":"2023-10-13T15:47:00","date_gmt":"2023-10-13T18:47:00","guid":{"rendered":"https:\/\/repositorio.abejor.org.br\/?post_type=anal&#038;p=1649"},"modified":"2023-10-13T15:47:00","modified_gmt":"2023-10-13T18:47:00","slug":"a-construcao-de-metodologias-de-analise-das-redes-sociais","status":"publish","type":"anal","link":"https:\/\/repositorio.abejor.org.br\/?anal=a-construcao-de-metodologias-de-analise-das-redes-sociais","title":{"rendered":"A CONSTRU\u00c7\u00c3O DE METODOLOGIAS DE AN\u00c1LISE DAS REDES SOCIAIS"},"excerpt":{"rendered":"<p>O objetivo deste projeto \u00e9 explorar a metodologia de an\u00e1lise das redes<br \/>\nsociais como forma de investigar as estruturas e padr\u00f5es de intera\u00e7\u00e3o em uma determinada<br \/>\nrede social, com o intuito de identificar as conex\u00f5es e fluxos de informa\u00e7\u00e3o entre os<br \/>\nusu\u00e1rios. <\/p>\n","protected":false},"template":"","grupo_pesquisa":[13],"class_list":["post-1649","anal","type-anal","status-publish","hentry","grupo_pesquisa-projetos-pedagogicos-e-metodologias-de-ensino"],"arquivo":{"ID":"1650","post_author":"2","post_date":"2023-10-13 15:46:44","post_date_gmt":"2023-10-13 18:46:44","post_content":"","post_title":"Celestino Joanguete","post_excerpt":"","post_status":"inherit","comment_status":"open","ping_status":"closed","post_password":"","post_name":"celestino-joanguete","to_ping":"","pinged":"","post_modified":"2023-10-13 15:47:00","post_modified_gmt":"2023-10-13 18:47:00","post_content_filtered":"","post_parent":"1649","guid":"https:\/\/repositorio.abejor.org.br\/wp-content\/uploads\/2023\/10\/Celestino-Joanguete.pdf","menu_order":"0","post_type":"attachment","post_mime_type":"application\/pdf","comment_count":"0","pod_item_id":"1650"},"autor":"Celestino Joanguete","palavras_chaves":"","evento":[{"ID":1505,"post_title":"1\u00ba Encontro Regional Centro-Oeste de Ensino de Jornalismo (Erejor Centro-Oeste)","post_content":"","post_excerpt":"1\u00ba Encontro de Ensino de Jornalismo da Regi\u00e3o Centro Oeste (1\u00ba Erejor Centro-Oeste), ocorreu nos dias 24 e 25 de mar\u00e7o de 2023, no formato virtual (remoto), sediado e organizado pelo Curso de Jornalismo da Universidade Federal de Mato Grosso (UFMT), C\u00e2mpus do Araguaia.","post_author":"2","post_date":"2023-03-24 15:20:24","post_date_gmt":"2023-03-24 18:20:24","post_status":"publish","comment_status":"closed","ping_status":"closed","post_password":"","post_name":"encontro-regional-centro-oeste-de-ensino-de-jornalismo","to_ping":"","pinged":"","post_modified":"2026-04-06 20:25:27","post_modified_gmt":"2026-04-06 23:25:27","post_content_filtered":"","post_parent":0,"guid":"https:\/\/repositorio.abejor.org.br\/?post_type=evento&#038;p=1505","menu_order":0,"post_type":"evento","post_mime_type":"","comment_count":"0","comments":false,"_thumbnail_id":["1506","2","2023-10-11 11:31:19","2023-10-11 14:31:19","","571374ff1a5173870b408e4d4f76cb2bf045722d","","inherit","open","closed","","571374ff1a5173870b408e4d4f76cb2bf045722d","","","2023-10-11 11:31:19","2023-10-11 14:31:19","","1505","https:\/\/repositorio.abejor.org.br\/wp-content\/uploads\/2023\/10\/571374ff1a5173870b408e4d4f76cb2bf045722d.png","0","attachment","image\/png","0","1506"],"id":1505}],"grupo_de_pesquisa":[{"term_id":13,"name":"Projetos Pedag\u00f3gicos e Metodologias de Ensino","slug":"projetos-pedagogicos-e-metodologias-de-ensino","description":"","taxonomy":"grupo_pesquisa","parent":0,"term_taxonomy_id":13,"term_group":0,"count":162,"object_id":null,"term_order":null,"id":13}],"_links":{"self":[{"href":"https:\/\/repositorio.abejor.org.br\/index.php\/wp-json\/wp\/v2\/anal\/1649","targetHints":{"allow":["GET"]}}],"collection":[{"href":"https:\/\/repositorio.abejor.org.br\/index.php\/wp-json\/wp\/v2\/anal"}],"about":[{"href":"https:\/\/repositorio.abejor.org.br\/index.php\/wp-json\/wp\/v2\/types\/anal"}],"wp:attachment":[{"href":"https:\/\/repositorio.abejor.org.br\/index.php\/wp-json\/wp\/v2\/media?parent=1649"}],"wp:term":[{"taxonomy":"grupo_pesquisa","embeddable":true,"href":"https:\/\/repositorio.abejor.org.br\/index.php\/wp-json\/wp\/v2\/grupo_pesquisa?post=1649"}],"curies":[{"name":"wp","href":"https:\/\/api.w.org\/{rel}","templated":true}]}}

A CONSTRUÇÃO DE METODOLOGIAS DE ANÁLISE DAS REDES SOCIAIS

<p>O objetivo deste projeto é explorar a metodologia de análise das redes<br />
sociais como forma de investigar as estruturas e padrões de interação em uma determinada<br />
rede social, com o intuito de identificar as conexões e fluxos de informação entre os<br />
usuários. </p>

1º Encontro Regional Centro-Oeste de Ensino de Jornalismo (Erejor Centro-Oeste)

1º Encontro de Ensino de Jornalismo da Região Centro Oeste (1º Erejor Centro-Oeste), ocorreu nos dias 24 e 25 de março de 2023, no formato virtual (remoto), sediado e organizado pelo Curso de Jornalismo da Universidade Federal de Mato Grosso (UFMT), Câmpus do Araguaia.

Projetos Pedagógicos e Metodologias de Ensino
