{"id":1646,"date":"2023-10-13T15:44:09","date_gmt":"2023-10-13T18:44:09","guid":{"rendered":"https:\/\/repositorio.abejor.org.br\/?post_type=anal&#038;p=1646"},"modified":"2023-10-13T15:44:09","modified_gmt":"2023-10-13T18:44:09","slug":"conhecimento-na-extensao-do-jornalismo-e-democracia-experiencia-de-uma-agencia-no-ensino-e-participacao-social","status":"publish","type":"anal","link":"https:\/\/repositorio.abejor.org.br\/?anal=conhecimento-na-extensao-do-jornalismo-e-democracia-experiencia-de-uma-agencia-no-ensino-e-participacao-social","title":{"rendered":"CONHECIMENTO NA EXTENS\u00c3O DO JORNALISMO E DEMOCRACIA: experi\u00eancia de uma ag\u00eancia no ensino e participa\u00e7\u00e3o social"},"excerpt":{"rendered":"<p>O projeto de extens\u00e3o Ag\u00eancia de Jornalismo Focaia, da Universidade Federal de Mato<br \/>\nGrosso, Campus Universit\u00e1rio do Araguaia (UFMT\/CUA), inicia em agosto de 2009, cujo<br \/>\nnome vem da jun\u00e7\u00e3o de \u201cFoca,\u201d que se refere aos estudantes de jornalismo; e; \u201cAraguaia\u201d, a<br \/>\nlocaliza\u00e7\u00e3o do Campus da UFMT. Portanto, um espa\u00e7o de aprendizado de extens\u00e3o<br \/>\nrelacionando reflex\u00e3o e pr\u00e1ticas jornal\u00edsticas para forma\u00e7\u00e3o de conhecimento e cidadania.<br \/>\nO objetivo da atividade \u00e9 tornar um lugar de complementaridade das atividades dos<br \/>\nestudantes da gradua\u00e7\u00e3o. Possibilitar a amplia\u00e7\u00e3o do acesso das comunidades regionais, na<br \/>\nperspectiva da diversidade dos acontecimentos sobre a educa\u00e7\u00e3o universit\u00e1ria, que envolve<br \/>\nensino, extens\u00e3o e pesquisa, com aten\u00e7\u00e3o \u00e0 pol\u00edtica e cultura acad\u00eamica.<\/p>\n","protected":false},"template":"","grupo_pesquisa":[11],"class_list":["post-1646","anal","type-anal","status-publish","hentry","grupo_pesquisa-pesquisa-na-graduacao"],"arquivo":{"ID":"1647","post_author":"2","post_date":"2023-10-13 15:43:48","post_date_gmt":"2023-10-13 18:43:48","post_content":"","post_title":"La\u00eds Soares de Barros","post_excerpt":"","post_status":"inherit","comment_status":"open","ping_status":"closed","post_password":"","post_name":"lais-soares-de-barros","to_ping":"","pinged":"","post_modified":"2023-10-13 15:44:09","post_modified_gmt":"2023-10-13 18:44:09","post_content_filtered":"","post_parent":"1646","guid":"https:\/\/repositorio.abejor.org.br\/wp-content\/uploads\/2023\/10\/Lais-Soares-de-Barros.pdf","menu_order":"0","post_type":"attachment","post_mime_type":"application\/pdf","comment_count":"0","pod_item_id":"1647"},"autor":"Antonio Sebasti\u00e3o da Silva; Evellyn Giovanna Da Cruz Oliveira; La\u00eds Soares de Barros","palavras_chaves":"","evento":[{"ID":1505,"post_title":"1\u00ba Encontro Regional Centro-Oeste de Ensino de Jornalismo (Erejor Centro-Oeste)","post_content":"","post_excerpt":"1\u00ba Encontro de Ensino de Jornalismo da Regi\u00e3o Centro Oeste (1\u00ba Erejor Centro-Oeste), ocorreu nos dias 24 e 25 de mar\u00e7o de 2023, no formato virtual (remoto), sediado e organizado pelo Curso de Jornalismo da Universidade Federal de Mato Grosso (UFMT), C\u00e2mpus do Araguaia.","post_author":"2","post_date":"2023-03-24 15:20:24","post_date_gmt":"2023-03-24 18:20:24","post_status":"publish","comment_status":"closed","ping_status":"closed","post_password":"","post_name":"encontro-regional-centro-oeste-de-ensino-de-jornalismo","to_ping":"","pinged":"","post_modified":"2026-04-06 20:25:27","post_modified_gmt":"2026-04-06 23:25:27","post_content_filtered":"","post_parent":0,"guid":"https:\/\/repositorio.abejor.org.br\/?post_type=evento&#038;p=1505","menu_order":0,"post_type":"evento","post_mime_type":"","comment_count":"0","comments":false,"_thumbnail_id":["1506","2","2023-10-11 11:31:19","2023-10-11 14:31:19","","571374ff1a5173870b408e4d4f76cb2bf045722d","","inherit","open","closed","","571374ff1a5173870b408e4d4f76cb2bf045722d","","","2023-10-11 11:31:19","2023-10-11 14:31:19","","1505","https:\/\/repositorio.abejor.org.br\/wp-content\/uploads\/2023\/10\/571374ff1a5173870b408e4d4f76cb2bf045722d.png","0","attachment","image\/png","0","1506"],"id":1505}],"grupo_de_pesquisa":[{"term_id":11,"name":"Pesquisa na Gradua\u00e7\u00e3o","slug":"pesquisa-na-graduacao","description":"","taxonomy":"grupo_pesquisa","parent":0,"term_taxonomy_id":11,"term_group":0,"count":316,"object_id":null,"term_order":null,"id":11}],"_links":{"self":[{"href":"https:\/\/repositorio.abejor.org.br\/index.php\/wp-json\/wp\/v2\/anal\/1646","targetHints":{"allow":["GET"]}}],"collection":[{"href":"https:\/\/repositorio.abejor.org.br\/index.php\/wp-json\/wp\/v2\/anal"}],"about":[{"href":"https:\/\/repositorio.abejor.org.br\/index.php\/wp-json\/wp\/v2\/types\/anal"}],"wp:attachment":[{"href":"https:\/\/repositorio.abejor.org.br\/index.php\/wp-json\/wp\/v2\/media?parent=1646"}],"wp:term":[{"taxonomy":"grupo_pesquisa","embeddable":true,"href":"https:\/\/repositorio.abejor.org.br\/index.php\/wp-json\/wp\/v2\/grupo_pesquisa?post=1646"}],"curies":[{"name":"wp","href":"https:\/\/api.w.org\/{rel}","templated":true}]}}

CONHECIMENTO NA EXTENSÃO DO JORNALISMO E DEMOCRACIA: experiência de uma agência no ensino e participação social

<p>O projeto de extensão Agência de Jornalismo Focaia, da Universidade Federal de Mato<br />
Grosso, Campus Universitário do Araguaia (UFMT/CUA), inicia em agosto de 2009, cujo<br />
nome vem da junção de “Foca,” que se refere aos estudantes de jornalismo; e; “Araguaia”, a<br />
localização do Campus da UFMT. Portanto, um espaço de aprendizado de extensão<br />
relacionando reflexão e práticas jornalísticas para formação de conhecimento e cidadania.<br />
O objetivo da atividade é tornar um lugar de complementaridade das atividades dos<br />
estudantes da graduação. Possibilitar a ampliação do acesso das comunidades regionais, na<br />
perspectiva da diversidade dos acontecimentos sobre a educação universitária, que envolve<br />
ensino, extensão e pesquisa, com atenção à política e cultura acadêmica.</p>

Laís Soares de Barros

Antonio Sebastião da Silva; Evellyn Giovanna Da Cruz Oliveira; Laís Soares de Barros

1º Encontro Regional Centro-Oeste de Ensino de Jornalismo (Erejor Centro-Oeste)

1º Encontro de Ensino de Jornalismo da Região Centro Oeste (1º Erejor Centro-Oeste), ocorreu nos dias 24 e 25 de março de 2023, no formato virtual (remoto), sediado e organizado pelo Curso de Jornalismo da Universidade Federal de Mato Grosso (UFMT), Câmpus do Araguaia.

Pesquisa na Graduação
