{"id":1643,"date":"2023-10-13T15:40:47","date_gmt":"2023-10-13T18:40:47","guid":{"rendered":"https:\/\/repositorio.abejor.org.br\/?post_type=anal&#038;p=1643"},"modified":"2023-10-13T15:40:47","modified_gmt":"2023-10-13T18:40:47","slug":"vamos-repassar-pra-todo-mundo-saber-fake-news-em-sala-de-aula-como-vacina-a-futuros-jornalistas","status":"publish","type":"anal","link":"https:\/\/repositorio.abejor.org.br\/?anal=vamos-repassar-pra-todo-mundo-saber-fake-news-em-sala-de-aula-como-vacina-a-futuros-jornalistas","title":{"rendered":"Vamos repassar pra todo mundo saber! Fake news em sala de aula como vacina a futuros jornalistas"},"excerpt":{"rendered":"<p>O artigo proposto narra uma experi\u00eancia real de ensino repetida com sucesso<br \/>\nh\u00e1 anos e que pode ser replicada em qualquer curso de jornalismo, em especial nas<br \/>\ndisciplinas de fotojornalismo. Ele visa, ainda, discutir a rela\u00e7\u00e3o entre a centralidade das<br \/>\nimagens na sociedade atual, a poss\u00edvel mudan\u00e7a na forma de pensamento da humanidade<br \/>\ne a produ\u00e7\u00e3o, distribui\u00e7\u00e3o e atual sucesso das fake news.<\/p>\n","protected":false},"template":"","grupo_pesquisa":[13],"class_list":["post-1643","anal","type-anal","status-publish","hentry","grupo_pesquisa-projetos-pedagogicos-e-metodologias-de-ensino"],"arquivo":{"ID":"1644","post_author":"2","post_date":"2023-10-13 15:40:08","post_date_gmt":"2023-10-13 18:40:08","post_content":"","post_title":"Vinicius Guedes Pereira de Souza","post_excerpt":"","post_status":"inherit","comment_status":"open","ping_status":"closed","post_password":"","post_name":"vinicius-guedes-pereira-de-souza","to_ping":"","pinged":"","post_modified":"2023-10-13 15:40:47","post_modified_gmt":"2023-10-13 18:40:47","post_content_filtered":"","post_parent":"1643","guid":"https:\/\/repositorio.abejor.org.br\/wp-content\/uploads\/2023\/10\/Vinicius-Guedes-Pereira-de-Souza.pdf","menu_order":"0","post_type":"attachment","post_mime_type":"application\/pdf","comment_count":"0","pod_item_id":"1644"},"autor":"Vinicius Guedes Pereira de Souza","palavras_chaves":"","evento":[{"ID":1505,"post_title":"1\u00ba Encontro Regional Centro-Oeste de Ensino de Jornalismo (Erejor Centro-Oeste)","post_content":"","post_excerpt":"1\u00ba Encontro de Ensino de Jornalismo da Regi\u00e3o Centro Oeste (1\u00ba Erejor Centro-Oeste), ocorreu nos dias 24 e 25 de mar\u00e7o de 2023, no formato virtual (remoto), sediado e organizado pelo Curso de Jornalismo da Universidade Federal de Mato Grosso (UFMT), C\u00e2mpus do Araguaia.","post_author":"2","post_date":"2023-03-24 15:20:24","post_date_gmt":"2023-03-24 18:20:24","post_status":"publish","comment_status":"closed","ping_status":"closed","post_password":"","post_name":"encontro-regional-centro-oeste-de-ensino-de-jornalismo","to_ping":"","pinged":"","post_modified":"2026-04-06 20:25:27","post_modified_gmt":"2026-04-06 23:25:27","post_content_filtered":"","post_parent":0,"guid":"https:\/\/repositorio.abejor.org.br\/?post_type=evento&#038;p=1505","menu_order":0,"post_type":"evento","post_mime_type":"","comment_count":"0","comments":false,"_thumbnail_id":["1506","2","2023-10-11 11:31:19","2023-10-11 14:31:19","","571374ff1a5173870b408e4d4f76cb2bf045722d","","inherit","open","closed","","571374ff1a5173870b408e4d4f76cb2bf045722d","","","2023-10-11 11:31:19","2023-10-11 14:31:19","","1505","https:\/\/repositorio.abejor.org.br\/wp-content\/uploads\/2023\/10\/571374ff1a5173870b408e4d4f76cb2bf045722d.png","0","attachment","image\/png","0","1506"],"id":1505}],"grupo_de_pesquisa":[{"term_id":13,"name":"Projetos Pedag\u00f3gicos e Metodologias de Ensino","slug":"projetos-pedagogicos-e-metodologias-de-ensino","description":"","taxonomy":"grupo_pesquisa","parent":0,"term_taxonomy_id":13,"term_group":0,"count":162,"object_id":null,"term_order":null,"id":13}],"_links":{"self":[{"href":"https:\/\/repositorio.abejor.org.br\/index.php\/wp-json\/wp\/v2\/anal\/1643","targetHints":{"allow":["GET"]}}],"collection":[{"href":"https:\/\/repositorio.abejor.org.br\/index.php\/wp-json\/wp\/v2\/anal"}],"about":[{"href":"https:\/\/repositorio.abejor.org.br\/index.php\/wp-json\/wp\/v2\/types\/anal"}],"wp:attachment":[{"href":"https:\/\/repositorio.abejor.org.br\/index.php\/wp-json\/wp\/v2\/media?parent=1643"}],"wp:term":[{"taxonomy":"grupo_pesquisa","embeddable":true,"href":"https:\/\/repositorio.abejor.org.br\/index.php\/wp-json\/wp\/v2\/grupo_pesquisa?post=1643"}],"curies":[{"name":"wp","href":"https:\/\/api.w.org\/{rel}","templated":true}]}}

<p>O artigo proposto narra uma experiência real de ensino repetida com sucesso<br />
há anos e que pode ser replicada em qualquer curso de jornalismo, em especial nas<br />
disciplinas de fotojornalismo. Ele visa, ainda, discutir a relação entre a centralidade das<br />
imagens na sociedade atual, a possível mudança na forma de pensamento da humanidade<br />
e a produção, distribuição e atual sucesso das fake news.</p>

1º Encontro Regional Centro-Oeste de Ensino de Jornalismo (Erejor Centro-Oeste)

1º Encontro de Ensino de Jornalismo da Região Centro Oeste (1º Erejor Centro-Oeste), ocorreu nos dias 24 e 25 de março de 2023, no formato virtual (remoto), sediado e organizado pelo Curso de Jornalismo da Universidade Federal de Mato Grosso (UFMT), Câmpus do Araguaia.

Projetos Pedagógicos e Metodologias de Ensino
