{"id":1587,"date":"2023-10-13T13:06:20","date_gmt":"2023-10-13T16:06:20","guid":{"rendered":"https:\/\/repositorio.abejor.org.br\/?post_type=anal&#038;p=1587"},"modified":"2023-10-13T13:06:20","modified_gmt":"2023-10-13T16:06:20","slug":"o-jornalismo-de-dados-na-midia-local-estudo-sobre-as-materias-da-tribuna-de-minas-durante-a-pandemia-de-covid-19","status":"publish","type":"anal","link":"https:\/\/repositorio.abejor.org.br\/?anal=o-jornalismo-de-dados-na-midia-local-estudo-sobre-as-materias-da-tribuna-de-minas-durante-a-pandemia-de-covid-19","title":{"rendered":"O Jornalismo de Dados na m\u00eddia local: estudo sobre as mat\u00e9rias da Tribuna de Minas durante a pandemia de Covid-19"},"excerpt":{"rendered":"<p>A presente pesquisa analisa a produ\u00e7\u00e3o local de Jornalismo de Dados no contexto da pandemia de Covid-19. Para isso, recorreu-se \u00e0 classifica\u00e7\u00e3o de fonte prim\u00e1ria e secund\u00e1ria proposta por Lage (2001) para a realiza\u00e7\u00e3o de um estudo emp\u00edrico sobre o uso dessa especializa\u00e7\u00e3o pelo jornal Tribuna de Minas na cidade de Juiz de Fora, Zona da Mata mineira. A pesquisa parte do pressuposto de que nos locais mais afastados dos grandes centros, a produ\u00e7\u00e3o de Jornalismo de Dados \u00e9 escassa diante da dificuldade de pequenas reda\u00e7\u00f5es possu\u00edrem equipes especializadas e com conhecimento t\u00e9cnico para produzir e apurar reportagens baseadas em dados. <\/p>\n","protected":false},"template":"","grupo_pesquisa":[11],"class_list":["post-1587","anal","type-anal","status-publish","hentry","grupo_pesquisa-pesquisa-na-graduacao"],"arquivo":{"ID":"1588","post_author":"2","post_date":"2023-10-13 13:06:02","post_date_gmt":"2023-10-13 16:06:02","post_content":"","post_title":"texto15","post_excerpt":"","post_status":"inherit","comment_status":"open","ping_status":"closed","post_password":"","post_name":"texto15","to_ping":"","pinged":"","post_modified":"2023-10-13 13:06:08","post_modified_gmt":"2023-10-13 16:06:08","post_content_filtered":"","post_parent":"1587","guid":"https:\/\/repositorio.abejor.org.br\/wp-content\/uploads\/2023\/10\/texto15.pdf","menu_order":"0","post_type":"attachment","post_mime_type":"application\/pdf","comment_count":"0","pod_item_id":"1588"},"autor":"Ester Rocha Vallim","palavras_chaves":"Jornalismo de Dados, Tribuna de Minas, Jornalismo Local, Juiz de Fora, Covid-19","evento":[{"ID":1501,"post_title":"1\u00ba Encontro Regional Sudeste de Ensino de Jornalismo (Erejor Sudeste)","post_content":"","post_excerpt":"A Faculdade de Comunica\u00e7\u00e3o da UFJF, em parceria com a Diretoria Regional Sudeste da Associa\u00e7\u00e3o Brasileira de Ensino de Jornalismo (ABEJ), realizou o Encontro Regional Sudeste de Ensino de Jornalismo (Erejor Sudeste 2022) nos dias 24 e 25 de novembro de forma totalmente remota. Foram aprovadas 32 propostas distribu\u00eddas por \u00e1reas tem\u00e1ticas: Ensino de \u00e9tica e de Teorias do Jornalismo, Pesquisa Atividades de Extens\u00e3o, Produ\u00e7\u00e3o Cient\u00edfica, Produ\u00e7\u00e3o Laboratorial \u2013 Eletr\u00f4nicos e Impressos, Projetos Pedag\u00f3gicos e Metodologias de Ensino, al\u00e9m de Pesquisa na Gradua\u00e7\u00e3o, exclusivo para estudantes de Jornalismo.","post_author":"2","post_date":"2022-11-24 10:58:42","post_date_gmt":"2022-11-24 13:58:42","post_status":"publish","comment_status":"closed","ping_status":"closed","post_password":"","post_name":"erejor-sudeste-2022-jornalismo-informacao-essencial-para-a-democracia","to_ping":"","pinged":"","post_modified":"2026-04-09 20:16:54","post_modified_gmt":"2026-04-09 23:16:54","post_content_filtered":"","post_parent":0,"guid":"https:\/\/repositorio.abejor.org.br\/?post_type=evento&#038;p=1501","menu_order":0,"post_type":"evento","post_mime_type":"","comment_count":"0","comments":false,"_thumbnail_id":["1502","2","2023-10-11 11:07:03","2023-10-11 14:07:03","","CABEALHOENSEJOR1100440px.61f1ec2fb37d49d98cfd","","inherit","open","closed","","cabealhoensejor1100440px-61f1ec2fb37d49d98cfd","","","2023-10-11 11:07:03","2023-10-11 14:07:03","","1501","https:\/\/repositorio.abejor.org.br\/wp-content\/uploads\/2023\/10\/CABEALHOENSEJOR1100440px.61f1ec2fb37d49d98cfd.webp","0","attachment","image\/webp","0","1502"],"id":1501}],"grupo_de_pesquisa":[{"term_id":11,"name":"Pesquisa na Gradua\u00e7\u00e3o","slug":"pesquisa-na-graduacao","description":"","taxonomy":"grupo_pesquisa","parent":0,"term_taxonomy_id":11,"term_group":0,"count":316,"object_id":null,"term_order":null,"id":11}],"_links":{"self":[{"href":"https:\/\/repositorio.abejor.org.br\/index.php\/wp-json\/wp\/v2\/anal\/1587","targetHints":{"allow":["GET"]}}],"collection":[{"href":"https:\/\/repositorio.abejor.org.br\/index.php\/wp-json\/wp\/v2\/anal"}],"about":[{"href":"https:\/\/repositorio.abejor.org.br\/index.php\/wp-json\/wp\/v2\/types\/anal"}],"wp:attachment":[{"href":"https:\/\/repositorio.abejor.org.br\/index.php\/wp-json\/wp\/v2\/media?parent=1587"}],"wp:term":[{"taxonomy":"grupo_pesquisa","embeddable":true,"href":"https:\/\/repositorio.abejor.org.br\/index.php\/wp-json\/wp\/v2\/grupo_pesquisa?post=1587"}],"curies":[{"name":"wp","href":"https:\/\/api.w.org\/{rel}","templated":true}]}}

O Jornalismo de Dados na mídia local: estudo sobre as matérias da Tribuna de Minas durante a pandemia de Covid-19

<p>A presente pesquisa analisa a produção local de Jornalismo de Dados no contexto da pandemia de Covid-19. Para isso, recorreu-se à classificação de fonte primária e secundária proposta por Lage (2001) para a realização de um estudo empírico sobre o uso dessa especialização pelo jornal Tribuna de Minas na cidade de Juiz de Fora, Zona da Mata mineira. A pesquisa parte do pressuposto de que nos locais mais afastados dos grandes centros, a produção de Jornalismo de Dados é escassa diante da dificuldade de pequenas redações possuírem equipes especializadas e com conhecimento técnico para produzir e apurar reportagens baseadas em dados. </p>

1º Encontro Regional Sudeste de Ensino de Jornalismo (Erejor Sudeste)

A Faculdade de Comunicação da UFJF, em parceria com a Diretoria Regional Sudeste da Associação Brasileira de Ensino de Jornalismo (ABEJ), realizou o Encontro Regional Sudeste de Ensino de Jornalismo (Erejor Sudeste 2022) nos dias 24 e 25 de novembro de forma totalmente remota. Foram aprovadas 32 propostas distribuídas por áreas temáticas: Ensino de ética e de Teorias do Jornalismo, Pesquisa Atividades de Extensão, Produção Científica, Produção Laboratorial – Eletrônicos e Impressos, Projetos Pedagógicos e Metodologias de Ensino, além de Pesquisa na Graduação, exclusivo para estudantes de Jornalismo.

Pesquisa na Graduação
