{"id":1578,"date":"2023-10-13T12:45:01","date_gmt":"2023-10-13T15:45:01","guid":{"rendered":"https:\/\/repositorio.abejor.org.br\/?post_type=anal&#038;p=1578"},"modified":"2023-10-13T12:45:01","modified_gmt":"2023-10-13T15:45:01","slug":"viviane-westwood-e-a-moda-ativista","status":"publish","type":"anal","link":"https:\/\/repositorio.abejor.org.br\/?anal=viviane-westwood-e-a-moda-ativista","title":{"rendered":"Viviane Westwood e a moda ativista"},"excerpt":{"rendered":"<p>O artigo pretende elaborar uma reflex\u00e3o, a fim de evidenciar a rela\u00e7\u00e3o existente entre o movimento punk (d\u00e9cada de 1970), e a produ\u00e7\u00e3o da estilista Vivienne Westwood, conhecida como a Rainha Punk. Objetiva-se a identifica\u00e7\u00e3o da moda como linguagem, considerando-a, portanto, um c\u00f3digo n\u00e3o-verbal, atrav\u00e9s do qual \u00e9 poss\u00edvel que atos de comunica\u00e7\u00e3o sejam realizados a partir da composi\u00e7\u00e3o de signos. Pretende-se, tamb\u00e9m, identificar a perman\u00eancia de elementos caracterizadores do movimento punk em trajes escolhidos para um exerc\u00edcio de an\u00e1lise semi\u00f3tica, oriundos da campanha primavera\/ ver\u00e3o Londres Fashion Week 2-17\/2018 de Westwood. E, a partir da an\u00e1lise dessas produ\u00e7\u00f5es, pretende-se evidenciar os significados e mensagens presentes.<\/p>\n","protected":false},"template":"","grupo_pesquisa":[11],"class_list":["post-1578","anal","type-anal","status-publish","hentry","grupo_pesquisa-pesquisa-na-graduacao"],"arquivo":{"ID":"1579","post_author":"2","post_date":"2023-10-13 12:44:24","post_date_gmt":"2023-10-13 15:44:24","post_content":"","post_title":"texto11","post_excerpt":"","post_status":"inherit","comment_status":"open","ping_status":"closed","post_password":"","post_name":"texto11","to_ping":"","pinged":"","post_modified":"2023-10-13 12:44:39","post_modified_gmt":"2023-10-13 15:44:39","post_content_filtered":"","post_parent":"1578","guid":"https:\/\/repositorio.abejor.org.br\/wp-content\/uploads\/2023\/10\/texto11.pdf","menu_order":"0","post_type":"attachment","post_mime_type":"application\/pdf","comment_count":"0","pod_item_id":"1579"},"autor":"Beatriz dos Santos Lucchesi da Fonseca","palavras_chaves":"Semi\u00f3tica, Moda, Punk, Jornalismo Vivienne Westwood","evento":[{"ID":1501,"post_title":"1\u00ba Encontro Regional Sudeste de Ensino de Jornalismo (Erejor Sudeste)","post_content":"","post_excerpt":"A Faculdade de Comunica\u00e7\u00e3o da UFJF, em parceria com a Diretoria Regional Sudeste da Associa\u00e7\u00e3o Brasileira de Ensino de Jornalismo (ABEJ), realizou o Encontro Regional Sudeste de Ensino de Jornalismo (Erejor Sudeste 2022) nos dias 24 e 25 de novembro de forma totalmente remota. Foram aprovadas 32 propostas distribu\u00eddas por \u00e1reas tem\u00e1ticas: Ensino de \u00e9tica e de Teorias do Jornalismo, Pesquisa Atividades de Extens\u00e3o, Produ\u00e7\u00e3o Cient\u00edfica, Produ\u00e7\u00e3o Laboratorial \u2013 Eletr\u00f4nicos e Impressos, Projetos Pedag\u00f3gicos e Metodologias de Ensino, al\u00e9m de Pesquisa na Gradua\u00e7\u00e3o, exclusivo para estudantes de Jornalismo.","post_author":"2","post_date":"2022-11-24 10:58:42","post_date_gmt":"2022-11-24 13:58:42","post_status":"publish","comment_status":"closed","ping_status":"closed","post_password":"","post_name":"erejor-sudeste-2022-jornalismo-informacao-essencial-para-a-democracia","to_ping":"","pinged":"","post_modified":"2026-04-09 20:16:54","post_modified_gmt":"2026-04-09 23:16:54","post_content_filtered":"","post_parent":0,"guid":"https:\/\/repositorio.abejor.org.br\/?post_type=evento&#038;p=1501","menu_order":0,"post_type":"evento","post_mime_type":"","comment_count":"0","comments":false,"_thumbnail_id":["1502","2","2023-10-11 11:07:03","2023-10-11 14:07:03","","CABEALHOENSEJOR1100440px.61f1ec2fb37d49d98cfd","","inherit","open","closed","","cabealhoensejor1100440px-61f1ec2fb37d49d98cfd","","","2023-10-11 11:07:03","2023-10-11 14:07:03","","1501","https:\/\/repositorio.abejor.org.br\/wp-content\/uploads\/2023\/10\/CABEALHOENSEJOR1100440px.61f1ec2fb37d49d98cfd.webp","0","attachment","image\/webp","0","1502"],"id":1501}],"grupo_de_pesquisa":[{"term_id":11,"name":"Pesquisa na Gradua\u00e7\u00e3o","slug":"pesquisa-na-graduacao","description":"","taxonomy":"grupo_pesquisa","parent":0,"term_taxonomy_id":11,"term_group":0,"count":316,"object_id":null,"term_order":null,"id":11}],"_links":{"self":[{"href":"https:\/\/repositorio.abejor.org.br\/index.php\/wp-json\/wp\/v2\/anal\/1578","targetHints":{"allow":["GET"]}}],"collection":[{"href":"https:\/\/repositorio.abejor.org.br\/index.php\/wp-json\/wp\/v2\/anal"}],"about":[{"href":"https:\/\/repositorio.abejor.org.br\/index.php\/wp-json\/wp\/v2\/types\/anal"}],"wp:attachment":[{"href":"https:\/\/repositorio.abejor.org.br\/index.php\/wp-json\/wp\/v2\/media?parent=1578"}],"wp:term":[{"taxonomy":"grupo_pesquisa","embeddable":true,"href":"https:\/\/repositorio.abejor.org.br\/index.php\/wp-json\/wp\/v2\/grupo_pesquisa?post=1578"}],"curies":[{"name":"wp","href":"https:\/\/api.w.org\/{rel}","templated":true}]}}

<p>O artigo pretende elaborar uma reflexão, a fim de evidenciar a relação existente entre o movimento punk (década de 1970), e a produção da estilista Vivienne Westwood, conhecida como a Rainha Punk. Objetiva-se a identificação da moda como linguagem, considerando-a, portanto, um código não-verbal, através do qual é possível que atos de comunicação sejam realizados a partir da composição de signos. Pretende-se, também, identificar a permanência de elementos caracterizadores do movimento punk em trajes escolhidos para um exercício de análise semiótica, oriundos da campanha primavera/ verão Londres Fashion Week 2-17/2018 de Westwood. E, a partir da análise dessas produções, pretende-se evidenciar os significados e mensagens presentes.</p>

Semiótica, Moda, Punk, Jornalismo Vivienne Westwood

1º Encontro Regional Sudeste de Ensino de Jornalismo (Erejor Sudeste)

A Faculdade de Comunicação da UFJF, em parceria com a Diretoria Regional Sudeste da Associação Brasileira de Ensino de Jornalismo (ABEJ), realizou o Encontro Regional Sudeste de Ensino de Jornalismo (Erejor Sudeste 2022) nos dias 24 e 25 de novembro de forma totalmente remota. Foram aprovadas 32 propostas distribuídas por áreas temáticas: Ensino de ética e de Teorias do Jornalismo, Pesquisa Atividades de Extensão, Produção Científica, Produção Laboratorial – Eletrônicos e Impressos, Projetos Pedagógicos e Metodologias de Ensino, além de Pesquisa na Graduação, exclusivo para estudantes de Jornalismo.

Pesquisa na Graduação
