{"id":1556,"date":"2023-10-13T11:17:51","date_gmt":"2023-10-13T14:17:51","guid":{"rendered":"https:\/\/repositorio.abejor.org.br\/?post_type=anal&#038;p=1556"},"modified":"2023-10-13T11:17:51","modified_gmt":"2023-10-13T14:17:51","slug":"entre-contos-e-cronicas-como-o-jornalismo-esportivo-criou-o-tupi-fantasma-do-mineirao-e-sport-campeao-do-centenario-de-juiz-de-fora","status":"publish","type":"anal","link":"https:\/\/repositorio.abejor.org.br\/?anal=entre-contos-e-cronicas-como-o-jornalismo-esportivo-criou-o-tupi-fantasma-do-mineirao-e-sport-campeao-do-centenario-de-juiz-de-fora","title":{"rendered":"Entre contos e cr\u00f4nicas: Como o jornalismo esportivo criou o Tupi \u201cFantasma do Mineir\u00e3o\u201d e Sport \u201cCampe\u00e3o do Centen\u00e1rio\u201d de Juiz de Fora"},"excerpt":{"rendered":"<p>O presente trabalho tem como objetivo analisar como que o jornalismo esportivo constr\u00f3i a imagem de momentos importantes do esporte. <\/p>\n","protected":false},"template":"","grupo_pesquisa":[12],"class_list":["post-1556","anal","type-anal","status-publish","hentry","grupo_pesquisa-producao-laboratorial-eletronicos-e-impressos"],"arquivo":{"ID":"1557","post_author":"2","post_date":"2023-10-13 11:16:41","post_date_gmt":"2023-10-13 14:16:41","post_content":"","post_title":"texto2","post_excerpt":"","post_status":"inherit","comment_status":"open","ping_status":"closed","post_password":"","post_name":"texto2","to_ping":"","pinged":"","post_modified":"2023-10-13 11:17:51","post_modified_gmt":"2023-10-13 14:17:51","post_content_filtered":"","post_parent":"1556","guid":"https:\/\/repositorio.abejor.org.br\/wp-content\/uploads\/2023\/10\/texto2.pdf","menu_order":"0","post_type":"attachment","post_mime_type":"application\/pdf","comment_count":"0","pod_item_id":"1557"},"autor":"Matheus Tamaino Brum","palavras_chaves":"Jornalismo esportivo, Hist\u00f3ria do futebol de Juiz de Fora, Mem\u00f3ria do futebol, Tupi Fantasma do Mineir\u00e3o, Sport Campe\u00e3o do Centen\u00e1rio","evento":[{"ID":1501,"post_title":"1\u00ba Encontro Regional Sudeste de Ensino de Jornalismo (Erejor Sudeste)","post_content":"","post_excerpt":"A Faculdade de Comunica\u00e7\u00e3o da UFJF, em parceria com a Diretoria Regional Sudeste da Associa\u00e7\u00e3o Brasileira de Ensino de Jornalismo (ABEJ), realizou o Encontro Regional Sudeste de Ensino de Jornalismo (Erejor Sudeste 2022) nos dias 24 e 25 de novembro de forma totalmente remota. Foram aprovadas 32 propostas distribu\u00eddas por \u00e1reas tem\u00e1ticas: Ensino de \u00e9tica e de Teorias do Jornalismo, Pesquisa Atividades de Extens\u00e3o, Produ\u00e7\u00e3o Cient\u00edfica, Produ\u00e7\u00e3o Laboratorial \u2013 Eletr\u00f4nicos e Impressos, Projetos Pedag\u00f3gicos e Metodologias de Ensino, al\u00e9m de Pesquisa na Gradua\u00e7\u00e3o, exclusivo para estudantes de Jornalismo.","post_author":"2","post_date":"2022-11-24 10:58:42","post_date_gmt":"2022-11-24 13:58:42","post_status":"publish","comment_status":"closed","ping_status":"closed","post_password":"","post_name":"erejor-sudeste-2022-jornalismo-informacao-essencial-para-a-democracia","to_ping":"","pinged":"","post_modified":"2026-04-09 20:16:54","post_modified_gmt":"2026-04-09 23:16:54","post_content_filtered":"","post_parent":0,"guid":"https:\/\/repositorio.abejor.org.br\/?post_type=evento&#038;p=1501","menu_order":0,"post_type":"evento","post_mime_type":"","comment_count":"0","comments":false,"_thumbnail_id":["1502","2","2023-10-11 11:07:03","2023-10-11 14:07:03","","CABEALHOENSEJOR1100440px.61f1ec2fb37d49d98cfd","","inherit","open","closed","","cabealhoensejor1100440px-61f1ec2fb37d49d98cfd","","","2023-10-11 11:07:03","2023-10-11 14:07:03","","1501","https:\/\/repositorio.abejor.org.br\/wp-content\/uploads\/2023\/10\/CABEALHOENSEJOR1100440px.61f1ec2fb37d49d98cfd.webp","0","attachment","image\/webp","0","1502"],"id":1501}],"grupo_de_pesquisa":[{"term_id":12,"name":"Produ\u00e7\u00e3o Laboratorial eletr\u00f4nicos e impressos","slug":"producao-laboratorial-eletronicos-e-impressos","description":"","taxonomy":"grupo_pesquisa","parent":0,"term_taxonomy_id":12,"term_group":0,"count":167,"object_id":null,"term_order":null,"id":12}],"_links":{"self":[{"href":"https:\/\/repositorio.abejor.org.br\/index.php\/wp-json\/wp\/v2\/anal\/1556","targetHints":{"allow":["GET"]}}],"collection":[{"href":"https:\/\/repositorio.abejor.org.br\/index.php\/wp-json\/wp\/v2\/anal"}],"about":[{"href":"https:\/\/repositorio.abejor.org.br\/index.php\/wp-json\/wp\/v2\/types\/anal"}],"wp:attachment":[{"href":"https:\/\/repositorio.abejor.org.br\/index.php\/wp-json\/wp\/v2\/media?parent=1556"}],"wp:term":[{"taxonomy":"grupo_pesquisa","embeddable":true,"href":"https:\/\/repositorio.abejor.org.br\/index.php\/wp-json\/wp\/v2\/grupo_pesquisa?post=1556"}],"curies":[{"name":"wp","href":"https:\/\/api.w.org\/{rel}","templated":true}]}}

Entre contos e crônicas: Como o jornalismo esportivo criou o Tupi “Fantasma do Mineirão” e Sport “Campeão do Centenário” de Juiz de Fora

<p>O presente trabalho tem como objetivo analisar como que o jornalismo esportivo constrói a imagem de momentos importantes do esporte. </p>

Jornalismo esportivo, História do futebol de Juiz de Fora, Memória do futebol, Tupi Fantasma do Mineirão, Sport Campeão do Centenário

1º Encontro Regional Sudeste de Ensino de Jornalismo (Erejor Sudeste)

A Faculdade de Comunicação da UFJF, em parceria com a Diretoria Regional Sudeste da Associação Brasileira de Ensino de Jornalismo (ABEJ), realizou o Encontro Regional Sudeste de Ensino de Jornalismo (Erejor Sudeste 2022) nos dias 24 e 25 de novembro de forma totalmente remota. Foram aprovadas 32 propostas distribuídas por áreas temáticas: Ensino de ética e de Teorias do Jornalismo, Pesquisa Atividades de Extensão, Produção Científica, Produção Laboratorial – Eletrônicos e Impressos, Projetos Pedagógicos e Metodologias de Ensino, além de Pesquisa na Graduação, exclusivo para estudantes de Jornalismo.

Produção Laboratorial eletrônicos e impressos
