{"id":1545,"date":"2023-10-12T14:28:39","date_gmt":"2023-10-12T17:28:39","guid":{"rendered":"https:\/\/repositorio.abejor.org.br\/?post_type=anal&#038;p=1545"},"modified":"2023-10-12T14:28:39","modified_gmt":"2023-10-12T17:28:39","slug":"os-desafios-da-estrutura-curricular-para-o-curso-de-jornalismo-aproximacao-entre-o-ensino-e-o-mercado-2","status":"publish","type":"anal","link":"https:\/\/repositorio.abejor.org.br\/?anal=os-desafios-da-estrutura-curricular-para-o-curso-de-jornalismo-aproximacao-entre-o-ensino-e-o-mercado-2","title":{"rendered":"Os desafios da estrutura curricular para o curso de Jornalismo: aproxima\u00e7\u00e3o entre o ensino e o mercado"},"excerpt":{"rendered":"<p>Este trabalho relata a experi\u00eancia do curso de Jornalismo da Favip na mudan\u00e7a de<br \/>\nsua estrutura curricular para adequ\u00e1-la \u00e0 necessidade do mercado e aos anseios dos<br \/>\nalunos. Apresenta as fases de estudo, implementa\u00e7\u00e3o e expectativa em torno dos<br \/>\nresultados, considerando que a mudan\u00e7a est\u00e1 vigente desde fevereiro de 2010.<\/p>\n","protected":false},"template":"","grupo_pesquisa":[12],"class_list":["post-1545","anal","type-anal","status-publish","hentry","grupo_pesquisa-producao-laboratorial-eletronicos-e-impressos"],"arquivo":{"ID":"1549","post_author":"2","post_date":"2023-10-12 14:28:30","post_date_gmt":"2023-10-12 17:28:30","post_content":"","post_title":"Rosangela-Ara\u00fajo","post_excerpt":"","post_status":"inherit","comment_status":"open","ping_status":"closed","post_password":"","post_name":"rosangela-araujo-2","to_ping":"","pinged":"","post_modified":"2023-10-12 14:28:39","post_modified_gmt":"2023-10-12 17:28:39","post_content_filtered":"","post_parent":"1545","guid":"https:\/\/repositorio.abejor.org.br\/wp-content\/uploads\/2023\/10\/Rosangela-Araujo-1.pdf","menu_order":"0","post_type":"attachment","post_mime_type":"application\/pdf","comment_count":"0","pod_item_id":"1549"},"autor":"Rosangela Ara\u00fajo","palavras_chaves":"Estrutura curricular, jornalismo","evento":[{"ID":1532,"post_title":"13\u00ba Encontro Nacional de Professores de Jornalismo","post_content":"","post_excerpt":"A Universidade Cat\u00f3lica de Pernambuco sediou nos dias 21 e 23 de abril de 2010 o 13\u00ba Encontro Nacional de Professores de Jornalismo \u2013 ENPJ. ","post_author":"2","post_date":"2010-04-21 14:21:58","post_date_gmt":"2010-04-21 17:21:58","post_status":"publish","comment_status":"closed","ping_status":"closed","post_password":"","post_name":"13o-encontro-nacional-de-professores-de-jornalismo","to_ping":"","pinged":"","post_modified":"2023-10-12 14:32:43","post_modified_gmt":"2023-10-12 17:32:43","post_content_filtered":"","post_parent":0,"guid":"https:\/\/repositorio.abejor.org.br\/?post_type=evento&#038;p=1532","menu_order":0,"post_type":"evento","post_mime_type":"","comment_count":"0","comments":false,"_thumbnail_id":["1533","2","2023-10-11 17:24:17","2023-10-11 20:24:17","","images","","inherit","open","closed","","images-4","","","2023-10-11 17:24:17","2023-10-11 20:24:17","","1532","https:\/\/repositorio.abejor.org.br\/wp-content\/uploads\/2023\/10\/images-1.jpeg","0","attachment","image\/jpeg","0","1533"],"id":1532}],"grupo_de_pesquisa":[{"term_id":12,"name":"Produ\u00e7\u00e3o Laboratorial eletr\u00f4nicos e impressos","slug":"producao-laboratorial-eletronicos-e-impressos","description":"","taxonomy":"grupo_pesquisa","parent":0,"term_taxonomy_id":12,"term_group":0,"count":167,"object_id":null,"term_order":null,"id":12}],"_links":{"self":[{"href":"https:\/\/repositorio.abejor.org.br\/index.php\/wp-json\/wp\/v2\/anal\/1545","targetHints":{"allow":["GET"]}}],"collection":[{"href":"https:\/\/repositorio.abejor.org.br\/index.php\/wp-json\/wp\/v2\/anal"}],"about":[{"href":"https:\/\/repositorio.abejor.org.br\/index.php\/wp-json\/wp\/v2\/types\/anal"}],"wp:attachment":[{"href":"https:\/\/repositorio.abejor.org.br\/index.php\/wp-json\/wp\/v2\/media?parent=1545"}],"wp:term":[{"taxonomy":"grupo_pesquisa","embeddable":true,"href":"https:\/\/repositorio.abejor.org.br\/index.php\/wp-json\/wp\/v2\/grupo_pesquisa?post=1545"}],"curies":[{"name":"wp","href":"https:\/\/api.w.org\/{rel}","templated":true}]}}

Os desafios da estrutura curricular para o curso de Jornalismo: aproximação entre o ensino e o mercado

<p>Este trabalho relata a experiência do curso de Jornalismo da Favip na mudança de<br />
sua estrutura curricular para adequá-la à necessidade do mercado e aos anseios dos<br />
alunos. Apresenta as fases de estudo, implementação e expectativa em torno dos<br />
resultados, considerando que a mudança está vigente desde fevereiro de 2010.</p>

Rosangela-Araújo

Rosangela Araújo

13º Encontro Nacional de Professores de Jornalismo

A Universidade Católica de Pernambuco sediou nos dias 21 e 23 de abril de 2010 o 13º Encontro Nacional de Professores de Jornalismo – ENPJ.

Produção Laboratorial eletrônicos e impressos
