{"id":1497,"date":"2023-10-10T22:08:16","date_gmt":"2023-10-11T01:08:16","guid":{"rendered":"https:\/\/repositorio.abejor.org.br\/?post_type=anal&#038;p=1497"},"modified":"2023-10-10T22:08:16","modified_gmt":"2023-10-11T01:08:16","slug":"estagio-obrigatorio-supervisionado-contribuicoes-para-a-reflexao-de-seu-papel-no-ensino-do-jornalismo","status":"publish","type":"anal","link":"https:\/\/repositorio.abejor.org.br\/?anal=estagio-obrigatorio-supervisionado-contribuicoes-para-a-reflexao-de-seu-papel-no-ensino-do-jornalismo","title":{"rendered":"Est\u00e1gio Obrigat\u00f3rio Supervisionado: contribui\u00e7\u00f5es para a reflex\u00e3o de seu papel no ensino do Jornalismo"},"excerpt":{"rendered":"<p>Este artigo pretende fomentar a discuss\u00e3o sobre a pr\u00e1tica de est\u00e1gio supervisionado nos cursos de gradua\u00e7\u00e3o em Jornalismo, trazendo argumentos que mostram as dificuldades no cumprimento de uma atividade efetivamente educativa, que aproxima a teoria repassada na sala de aula com a pr\u00e1tica profissional. <\/p>\n","protected":false},"template":"","grupo_pesquisa":[13],"class_list":["post-1497","anal","type-anal","status-publish","hentry","grupo_pesquisa-projetos-pedagogicos-e-metodologias-de-ensino"],"arquivo":{"ID":"1498","post_author":"2","post_date":"2023-10-10 22:08:04","post_date_gmt":"2023-10-11 01:08:04","post_content":"","post_title":"67-276-1-PB","post_excerpt":"","post_status":"inherit","comment_status":"open","ping_status":"closed","post_password":"","post_name":"67-276-1-pb","to_ping":"","pinged":"","post_modified":"2023-10-10 22:08:07","post_modified_gmt":"2023-10-11 01:08:07","post_content_filtered":"","post_parent":"1497","guid":"https:\/\/repositorio.abejor.org.br\/wp-content\/uploads\/2023\/10\/67-276-1-PB.pdf","menu_order":"0","post_type":"attachment","post_mime_type":"application\/pdf","comment_count":"0","pod_item_id":"1498"},"autor":"Eloisa Beling Loose; Daniela Neves","palavras_chaves":"Est\u00e1gio obrigat\u00f3rio supervisionado, Jornalismo, EaD, Presencial, Grade curricular","evento":[{"ID":1187,"post_title":"4\u00ba Encontro Sul-brasileiro de Professores de Jornalismo","post_content":"","post_excerpt":"4\u00ba Encontro Sul-brasileiro de Professores de Jornalismo, que ocorreu em Curitiba\/Paran\u00e1, entre os dias 26 e 27 de outubro de 2017, Campus Juvev\u00ea da Universidade Federal do Paran\u00e1. ","post_author":"2","post_date":"2017-10-26 17:30:27","post_date_gmt":"2017-10-26 19:30:27","post_status":"publish","comment_status":"closed","ping_status":"closed","post_password":"","post_name":"4o-encontro-sul-brasileiro-de-professores-de-jornalismo","to_ping":"","pinged":"","post_modified":"2023-10-09 22:19:28","post_modified_gmt":"2023-10-10 01:19:28","post_content_filtered":"","post_parent":0,"guid":"https:\/\/repositorio.abejor.org.br\/?post_type=evento&#038;p=1187","menu_order":0,"post_type":"evento","post_mime_type":"","comment_count":"0","comments":false,"_thumbnail_id":["1188","2","2023-10-08 17:30:03","2023-10-08 20:30:03","","Web","Web","inherit","open","closed","","web","","","2023-10-08 17:30:03","2023-10-08 20:30:03","","1187","https:\/\/repositorio.abejor.org.br\/wp-content\/uploads\/2023\/10\/homepageImage_pt_BR-1.jpg","0","attachment","image\/jpeg","0","1188"],"id":1187}],"grupo_de_pesquisa":[{"term_id":13,"name":"Projetos Pedag\u00f3gicos e Metodologias de Ensino","slug":"projetos-pedagogicos-e-metodologias-de-ensino","description":"","taxonomy":"grupo_pesquisa","parent":0,"term_taxonomy_id":13,"term_group":0,"count":162,"object_id":null,"term_order":null,"id":13}],"_links":{"self":[{"href":"https:\/\/repositorio.abejor.org.br\/index.php\/wp-json\/wp\/v2\/anal\/1497","targetHints":{"allow":["GET"]}}],"collection":[{"href":"https:\/\/repositorio.abejor.org.br\/index.php\/wp-json\/wp\/v2\/anal"}],"about":[{"href":"https:\/\/repositorio.abejor.org.br\/index.php\/wp-json\/wp\/v2\/types\/anal"}],"wp:attachment":[{"href":"https:\/\/repositorio.abejor.org.br\/index.php\/wp-json\/wp\/v2\/media?parent=1497"}],"wp:term":[{"taxonomy":"grupo_pesquisa","embeddable":true,"href":"https:\/\/repositorio.abejor.org.br\/index.php\/wp-json\/wp\/v2\/grupo_pesquisa?post=1497"}],"curies":[{"name":"wp","href":"https:\/\/api.w.org\/{rel}","templated":true}]}}

Estágio Obrigatório Supervisionado: contribuições para a reflexão de seu papel no ensino do Jornalismo

<p>Este artigo pretende fomentar a discussão sobre a prática de estágio supervisionado nos cursos de graduação em Jornalismo, trazendo argumentos que mostram as dificuldades no cumprimento de uma atividade efetivamente educativa, que aproxima a teoria repassada na sala de aula com a prática profissional. </p>

Estágio obrigatório supervisionado, Jornalismo, EaD, Presencial, Grade curricular

4º Encontro Sul-brasileiro de Professores de Jornalismo

4º Encontro Sul-brasileiro de Professores de Jornalismo, que ocorreu em Curitiba/Paraná, entre os dias 26 e 27 de outubro de 2017, Campus Juvevê da Universidade Federal do Paraná.

Projetos Pedagógicos e Metodologias de Ensino
