{"id":1484,"date":"2023-10-10T21:49:59","date_gmt":"2023-10-11T00:49:59","guid":{"rendered":"https:\/\/repositorio.abejor.org.br\/?post_type=anal&#038;p=1484"},"modified":"2023-10-10T21:49:59","modified_gmt":"2023-10-11T00:49:59","slug":"pensamento-comunicacional-sem-foco-regional","status":"publish","type":"anal","link":"https:\/\/repositorio.abejor.org.br\/?anal=pensamento-comunicacional-sem-foco-regional","title":{"rendered":"Pensamento Comunicacional sem Foco Regional"},"excerpt":{"rendered":"<p>Apresentam-se alguns resultados da pesquisa \u201cPensacom Universit\u00e1rio \u2013 A Contribui\u00e7\u00e3o Bibliogr\u00e1fica Catarinense\u201d, que busca um levantamento  dos autores e obras catarinenses em bibliografias estudadas em gradua\u00e7\u00f5es catarinenses. \u00c9 um estudo vinculado a projeto maior que pretende compreender as contribui\u00e7\u00f5es acad\u00eamicas, resgatar a mem\u00f3ria e, sobretudo, organizar dados que visem sistematizar o panorama das refer\u00eancias bibliogr\u00e1ficas regionais e como as mesmas s\u00e3o utilizadas e influenciam o pensamento comunicacional. <\/p>\n","protected":false},"template":"","grupo_pesquisa":[11],"class_list":["post-1484","anal","type-anal","status-publish","hentry","grupo_pesquisa-pesquisa-na-graduacao"],"arquivo":{"ID":"1485","post_author":"2","post_date":"2023-10-10 21:49:39","post_date_gmt":"2023-10-11 00:49:39","post_content":"","post_title":"78-298-1-PB","post_excerpt":"","post_status":"inherit","comment_status":"open","ping_status":"closed","post_password":"","post_name":"78-298-1-pb","to_ping":"","pinged":"","post_modified":"2023-10-10 21:49:41","post_modified_gmt":"2023-10-11 00:49:41","post_content_filtered":"","post_parent":"1484","guid":"https:\/\/repositorio.abejor.org.br\/wp-content\/uploads\/2023\/10\/78-298-1-PB.pdf","menu_order":"0","post_type":"attachment","post_mime_type":"application\/pdf","comment_count":"0","pod_item_id":"1485"},"autor":"Rosem\u00e9ri Laurindo; Ricardo Hoffmann","palavras_chaves":"Pensacom, Jornalismo, Bibliografia, Regional, Blumenau","evento":[{"ID":1187,"post_title":"4\u00ba Encontro Sul-brasileiro de Professores de Jornalismo","post_content":"","post_excerpt":"4\u00ba Encontro Sul-brasileiro de Professores de Jornalismo, que ocorreu em Curitiba\/Paran\u00e1, entre os dias 26 e 27 de outubro de 2017, Campus Juvev\u00ea da Universidade Federal do Paran\u00e1. ","post_author":"2","post_date":"2017-10-26 17:30:27","post_date_gmt":"2017-10-26 19:30:27","post_status":"publish","comment_status":"closed","ping_status":"closed","post_password":"","post_name":"4o-encontro-sul-brasileiro-de-professores-de-jornalismo","to_ping":"","pinged":"","post_modified":"2023-10-09 22:19:28","post_modified_gmt":"2023-10-10 01:19:28","post_content_filtered":"","post_parent":0,"guid":"https:\/\/repositorio.abejor.org.br\/?post_type=evento&#038;p=1187","menu_order":0,"post_type":"evento","post_mime_type":"","comment_count":"0","comments":false,"_thumbnail_id":["1188","2","2023-10-08 17:30:03","2023-10-08 20:30:03","","Web","Web","inherit","open","closed","","web","","","2023-10-08 17:30:03","2023-10-08 20:30:03","","1187","https:\/\/repositorio.abejor.org.br\/wp-content\/uploads\/2023\/10\/homepageImage_pt_BR-1.jpg","0","attachment","image\/jpeg","0","1188"],"id":1187}],"grupo_de_pesquisa":[{"term_id":11,"name":"Pesquisa na Gradua\u00e7\u00e3o","slug":"pesquisa-na-graduacao","description":"","taxonomy":"grupo_pesquisa","parent":0,"term_taxonomy_id":11,"term_group":0,"count":316,"object_id":null,"term_order":null,"id":11}],"_links":{"self":[{"href":"https:\/\/repositorio.abejor.org.br\/index.php\/wp-json\/wp\/v2\/anal\/1484","targetHints":{"allow":["GET"]}}],"collection":[{"href":"https:\/\/repositorio.abejor.org.br\/index.php\/wp-json\/wp\/v2\/anal"}],"about":[{"href":"https:\/\/repositorio.abejor.org.br\/index.php\/wp-json\/wp\/v2\/types\/anal"}],"wp:attachment":[{"href":"https:\/\/repositorio.abejor.org.br\/index.php\/wp-json\/wp\/v2\/media?parent=1484"}],"wp:term":[{"taxonomy":"grupo_pesquisa","embeddable":true,"href":"https:\/\/repositorio.abejor.org.br\/index.php\/wp-json\/wp\/v2\/grupo_pesquisa?post=1484"}],"curies":[{"name":"wp","href":"https:\/\/api.w.org\/{rel}","templated":true}]}}

<p>Apresentam-se alguns resultados da pesquisa “Pensacom Universitário – A Contribuição Bibliográfica Catarinense”, que busca um levantamento  dos autores e obras catarinenses em bibliografias estudadas em graduações catarinenses. É um estudo vinculado a projeto maior que pretende compreender as contribuições acadêmicas, resgatar a memória e, sobretudo, organizar dados que visem sistematizar o panorama das referências bibliográficas regionais e como as mesmas são utilizadas e influenciam o pensamento comunicacional. </p>

Roseméri Laurindo; Ricardo Hoffmann

4º Encontro Sul-brasileiro de Professores de Jornalismo

4º Encontro Sul-brasileiro de Professores de Jornalismo, que ocorreu em Curitiba/Paraná, entre os dias 26 e 27 de outubro de 2017, Campus Juvevê da Universidade Federal do Paraná.

Pesquisa na Graduação
