{"id":1418,"date":"2023-10-10T19:45:36","date_gmt":"2023-10-10T22:45:36","guid":{"rendered":"https:\/\/repositorio.abejor.org.br\/?post_type=anal&#038;p=1418"},"modified":"2023-10-10T19:45:36","modified_gmt":"2023-10-10T22:45:36","slug":"das-praticas-laboratoriais-ao-estagio-supervisionado-tensoes-entre-teoria-e-pratica-na-formacao-do-jornalista-do-seculo-xxi","status":"publish","type":"anal","link":"https:\/\/repositorio.abejor.org.br\/?anal=das-praticas-laboratoriais-ao-estagio-supervisionado-tensoes-entre-teoria-e-pratica-na-formacao-do-jornalista-do-seculo-xxi","title":{"rendered":"DAS PR\u00c1TICAS LABORATORIAIS AO EST\u00c1GIO SUPERVISIONADO: TENS\u00d5ES ENTRE TEORIA E PR\u00c1TICA NA FORMA\u00c7\u00c3O DO JORNALISTA DO S\u00c9CULO XXI"},"excerpt":{"rendered":"<p>A proposta desse artigo \u00e9, tentar identificar como a articula\u00e7\u00e3o entre teoria<br \/>\ne pr\u00e1tica proposta nos PPCs de Comunica\u00e7\u00e3o Social\/Jornalismo da Universidade Est\u00e1cio de<br \/>\nS\u00e1 foi capaz de responder a esse universo de transforma\u00e7\u00f5es tanto nas pr\u00e1ticas laboratoriais<br \/>\ncomo nas propostas de Est\u00e1gio Curricular Supervisionado.<\/p>\n","protected":false},"template":"","grupo_pesquisa":[13],"class_list":["post-1418","anal","type-anal","status-publish","hentry","grupo_pesquisa-projetos-pedagogicos-e-metodologias-de-ensino"],"arquivo":{"ID":"1419","post_author":"2","post_date":"2023-10-10 19:43:23","post_date_gmt":"2023-10-10 22:43:23","post_content":"","post_title":"189-797-1-PB","post_excerpt":"","post_status":"inherit","comment_status":"open","ping_status":"closed","post_password":"","post_name":"189-797-1-pb","to_ping":"","pinged":"","post_modified":"2023-10-10 19:45:36","post_modified_gmt":"2023-10-10 22:45:36","post_content_filtered":"","post_parent":"1418","guid":"https:\/\/repositorio.abejor.org.br\/wp-content\/uploads\/2023\/10\/189-797-1-PB.pdf","menu_order":"0","post_type":"attachment","post_mime_type":"application\/pdf","comment_count":"0","pod_item_id":"1419"},"autor":"Soraya Venegas Ferreira","palavras_chaves":"Efem\u00e9rides, Projetos Pedag\u00f3gicos e Metodologias de Ensino em Jornalismo, Rela\u00e7\u00e3o Teoria-Pr\u00e1tica, Est\u00e1gio\nCurricular Supervisionado, Curso de Jornalismo Est\u00e1cio Niter\u00f3i","evento":[{"ID":37,"post_title":"18\u00ba Encontro Nacional de Professores de Jornalismo","post_content":"","post_excerpt":" 18\u00ba Encontro Nacional de Professores de Jornalismo (18\u00ba ENPJ) e o XIV Ciclo Nacional de Pesquisa em Ensino e Extens\u00e3o, promovido pela Associa\u00e7\u00e3o Brasileira de Ensino do Jornalismo (Abej), antigo F\u00f3rum Nacional de Professores de Jornalismo (FNPJ), ser\u00e1 realizado entre os dias 25 a 27 de abril de 2019, em Ponta Grossa (PR) 8\u00ba ENPJ est\u00e1 sob a responsabilidade dos Cursos de Jornalismo e do Mestrado em Jornalismo da Universidade Estadual de Ponta Grossa (UEPG) e do Curso de Jornalismo do Centro Unversit\u00e1rio Santa Am\u00e9lia (Secal) e do Curso de Jornalismo da Universidade do Centro-Oeste (Unicentro).\r\n\r\nDiversos eventos comp\u00f5em a programa\u00e7\u00e3o do 18\u00ba ENPJ, a saber: 14\u00ba Pr\u00e9-F\u00f3rum da Federa\u00e7\u00e3o Nacional de Jornalistas (FENAJ);9\u00ba Encontro FNPJ de Coordenadores de Curso de Jornalismo;14\u00ba Ciclo Nacional de Pesquisas em Ensino e Extens\u00e3o em Jornalismo. Al\u00e9m deles, est\u00e3o previstas atividades comolan\u00e7amento de livros,pain\u00e9is de debates e programa\u00e7\u00e3o cultural.\r\n\r\nPara o 18\u00ba Encontro, j\u00e1 est\u00e1 acertada, tamb\u00e9m, a realiza\u00e7\u00e3o de umPainel de debates sobre a avalia\u00e7\u00e3o dos cursos de jornalismo, com presen\u00e7a derepresentantes do INEP (muito provavelmente a sua presid\u00eancia) e, em parceria com o \u00f3rg\u00e3o.\r\n\r\n","post_author":"1","post_date":"2019-04-25 19:53:30","post_date_gmt":"2019-04-25 22:53:30","post_status":"publish","comment_status":"closed","ping_status":"closed","post_password":"","post_name":"5-evento","to_ping":"","pinged":"","post_modified":"2023-10-09 20:16:47","post_modified_gmt":"2023-10-09 23:16:47","post_content_filtered":"","post_parent":0,"guid":"https:\/\/repositorio.abejor.org.br\/?post_type=evento&#038;p=37","menu_order":0,"post_type":"evento","post_mime_type":"","comment_count":"0","comments":false,"_thumbnail_id":["173","1","2023-09-04 11:35:23","2023-09-04 14:35:23","","1547736903","","inherit","open","closed","","1547736903","","","2023-09-04 11:35:23","2023-09-04 14:35:23","","37","https:\/\/repositorio.abejor.org.br\/wp-content\/uploads\/2023\/08\/1547736903.jpg","0","attachment","image\/jpeg","0","173"],"id":37}],"grupo_de_pesquisa":[{"term_id":13,"name":"Projetos Pedag\u00f3gicos e Metodologias de Ensino","slug":"projetos-pedagogicos-e-metodologias-de-ensino","description":"","taxonomy":"grupo_pesquisa","parent":0,"term_taxonomy_id":13,"term_group":0,"count":162,"object_id":null,"term_order":null,"id":13}],"_links":{"self":[{"href":"https:\/\/repositorio.abejor.org.br\/index.php\/wp-json\/wp\/v2\/anal\/1418","targetHints":{"allow":["GET"]}}],"collection":[{"href":"https:\/\/repositorio.abejor.org.br\/index.php\/wp-json\/wp\/v2\/anal"}],"about":[{"href":"https:\/\/repositorio.abejor.org.br\/index.php\/wp-json\/wp\/v2\/types\/anal"}],"wp:attachment":[{"href":"https:\/\/repositorio.abejor.org.br\/index.php\/wp-json\/wp\/v2\/media?parent=1418"}],"wp:term":[{"taxonomy":"grupo_pesquisa","embeddable":true,"href":"https:\/\/repositorio.abejor.org.br\/index.php\/wp-json\/wp\/v2\/grupo_pesquisa?post=1418"}],"curies":[{"name":"wp","href":"https:\/\/api.w.org\/{rel}","templated":true}]}}

DAS PRÁTICAS LABORATORIAIS AO ESTÁGIO SUPERVISIONADO: TENSÕES ENTRE TEORIA E PRÁTICA NA FORMAÇÃO DO JORNALISTA DO SÉCULO XXI

<p>A proposta desse artigo é, tentar identificar como a articulação entre teoria<br />
e prática proposta nos PPCs de Comunicação Social/Jornalismo da Universidade Estácio de<br />
Sá foi capaz de responder a esse universo de transformações tanto nas práticas laboratoriais<br />
como nas propostas de Estágio Curricular Supervisionado.</p>

Efemérides, Projetos Pedagógicos e Metodologias de Ensino em Jornalismo, Relação Teoria-Prática, Estágio
Curricular Supervisionado, Curso de Jornalismo Estácio Niterói

18º Encontro Nacional de Professores de Jornalismo

18º Encontro Nacional de Professores de Jornalismo (18º ENPJ) e o XIV Ciclo Nacional de Pesquisa em Ensino e Extensão, promovido pela Associação Brasileira de Ensino do Jornalismo (Abej), antigo Fórum Nacional de Professores de Jornalismo (FNPJ), será realizado entre os dias 25 a 27 de abril de 2019, em Ponta Grossa (PR) 8º ENPJ está sob a responsabilidade dos Cursos de Jornalismo e do Mestrado em Jornalismo da Universidade Estadual de Ponta Grossa (UEPG) e do Curso de Jornalismo do Centro Unversitário Santa Amélia (Secal) e do Curso de Jornalismo da Universidade do Centro-Oeste (Unicentro).

Diversos eventos compõem a programação do 18º ENPJ, a saber: 14º Pré-Fórum da Federação Nacional de Jornalistas (FENAJ);9º Encontro FNPJ de Coordenadores de Curso de Jornalismo;14º Ciclo Nacional de Pesquisas em Ensino e Extensão em Jornalismo. Além deles, estão previstas atividades comolançamento de livros,painéis de debates e programação cultural.

Para o 18º Encontro, já está acertada, também, a realização de umPainel de debates sobre a avaliação dos cursos de jornalismo, com presença derepresentantes do INEP (muito provavelmente a sua presidência) e, em parceria com o órgão.

Projetos Pedagógicos e Metodologias de Ensino
