{"id":1401,"date":"2023-10-10T18:42:30","date_gmt":"2023-10-10T21:42:30","guid":{"rendered":"https:\/\/repositorio.abejor.org.br\/?post_type=anal&#038;p=1401"},"modified":"2023-10-10T18:42:30","modified_gmt":"2023-10-10T21:42:30","slug":"jornalismo-de-infotenimento-no-instagram-a-experiencia-do-feed-cultural","status":"publish","type":"anal","link":"https:\/\/repositorio.abejor.org.br\/?anal=jornalismo-de-infotenimento-no-instagram-a-experiencia-do-feed-cultural","title":{"rendered":"JORNALISMO DE INFOTENIMENTO NO INSTAGRAM: A EXPERI\u00caNCIA DO FEED CULTURAL"},"excerpt":{"rendered":"<p>O presente trabalho apresenta os resultados de uma pesquisa e experimento de um perfil de<br \/>\nInstagram criado para jornalismo de infotenimento. O objetivo foi experienciar o Instagram como um canal<br \/>\nde jornalismo cultural e\/ou infotenimento e demonstrar as potencialidades desta rede social<br \/>\npara esse tipo de jornalismo em fun\u00e7\u00e3o das caracter\u00edsticas de ambos.<\/p>\n","protected":false},"template":"","grupo_pesquisa":[11],"class_list":["post-1401","anal","type-anal","status-publish","hentry","grupo_pesquisa-pesquisa-na-graduacao"],"arquivo":{"ID":"1402","post_author":"2","post_date":"2023-10-10 18:41:56","post_date_gmt":"2023-10-10 21:41:56","post_content":"","post_title":"239-909-1-PB","post_excerpt":"","post_status":"inherit","comment_status":"open","ping_status":"closed","post_password":"","post_name":"239-909-1-pb","to_ping":"","pinged":"","post_modified":"2023-10-10 18:42:30","post_modified_gmt":"2023-10-10 21:42:30","post_content_filtered":"","post_parent":"1401","guid":"https:\/\/repositorio.abejor.org.br\/wp-content\/uploads\/2023\/10\/239-909-1-PB.pdf","menu_order":"0","post_type":"attachment","post_mime_type":"application\/pdf","comment_count":"0","pod_item_id":"1402"},"autor":"marluce Zacariotti; WUALISSON CHAVES DA SILVA","palavras_chaves":"Infotenimento, Instagram, Malha\u00e7\u00e3o, Rede social, Jornalismo","evento":[{"ID":37,"post_title":"18\u00ba Encontro Nacional de Professores de Jornalismo","post_content":"","post_excerpt":" 18\u00ba Encontro Nacional de Professores de Jornalismo (18\u00ba ENPJ) e o XIV Ciclo Nacional de Pesquisa em Ensino e Extens\u00e3o, promovido pela Associa\u00e7\u00e3o Brasileira de Ensino do Jornalismo (Abej), antigo F\u00f3rum Nacional de Professores de Jornalismo (FNPJ), ser\u00e1 realizado entre os dias 25 a 27 de abril de 2019, em Ponta Grossa (PR) 8\u00ba ENPJ est\u00e1 sob a responsabilidade dos Cursos de Jornalismo e do Mestrado em Jornalismo da Universidade Estadual de Ponta Grossa (UEPG) e do Curso de Jornalismo do Centro Unversit\u00e1rio Santa Am\u00e9lia (Secal) e do Curso de Jornalismo da Universidade do Centro-Oeste (Unicentro).\r\n\r\nDiversos eventos comp\u00f5em a programa\u00e7\u00e3o do 18\u00ba ENPJ, a saber: 14\u00ba Pr\u00e9-F\u00f3rum da Federa\u00e7\u00e3o Nacional de Jornalistas (FENAJ);9\u00ba Encontro FNPJ de Coordenadores de Curso de Jornalismo;14\u00ba Ciclo Nacional de Pesquisas em Ensino e Extens\u00e3o em Jornalismo. Al\u00e9m deles, est\u00e3o previstas atividades comolan\u00e7amento de livros,pain\u00e9is de debates e programa\u00e7\u00e3o cultural.\r\n\r\nPara o 18\u00ba Encontro, j\u00e1 est\u00e1 acertada, tamb\u00e9m, a realiza\u00e7\u00e3o de umPainel de debates sobre a avalia\u00e7\u00e3o dos cursos de jornalismo, com presen\u00e7a derepresentantes do INEP (muito provavelmente a sua presid\u00eancia) e, em parceria com o \u00f3rg\u00e3o.\r\n\r\n","post_author":"1","post_date":"2019-04-25 19:53:30","post_date_gmt":"2019-04-25 22:53:30","post_status":"publish","comment_status":"closed","ping_status":"closed","post_password":"","post_name":"5-evento","to_ping":"","pinged":"","post_modified":"2023-10-09 20:16:47","post_modified_gmt":"2023-10-09 23:16:47","post_content_filtered":"","post_parent":0,"guid":"https:\/\/repositorio.abejor.org.br\/?post_type=evento&#038;p=37","menu_order":0,"post_type":"evento","post_mime_type":"","comment_count":"0","comments":false,"_thumbnail_id":["173","1","2023-09-04 11:35:23","2023-09-04 14:35:23","","1547736903","","inherit","open","closed","","1547736903","","","2023-09-04 11:35:23","2023-09-04 14:35:23","","37","https:\/\/repositorio.abejor.org.br\/wp-content\/uploads\/2023\/08\/1547736903.jpg","0","attachment","image\/jpeg","0","173"],"id":37}],"grupo_de_pesquisa":[{"term_id":11,"name":"Pesquisa na Gradua\u00e7\u00e3o","slug":"pesquisa-na-graduacao","description":"","taxonomy":"grupo_pesquisa","parent":0,"term_taxonomy_id":11,"term_group":0,"count":316,"object_id":null,"term_order":null,"id":11}],"_links":{"self":[{"href":"https:\/\/repositorio.abejor.org.br\/index.php\/wp-json\/wp\/v2\/anal\/1401","targetHints":{"allow":["GET"]}}],"collection":[{"href":"https:\/\/repositorio.abejor.org.br\/index.php\/wp-json\/wp\/v2\/anal"}],"about":[{"href":"https:\/\/repositorio.abejor.org.br\/index.php\/wp-json\/wp\/v2\/types\/anal"}],"wp:attachment":[{"href":"https:\/\/repositorio.abejor.org.br\/index.php\/wp-json\/wp\/v2\/media?parent=1401"}],"wp:term":[{"taxonomy":"grupo_pesquisa","embeddable":true,"href":"https:\/\/repositorio.abejor.org.br\/index.php\/wp-json\/wp\/v2\/grupo_pesquisa?post=1401"}],"curies":[{"name":"wp","href":"https:\/\/api.w.org\/{rel}","templated":true}]}}

JORNALISMO DE INFOTENIMENTO NO INSTAGRAM: A EXPERIÊNCIA DO FEED CULTURAL

<p>O presente trabalho apresenta os resultados de uma pesquisa e experimento de um perfil de<br />
Instagram criado para jornalismo de infotenimento. O objetivo foi experienciar o Instagram como um canal<br />
de jornalismo cultural e/ou infotenimento e demonstrar as potencialidades desta rede social<br />
para esse tipo de jornalismo em função das características de ambos.</p>

Infotenimento, Instagram, Malhação, Rede social, Jornalismo

18º Encontro Nacional de Professores de Jornalismo

18º Encontro Nacional de Professores de Jornalismo (18º ENPJ) e o XIV Ciclo Nacional de Pesquisa em Ensino e Extensão, promovido pela Associação Brasileira de Ensino do Jornalismo (Abej), antigo Fórum Nacional de Professores de Jornalismo (FNPJ), será realizado entre os dias 25 a 27 de abril de 2019, em Ponta Grossa (PR) 8º ENPJ está sob a responsabilidade dos Cursos de Jornalismo e do Mestrado em Jornalismo da Universidade Estadual de Ponta Grossa (UEPG) e do Curso de Jornalismo do Centro Unversitário Santa Amélia (Secal) e do Curso de Jornalismo da Universidade do Centro-Oeste (Unicentro).

Diversos eventos compõem a programação do 18º ENPJ, a saber: 14º Pré-Fórum da Federação Nacional de Jornalistas (FENAJ);9º Encontro FNPJ de Coordenadores de Curso de Jornalismo;14º Ciclo Nacional de Pesquisas em Ensino e Extensão em Jornalismo. Além deles, estão previstas atividades comolançamento de livros,painéis de debates e programação cultural.

Para o 18º Encontro, já está acertada, também, a realização de umPainel de debates sobre a avaliação dos cursos de jornalismo, com presença derepresentantes do INEP (muito provavelmente a sua presidência) e, em parceria com o órgão.

Pesquisa na Graduação
