{"id":1376,"date":"2023-10-10T15:10:20","date_gmt":"2023-10-10T18:10:20","guid":{"rendered":"https:\/\/repositorio.abejor.org.br\/?post_type=anal&#038;p=1376"},"modified":"2023-10-10T15:10:20","modified_gmt":"2023-10-10T18:10:20","slug":"sobre-o-fazer-telejornalistico-desafios-aos-profissionais-na-era-multitela","status":"publish","type":"anal","link":"https:\/\/repositorio.abejor.org.br\/?anal=sobre-o-fazer-telejornalistico-desafios-aos-profissionais-na-era-multitela","title":{"rendered":"SOBRE O FAZER TELEJORNAL\u00cdSTICO: DESAFIOS AOS PROFISSIONAIS NA ERA MULTITELA"},"excerpt":{"rendered":"<p>Neste relato de pesquisa, apresentamos algumas considera\u00e7\u00f5es sobre o \u201cfazer telejornalistico\u201d<br \/>\nem tempos de produ\u00e7\u00e3o e divulga\u00e7\u00e3o de informa\u00e7\u00e3o audiovisual em m\u00faltiplas telas. A proposta<br \/>\n\u00e9 colocar em discuss\u00e3o o perfil profissional requerido na atualidade e como tal delineamento<br \/>\ndeve ser abordado desde a gradua\u00e7\u00e3o.<\/p>\n","protected":false},"template":"","grupo_pesquisa":[12],"class_list":["post-1376","anal","type-anal","status-publish","hentry","grupo_pesquisa-producao-laboratorial-eletronicos-e-impressos"],"arquivo":{"ID":"1377","post_author":"2","post_date":"2023-10-10 15:10:13","post_date_gmt":"2023-10-10 18:10:13","post_content":"","post_title":"397-1284-1-PB","post_excerpt":"","post_status":"inherit","comment_status":"open","ping_status":"closed","post_password":"","post_name":"397-1284-1-pb","to_ping":"","pinged":"","post_modified":"2023-10-10 15:10:20","post_modified_gmt":"2023-10-10 18:10:20","post_content_filtered":"","post_parent":"1376","guid":"https:\/\/repositorio.abejor.org.br\/wp-content\/uploads\/2023\/10\/397-1284-1-PB.pdf","menu_order":"0","post_type":"attachment","post_mime_type":"application\/pdf","comment_count":"0","pod_item_id":"1377"},"autor":"Aline S. C Maia Lima","palavras_chaves":"Telejornalismo, Jornalismo audiovisual, Multitelas, Perfil profissional, Ensino","evento":false,"grupo_de_pesquisa":[{"term_id":12,"name":"Produ\u00e7\u00e3o Laboratorial eletr\u00f4nicos e impressos","slug":"producao-laboratorial-eletronicos-e-impressos","description":"","taxonomy":"grupo_pesquisa","parent":0,"term_taxonomy_id":12,"term_group":0,"count":167,"object_id":null,"term_order":null,"id":12}],"_links":{"self":[{"href":"https:\/\/repositorio.abejor.org.br\/index.php\/wp-json\/wp\/v2\/anal\/1376","targetHints":{"allow":["GET"]}}],"collection":[{"href":"https:\/\/repositorio.abejor.org.br\/index.php\/wp-json\/wp\/v2\/anal"}],"about":[{"href":"https:\/\/repositorio.abejor.org.br\/index.php\/wp-json\/wp\/v2\/types\/anal"}],"wp:attachment":[{"href":"https:\/\/repositorio.abejor.org.br\/index.php\/wp-json\/wp\/v2\/media?parent=1376"}],"wp:term":[{"taxonomy":"grupo_pesquisa","embeddable":true,"href":"https:\/\/repositorio.abejor.org.br\/index.php\/wp-json\/wp\/v2\/grupo_pesquisa?post=1376"}],"curies":[{"name":"wp","href":"https:\/\/api.w.org\/{rel}","templated":true}]}}

SOBRE O FAZER TELEJORNALÍSTICO: DESAFIOS AOS PROFISSIONAIS NA ERA MULTITELA

<p>Neste relato de pesquisa, apresentamos algumas considerações sobre o “fazer telejornalistico”<br />
em tempos de produção e divulgação de informação audiovisual em múltiplas telas. A proposta<br />
é colocar em discussão o perfil profissional requerido na atualidade e como tal delineamento<br />
deve ser abordado desde a graduação.</p>

Produção Laboratorial eletrônicos e impressos
