{"id":1372,"date":"2023-10-10T14:52:00","date_gmt":"2023-10-10T17:52:00","guid":{"rendered":"https:\/\/repositorio.abejor.org.br\/?post_type=anal&#038;p=1372"},"modified":"2023-10-10T14:52:00","modified_gmt":"2023-10-10T17:52:00","slug":"divulgacao-cientifica-em-quarentena-os-desafios-da-producao-do-podcast-fala-cientista-em-contexto-pandemico","status":"publish","type":"anal","link":"https:\/\/repositorio.abejor.org.br\/?anal=divulgacao-cientifica-em-quarentena-os-desafios-da-producao-do-podcast-fala-cientista-em-contexto-pandemico","title":{"rendered":"DIVULGA\u00c7\u00c3O CIENT\u00cdFICA EM QUARENTENA: OS DESAFIOS DA PRODU\u00c7\u00c3O DO PODCAST FALA, CIENTISTA! EM CONTEXTO PAND\u00caMICO"},"excerpt":{"rendered":"<p>O presente relato tem por objetivo apresentar as dificuldades da produ\u00e7\u00e3o do podcast de<br \/>\ndivulga\u00e7\u00e3o cient\u00edfica Fala, Cientista!, produzido pela Ag\u00eancia Escola de Comunica\u00e7\u00e3o P\u00fablica e<br \/>\nDivulga\u00e7\u00e3o Cient\u00edfica e Cultural da Universidade Federal do Paran\u00e1.<\/p>\n","protected":false},"template":"","grupo_pesquisa":[12],"class_list":["post-1372","anal","type-anal","status-publish","hentry","grupo_pesquisa-producao-laboratorial-eletronicos-e-impressos"],"arquivo":{"ID":"1373","post_author":"2","post_date":"2023-10-10 14:51:17","post_date_gmt":"2023-10-10 17:51:17","post_content":"","post_title":"391-1282-1-PB","post_excerpt":"","post_status":"inherit","comment_status":"open","ping_status":"closed","post_password":"","post_name":"391-1282-1-pb","to_ping":"","pinged":"","post_modified":"2023-10-10 14:52:00","post_modified_gmt":"2023-10-10 17:52:00","post_content_filtered":"","post_parent":"1372","guid":"https:\/\/repositorio.abejor.org.br\/wp-content\/uploads\/2023\/10\/391-1282-1-PB.pdf","menu_order":"0","post_type":"attachment","post_mime_type":"application\/pdf","comment_count":"0","pod_item_id":"1373"},"autor":"Robinson Samulak Alves; Jamille da Silveira; Valqu\u00edria Michela John","palavras_chaves":"Podcast, Divulga\u00e7\u00e3o Cient\u00edfica, Comunica\u00e7\u00e3o P\u00fablica, Jornalismo, Pandemia","evento":false,"grupo_de_pesquisa":[{"term_id":12,"name":"Produ\u00e7\u00e3o Laboratorial eletr\u00f4nicos e impressos","slug":"producao-laboratorial-eletronicos-e-impressos","description":"","taxonomy":"grupo_pesquisa","parent":0,"term_taxonomy_id":12,"term_group":0,"count":167,"object_id":null,"term_order":null,"id":12}],"_links":{"self":[{"href":"https:\/\/repositorio.abejor.org.br\/index.php\/wp-json\/wp\/v2\/anal\/1372","targetHints":{"allow":["GET"]}}],"collection":[{"href":"https:\/\/repositorio.abejor.org.br\/index.php\/wp-json\/wp\/v2\/anal"}],"about":[{"href":"https:\/\/repositorio.abejor.org.br\/index.php\/wp-json\/wp\/v2\/types\/anal"}],"wp:attachment":[{"href":"https:\/\/repositorio.abejor.org.br\/index.php\/wp-json\/wp\/v2\/media?parent=1372"}],"wp:term":[{"taxonomy":"grupo_pesquisa","embeddable":true,"href":"https:\/\/repositorio.abejor.org.br\/index.php\/wp-json\/wp\/v2\/grupo_pesquisa?post=1372"}],"curies":[{"name":"wp","href":"https:\/\/api.w.org\/{rel}","templated":true}]}}

DIVULGAÇÃO CIENTÍFICA EM QUARENTENA: OS DESAFIOS DA PRODUÇÃO DO PODCAST FALA, CIENTISTA! EM CONTEXTO PANDÊMICO

<p>O presente relato tem por objetivo apresentar as dificuldades da produção do podcast de<br />
divulgação científica Fala, Cientista!, produzido pela Agência Escola de Comunicação Pública e<br />
Divulgação Científica e Cultural da Universidade Federal do Paraná.</p>

Robinson Samulak Alves; Jamille da Silveira; Valquíria Michela John

Podcast, Divulgação Científica, Comunicação Pública, Jornalismo, Pandemia

Produção Laboratorial eletrônicos e impressos
