{"id":1344,"date":"2023-10-10T09:59:33","date_gmt":"2023-10-10T12:59:33","guid":{"rendered":"https:\/\/repositorio.abejor.org.br\/?post_type=anal&#038;p=1344"},"modified":"2023-10-10T09:59:33","modified_gmt":"2023-10-10T12:59:33","slug":"praticas-laboratoriais-contemporaneas-desafios-de-engajamento-para-formacao-profissional","status":"publish","type":"anal","link":"https:\/\/repositorio.abejor.org.br\/?anal=praticas-laboratoriais-contemporaneas-desafios-de-engajamento-para-formacao-profissional","title":{"rendered":"PR\u00c1TICAS LABORATORIAIS CONTEMPOR\u00c2NEAS: DESAFIOS DE ENGAJAMENTO PARA FORMA\u00c7\u00c3O PROFISSIONAL"},"excerpt":{"rendered":"<p>Busca-se entender os desafios<br \/>\nenfrentados no processo de unifica\u00e7\u00e3o das pr\u00e1ticas laboratoriais do curso de<br \/>\nJornalismo da Universidade Est\u00e1cio de S\u00e1 \u2013 Niter\u00f3i levado a cabo em 2019. O<br \/>\nestudo das carater\u00edsticas das gera\u00e7\u00f5es, para al\u00e9m das listas estanques; e do perfil do jornalista<br \/>\nbrasileiro, para al\u00e9m da frieza dos dados estat\u00edsticos, pode fornecer pistas para superar as<br \/>\ndificuldades no cumprimento das Diretrizes Curriculares Nacionais e, especificamente, no<br \/>\nengajamento dos discentes no planejamento, execu\u00e7\u00e3o de atividades laboratoriais que, na<br \/>\npr\u00e1tica, os diferenciem dos simples internautas das redes sociais, blogueiros, youtubers e<br \/>\ninfluenciadores digitais.<\/p>\n","protected":false},"template":"","grupo_pesquisa":[12],"class_list":["post-1344","anal","type-anal","status-publish","hentry","grupo_pesquisa-producao-laboratorial-eletronicos-e-impressos"],"arquivo":{"ID":"1345","post_author":"2","post_date":"2023-10-10 09:57:38","post_date_gmt":"2023-10-10 12:57:38","post_content":"","post_title":"324-1287-1-PB","post_excerpt":"","post_status":"inherit","comment_status":"open","ping_status":"closed","post_password":"","post_name":"324-1287-1-pb","to_ping":"","pinged":"","post_modified":"2023-10-10 09:59:24","post_modified_gmt":"2023-10-10 12:59:24","post_content_filtered":"","post_parent":"1344","guid":"https:\/\/repositorio.abejor.org.br\/wp-content\/uploads\/2023\/10\/324-1287-1-PB.pdf","menu_order":"0","post_type":"attachment","post_mime_type":"application\/pdf","comment_count":"0","pod_item_id":"1345"},"autor":"Soraya Venegas Ferreira","palavras_chaves":"Caracter\u00edsticas Geracionais, Perfil Profissional do Jornalista Brasileiro, Forma\u00e7\u00e3o Jornal\u00edstica, Pr\u00e1ticas Laboratoriais, Nucom Jornalismo Niter\u00f3i","evento":false,"grupo_de_pesquisa":[{"term_id":12,"name":"Produ\u00e7\u00e3o Laboratorial eletr\u00f4nicos e impressos","slug":"producao-laboratorial-eletronicos-e-impressos","description":"","taxonomy":"grupo_pesquisa","parent":0,"term_taxonomy_id":12,"term_group":0,"count":167,"object_id":null,"term_order":null,"id":12}],"_links":{"self":[{"href":"https:\/\/repositorio.abejor.org.br\/index.php\/wp-json\/wp\/v2\/anal\/1344","targetHints":{"allow":["GET"]}}],"collection":[{"href":"https:\/\/repositorio.abejor.org.br\/index.php\/wp-json\/wp\/v2\/anal"}],"about":[{"href":"https:\/\/repositorio.abejor.org.br\/index.php\/wp-json\/wp\/v2\/types\/anal"}],"wp:attachment":[{"href":"https:\/\/repositorio.abejor.org.br\/index.php\/wp-json\/wp\/v2\/media?parent=1344"}],"wp:term":[{"taxonomy":"grupo_pesquisa","embeddable":true,"href":"https:\/\/repositorio.abejor.org.br\/index.php\/wp-json\/wp\/v2\/grupo_pesquisa?post=1344"}],"curies":[{"name":"wp","href":"https:\/\/api.w.org\/{rel}","templated":true}]}}

PRÁTICAS LABORATORIAIS CONTEMPORÂNEAS: DESAFIOS DE ENGAJAMENTO PARA FORMAÇÃO PROFISSIONAL

<p>Busca-se entender os desafios<br />
enfrentados no processo de unificação das práticas laboratoriais do curso de<br />
Jornalismo da Universidade Estácio de Sá – Niterói levado a cabo em 2019. O<br />
estudo das caraterísticas das gerações, para além das listas estanques; e do perfil do jornalista<br />
brasileiro, para além da frieza dos dados estatísticos, pode fornecer pistas para superar as<br />
dificuldades no cumprimento das Diretrizes Curriculares Nacionais e, especificamente, no<br />
engajamento dos discentes no planejamento, execução de atividades laboratoriais que, na<br />
prática, os diferenciem dos simples internautas das redes sociais, blogueiros, youtubers e<br />
influenciadores digitais.</p>

Características Geracionais, Perfil Profissional do Jornalista Brasileiro, Formação Jornalística, Práticas Laboratoriais, Nucom Jornalismo Niterói

Produção Laboratorial eletrônicos e impressos
