{"id":1342,"date":"2023-10-10T09:53:22","date_gmt":"2023-10-10T12:53:22","guid":{"rendered":"https:\/\/repositorio.abejor.org.br\/?post_type=anal&#038;p=1342"},"modified":"2023-10-10T09:53:22","modified_gmt":"2023-10-10T12:53:22","slug":"a-importancia-do-fotojornalismo-em-tempos-de-desinformacao-de-lewis-hine-a-umberto-eco","status":"publish","type":"anal","link":"https:\/\/repositorio.abejor.org.br\/?anal=a-importancia-do-fotojornalismo-em-tempos-de-desinformacao-de-lewis-hine-a-umberto-eco","title":{"rendered":"A IMPORT\u00c2NCIA DO FOTOJORNALISMO EM TEMPOS DE (DES)INFORMA\u00c7\u00c3O \u2013 DE LEWIS HINE A UMBERTO ECO"},"excerpt":{"rendered":"<p>O fotojornalismo desde sua descoberta \u00e9 questionado como seguimento art\u00edstico e em sua<br \/>\nveracidade na captura da imagem. Alguns autores chegam a afirmar que essa forma de<br \/>\ndocumenta\u00e7\u00e3o est\u00e1 morta. Portanto, esse trabalho busca mostrar que a fotografia, al\u00e9m de ser<br \/>\narte, est\u00e1 mais viva do que muitos acreditam, com in\u00fameras possibilidades para documenta\u00e7\u00e3o,<br \/>\ne que a cada dia ressurge como uma f\u00eanix, pronta para travar novas batalhas.<\/p>\n","protected":false},"template":"","grupo_pesquisa":[12],"class_list":["post-1342","anal","type-anal","status-publish","hentry","grupo_pesquisa-producao-laboratorial-eletronicos-e-impressos"],"arquivo":{"ID":"1343","post_author":"2","post_date":"2023-10-10 09:52:51","post_date_gmt":"2023-10-10 12:52:51","post_content":"","post_title":"336-1271-1-PB","post_excerpt":"","post_status":"inherit","comment_status":"open","ping_status":"closed","post_password":"","post_name":"336-1271-1-pb","to_ping":"","pinged":"","post_modified":"2023-10-10 09:53:22","post_modified_gmt":"2023-10-10 12:53:22","post_content_filtered":"","post_parent":"1342","guid":"https:\/\/repositorio.abejor.org.br\/wp-content\/uploads\/2023\/10\/336-1271-1-PB.pdf","menu_order":"0","post_type":"attachment","post_mime_type":"application\/pdf","comment_count":"0","pod_item_id":"1343"},"autor":"Erivam Morais de Oliveira","palavras_chaves":"Fotojornalismo, P\u00f3s-verdade, Converg\u00eancia, Redes Sociais, Jornalismo","evento":false,"grupo_de_pesquisa":[{"term_id":12,"name":"Produ\u00e7\u00e3o Laboratorial eletr\u00f4nicos e impressos","slug":"producao-laboratorial-eletronicos-e-impressos","description":"","taxonomy":"grupo_pesquisa","parent":0,"term_taxonomy_id":12,"term_group":0,"count":167,"object_id":null,"term_order":null,"id":12}],"_links":{"self":[{"href":"https:\/\/repositorio.abejor.org.br\/index.php\/wp-json\/wp\/v2\/anal\/1342","targetHints":{"allow":["GET"]}}],"collection":[{"href":"https:\/\/repositorio.abejor.org.br\/index.php\/wp-json\/wp\/v2\/anal"}],"about":[{"href":"https:\/\/repositorio.abejor.org.br\/index.php\/wp-json\/wp\/v2\/types\/anal"}],"wp:attachment":[{"href":"https:\/\/repositorio.abejor.org.br\/index.php\/wp-json\/wp\/v2\/media?parent=1342"}],"wp:term":[{"taxonomy":"grupo_pesquisa","embeddable":true,"href":"https:\/\/repositorio.abejor.org.br\/index.php\/wp-json\/wp\/v2\/grupo_pesquisa?post=1342"}],"curies":[{"name":"wp","href":"https:\/\/api.w.org\/{rel}","templated":true}]}}

A IMPORTÂNCIA DO FOTOJORNALISMO EM TEMPOS DE (DES)INFORMAÇÃO – DE LEWIS HINE A UMBERTO ECO

<p>O fotojornalismo desde sua descoberta é questionado como seguimento artístico e em sua<br />
veracidade na captura da imagem. Alguns autores chegam a afirmar que essa forma de<br />
documentação está morta. Portanto, esse trabalho busca mostrar que a fotografia, além de ser<br />
arte, está mais viva do que muitos acreditam, com inúmeras possibilidades para documentação,<br />
e que a cada dia ressurge como uma fênix, pronta para travar novas batalhas.</p>

Fotojornalismo, Pós-verdade, Convergência, Redes Sociais, Jornalismo

Produção Laboratorial eletrônicos e impressos
