{"id":1338,"date":"2023-10-10T09:22:50","date_gmt":"2023-10-10T12:22:50","guid":{"rendered":"https:\/\/repositorio.abejor.org.br\/?post_type=anal&#038;p=1338"},"modified":"2023-10-10T09:22:50","modified_gmt":"2023-10-10T12:22:50","slug":"ensino-de-assessoria-de-imprensa-consideracoes-preliminares-sobre-a-implantacao-das-diretrizes-curriculares-nacionais-para-o-curso-de-jornalismo-2","status":"publish","type":"anal","link":"https:\/\/repositorio.abejor.org.br\/?anal=ensino-de-assessoria-de-imprensa-consideracoes-preliminares-sobre-a-implantacao-das-diretrizes-curriculares-nacionais-para-o-curso-de-jornalismo-2","title":{"rendered":"ENSINO DE ASSESSORIA DE IMPRENSA: CONSIDERA\u00c7\u00d5ES PRELIMINARES SOBRE A IMPLANTA\u00c7\u00c3O DAS DIRETRIZES CURRICULARES NACIONAIS PARA O CURSO DE JORNALISMO"},"excerpt":{"rendered":"<p>O presente trabalho tem como objetivo apresentar o mapeamento da implanta\u00e7\u00e3o do ensino de<br \/>\nAssessoria de Imprensa no Rio de Janeiro, buscando diagnosticar a nova realidade trazida pelas<br \/>\nDiretrizes Curriculares Nacionais no Jornalismo \u2013 (Resolu\u00e7\u00e3o CNE\/CES N\u00ba 1, de 2013), que<br \/>\npela primeira vez inclui a Assessoria de Imprensa nos instrumentos do ensino do Jornalismo. <\/p>\n","protected":false},"template":"","grupo_pesquisa":[13],"class_list":["post-1338","anal","type-anal","status-publish","hentry","grupo_pesquisa-projetos-pedagogicos-e-metodologias-de-ensino"],"arquivo":{"ID":"1339","post_author":"2","post_date":"2023-10-10 09:22:20","post_date_gmt":"2023-10-10 12:22:20","post_content":"","post_title":"381-1268-1-PB","post_excerpt":"","post_status":"inherit","comment_status":"open","ping_status":"closed","post_password":"","post_name":"381-1268-1-pb","to_ping":"","pinged":"","post_modified":"2023-10-10 09:22:50","post_modified_gmt":"2023-10-10 12:22:50","post_content_filtered":"","post_parent":"1338","guid":"https:\/\/repositorio.abejor.org.br\/wp-content\/uploads\/2023\/10\/381-1268-1-PB.pdf","menu_order":"0","post_type":"attachment","post_mime_type":"application\/pdf","comment_count":"0","pod_item_id":"1339"},"autor":"Carmen Lucia Ribeiro Pereira;  Washington Roberto dos Santos","palavras_chaves":"ssessoria de Imprensa, Ensino. Diretrizes Curriculares, Jornalismo","evento":false,"grupo_de_pesquisa":[{"term_id":13,"name":"Projetos Pedag\u00f3gicos e Metodologias de Ensino","slug":"projetos-pedagogicos-e-metodologias-de-ensino","description":"","taxonomy":"grupo_pesquisa","parent":0,"term_taxonomy_id":13,"term_group":0,"count":162,"object_id":null,"term_order":null,"id":13}],"_links":{"self":[{"href":"https:\/\/repositorio.abejor.org.br\/index.php\/wp-json\/wp\/v2\/anal\/1338","targetHints":{"allow":["GET"]}}],"collection":[{"href":"https:\/\/repositorio.abejor.org.br\/index.php\/wp-json\/wp\/v2\/anal"}],"about":[{"href":"https:\/\/repositorio.abejor.org.br\/index.php\/wp-json\/wp\/v2\/types\/anal"}],"wp:attachment":[{"href":"https:\/\/repositorio.abejor.org.br\/index.php\/wp-json\/wp\/v2\/media?parent=1338"}],"wp:term":[{"taxonomy":"grupo_pesquisa","embeddable":true,"href":"https:\/\/repositorio.abejor.org.br\/index.php\/wp-json\/wp\/v2\/grupo_pesquisa?post=1338"}],"curies":[{"name":"wp","href":"https:\/\/api.w.org\/{rel}","templated":true}]}}

ENSINO DE ASSESSORIA DE IMPRENSA: CONSIDERAÇÕES PRELIMINARES SOBRE A IMPLANTAÇÃO DAS DIRETRIZES CURRICULARES NACIONAIS PARA O CURSO DE JORNALISMO

<p>O presente trabalho tem como objetivo apresentar o mapeamento da implantação do ensino de<br />
Assessoria de Imprensa no Rio de Janeiro, buscando diagnosticar a nova realidade trazida pelas<br />
Diretrizes Curriculares Nacionais no Jornalismo – (Resolução CNE/CES Nº 1, de 2013), que<br />
pela primeira vez inclui a Assessoria de Imprensa nos instrumentos do ensino do Jornalismo. </p>

Projetos Pedagógicos e Metodologias de Ensino
