{"id":1332,"date":"2023-10-10T09:15:17","date_gmt":"2023-10-10T12:15:17","guid":{"rendered":"https:\/\/repositorio.abejor.org.br\/?post_type=anal&#038;p=1332"},"modified":"2023-10-10T09:15:17","modified_gmt":"2023-10-10T12:15:17","slug":"o-ensino-de-fotografia-nos-documentos-educacionais-de-jornalismo-uma-proposta-metodologica-visual-atraves-da-analise-arqueologica-do-discurso","status":"publish","type":"anal","link":"https:\/\/repositorio.abejor.org.br\/?anal=o-ensino-de-fotografia-nos-documentos-educacionais-de-jornalismo-uma-proposta-metodologica-visual-atraves-da-analise-arqueologica-do-discurso","title":{"rendered":"O ENSINO DE FOTOGRAFIA NOS DOCUMENTOS EDUCACIONAIS DE JORNALISMO: UMA PROPOSTA METODOL\u00d3GICA VISUAL ATRAV\u00c9S DA AN\u00c1LISE ARQUEOL\u00d3GICA DO DISCURSO"},"excerpt":{"rendered":"<p>Este trabalho traz uma exemplifica\u00e7\u00e3o do uso da ferramenta da \u00c1rvore de Deriva\u00e7\u00e3o<br \/>\nArqueol\u00f3gica como forma de sistematizar visualmente o percurso trilhado pelo pesquisador que<br \/>\ncaminha pela An\u00e1lise Arqueol\u00f3gica do Discurso (Foucault, 2005). <\/p>\n","protected":false},"template":"","grupo_pesquisa":[13],"class_list":["post-1332","anal","type-anal","status-publish","hentry","grupo_pesquisa-projetos-pedagogicos-e-metodologias-de-ensino"],"arquivo":{"ID":"1333","post_author":"2","post_date":"2023-10-10 09:14:21","post_date_gmt":"2023-10-10 12:14:21","post_content":"","post_title":"338-1266-1-PB","post_excerpt":"","post_status":"inherit","comment_status":"open","ping_status":"closed","post_password":"","post_name":"338-1266-1-pb","to_ping":"","pinged":"","post_modified":"2023-10-10 09:15:17","post_modified_gmt":"2023-10-10 12:15:17","post_content_filtered":"","post_parent":"1332","guid":"https:\/\/repositorio.abejor.org.br\/wp-content\/uploads\/2023\/10\/338-1266-1-PB.pdf","menu_order":"0","post_type":"attachment","post_mime_type":"application\/pdf","comment_count":"0","pod_item_id":"1333"},"autor":"Agda Patr\u00edcia Pontes de Aquino;  Erenildo Jo\u00e3o Carlos","palavras_chaves":"Fotografia, Ensino, Jornalismo, Arqueologia, \u00c1rvore de Deriva\u00e7\u00e3o","evento":false,"grupo_de_pesquisa":[{"term_id":13,"name":"Projetos Pedag\u00f3gicos e Metodologias de Ensino","slug":"projetos-pedagogicos-e-metodologias-de-ensino","description":"","taxonomy":"grupo_pesquisa","parent":0,"term_taxonomy_id":13,"term_group":0,"count":162,"object_id":null,"term_order":null,"id":13}],"_links":{"self":[{"href":"https:\/\/repositorio.abejor.org.br\/index.php\/wp-json\/wp\/v2\/anal\/1332","targetHints":{"allow":["GET"]}}],"collection":[{"href":"https:\/\/repositorio.abejor.org.br\/index.php\/wp-json\/wp\/v2\/anal"}],"about":[{"href":"https:\/\/repositorio.abejor.org.br\/index.php\/wp-json\/wp\/v2\/types\/anal"}],"wp:attachment":[{"href":"https:\/\/repositorio.abejor.org.br\/index.php\/wp-json\/wp\/v2\/media?parent=1332"}],"wp:term":[{"taxonomy":"grupo_pesquisa","embeddable":true,"href":"https:\/\/repositorio.abejor.org.br\/index.php\/wp-json\/wp\/v2\/grupo_pesquisa?post=1332"}],"curies":[{"name":"wp","href":"https:\/\/api.w.org\/{rel}","templated":true}]}}

O ENSINO DE FOTOGRAFIA NOS DOCUMENTOS EDUCACIONAIS DE JORNALISMO: UMA PROPOSTA METODOLÓGICA VISUAL ATRAVÉS DA ANÁLISE ARQUEOLÓGICA DO DISCURSO

<p>Este trabalho traz uma exemplificação do uso da ferramenta da Árvore de Derivação<br />
Arqueológica como forma de sistematizar visualmente o percurso trilhado pelo pesquisador que<br />
caminha pela Análise Arqueológica do Discurso (Foucault, 2005). </p>

Agda Patrícia Pontes de Aquino;  Erenildo João Carlos

Fotografia, Ensino, Jornalismo, Arqueologia, Árvore de Derivação

Projetos Pedagógicos e Metodologias de Ensino
