{"id":1326,"date":"2023-10-10T09:08:57","date_gmt":"2023-10-10T12:08:57","guid":{"rendered":"https:\/\/repositorio.abejor.org.br\/?post_type=anal&#038;p=1326"},"modified":"2023-10-10T09:08:57","modified_gmt":"2023-10-10T12:08:57","slug":"diversidade-em-ciencia-em-perspectiva-etnomidialogica-a-praxis-do-jornalismo-cientifico-na-cobertura-midiatica-especializada-das-diversidades-e-direitos-humanos","status":"publish","type":"anal","link":"https:\/\/repositorio.abejor.org.br\/?anal=diversidade-em-ciencia-em-perspectiva-etnomidialogica-a-praxis-do-jornalismo-cientifico-na-cobertura-midiatica-especializada-das-diversidades-e-direitos-humanos","title":{"rendered":"\u2018DIVERSIDADE EM CI\u00caNCIA\u2019 EM PERSPECTIVA ETNOMIDIAL\u00d3GICA: A PR\u00c1XIS DO JORNALISMO CIENT\u00cdFICO NA COBERTURA MIDI\u00c1TICA ESPECIALIZADA DAS DIVERSIDADES E DIREITOS HUMANOS"},"excerpt":{"rendered":"<p>Este artigo tem por objetivo abordar a divulga\u00e7\u00e3o cient\u00edfica, no campo do Jornalismo Cient\u00edfico,<br \/>\ncom enfoque em direitos humanos e diversidades \u00e9tnico-sociais (quest\u00f5es \u00e9tnicas, identidades<br \/>\nde g\u00eanero, identit\u00e1rias, dentre outras) e direitos humanos. Trata-se de relato cient\u00edfico das<br \/>\ncaracter\u00edsticas espec\u00edficas desses tipos de coberturas especializadas. <\/p>\n","protected":false},"template":"","grupo_pesquisa":[13],"class_list":["post-1326","anal","type-anal","status-publish","hentry","grupo_pesquisa-projetos-pedagogicos-e-metodologias-de-ensino"],"arquivo":{"ID":"1327","post_author":"2","post_date":"2023-10-10 09:08:13","post_date_gmt":"2023-10-10 12:08:13","post_content":"","post_title":"366-1262-1-PB","post_excerpt":"","post_status":"inherit","comment_status":"open","ping_status":"closed","post_password":"","post_name":"366-1262-1-pb","to_ping":"","pinged":"","post_modified":"2023-10-10 09:08:57","post_modified_gmt":"2023-10-10 12:08:57","post_content_filtered":"","post_parent":"1326","guid":"https:\/\/repositorio.abejor.org.br\/wp-content\/uploads\/2023\/10\/366-1262-1-PB.pdf","menu_order":"0","post_type":"attachment","post_mime_type":"application\/pdf","comment_count":"0","pod_item_id":"1327"},"autor":"Ricardo Alexino Ferreira","palavras_chaves":"Etnomidialogia, Jornalismo Cient\u00edfico, Divulga\u00e7\u00e3o Cient\u00edfica, Direitos Humanos, Diversidades, R\u00e1dio","evento":false,"grupo_de_pesquisa":[{"term_id":13,"name":"Projetos Pedag\u00f3gicos e Metodologias de Ensino","slug":"projetos-pedagogicos-e-metodologias-de-ensino","description":"","taxonomy":"grupo_pesquisa","parent":0,"term_taxonomy_id":13,"term_group":0,"count":162,"object_id":null,"term_order":null,"id":13}],"_links":{"self":[{"href":"https:\/\/repositorio.abejor.org.br\/index.php\/wp-json\/wp\/v2\/anal\/1326","targetHints":{"allow":["GET"]}}],"collection":[{"href":"https:\/\/repositorio.abejor.org.br\/index.php\/wp-json\/wp\/v2\/anal"}],"about":[{"href":"https:\/\/repositorio.abejor.org.br\/index.php\/wp-json\/wp\/v2\/types\/anal"}],"wp:attachment":[{"href":"https:\/\/repositorio.abejor.org.br\/index.php\/wp-json\/wp\/v2\/media?parent=1326"}],"wp:term":[{"taxonomy":"grupo_pesquisa","embeddable":true,"href":"https:\/\/repositorio.abejor.org.br\/index.php\/wp-json\/wp\/v2\/grupo_pesquisa?post=1326"}],"curies":[{"name":"wp","href":"https:\/\/api.w.org\/{rel}","templated":true}]}}

‘DIVERSIDADE EM CIÊNCIA’ EM PERSPECTIVA ETNOMIDIALÓGICA: A PRÁXIS DO JORNALISMO CIENTÍFICO NA COBERTURA MIDIÁTICA ESPECIALIZADA DAS DIVERSIDADES E DIREITOS HUMANOS

<p>Este artigo tem por objetivo abordar a divulgação científica, no campo do Jornalismo Científico,<br />
com enfoque em direitos humanos e diversidades étnico-sociais (questões étnicas, identidades<br />
de gênero, identitárias, dentre outras) e direitos humanos. Trata-se de relato científico das<br />
características específicas desses tipos de coberturas especializadas. </p>

Etnomidialogia, Jornalismo Científico, Divulgação Científica, Direitos Humanos, Diversidades, Rádio

Projetos Pedagógicos e Metodologias de Ensino
