{"id":1324,"date":"2023-10-10T09:06:58","date_gmt":"2023-10-10T12:06:58","guid":{"rendered":"https:\/\/repositorio.abejor.org.br\/?post_type=anal&#038;p=1324"},"modified":"2023-10-10T09:06:58","modified_gmt":"2023-10-10T12:06:58","slug":"sujeito-do-aprendizado-no-ensino-de-jornalismo-consideracoes-sobre-estrategias-didaticas-na-producao-de-texto-noticioso","status":"publish","type":"anal","link":"https:\/\/repositorio.abejor.org.br\/?anal=sujeito-do-aprendizado-no-ensino-de-jornalismo-consideracoes-sobre-estrategias-didaticas-na-producao-de-texto-noticioso","title":{"rendered":"SUJEITO DO APRENDIZADO NO ENSINO DE JORNALISMO: CONSIDERA\u00c7\u00d5ES SOBRE ESTRAT\u00c9GIAS DID\u00c1TICAS NA PRODU\u00c7\u00c3O DE TEXTO NOTICIOSO"},"excerpt":{"rendered":"<p>O presente texto descreve uma experi\u00eancia com metodologias de ensino em Jornalismo,<br \/>\nelaborada em sintonia com o projeto pedag\u00f3gico do Curso de Jornalismo da UEPG, em execu\u00e7\u00e3o<br \/>\ncom estudantes (ingressantes) para produ\u00e7\u00e3o semanal de texto jornal\u00edstico focado em produ\u00e7\u00e3o<br \/>\nde notas e not\u00edcias. A proposta apresenta um modelo referencial de an\u00e1lise da produ\u00e7\u00e3o pautada<br \/>\nem sistemas avaliativos continuados (permanentes ao longo do ano letivo da disciplina). Tratase de uma experi\u00eancia em andamento, com ajustes e adapta\u00e7\u00f5es registradas ao longo dos anos<br \/>\n2005 a 2020, de modo intercalado (um ano sim, outro n\u00e3o) na referida institui\u00e7\u00e3o de ensino<br \/>\nsuperior.<\/p>\n","protected":false},"template":"","grupo_pesquisa":[13],"class_list":["post-1324","anal","type-anal","status-publish","hentry","grupo_pesquisa-projetos-pedagogicos-e-metodologias-de-ensino"],"arquivo":{"ID":"1325","post_author":"2","post_date":"2023-10-10 09:06:24","post_date_gmt":"2023-10-10 12:06:24","post_content":"","post_title":"364-1261-1-PB","post_excerpt":"","post_status":"inherit","comment_status":"open","ping_status":"closed","post_password":"","post_name":"364-1261-1-pb","to_ping":"","pinged":"","post_modified":"2023-10-10 09:06:58","post_modified_gmt":"2023-10-10 12:06:58","post_content_filtered":"","post_parent":"1324","guid":"https:\/\/repositorio.abejor.org.br\/wp-content\/uploads\/2023\/10\/364-1261-1-PB.pdf","menu_order":"0","post_type":"attachment","post_mime_type":"application\/pdf","comment_count":"0","pod_item_id":"1325"},"autor":"S\u00e9rgio Luiz Gadini","palavras_chaves":"Ensino de Jornalismo, Produ\u00e7\u00e3o de Texto, Not\u00edcia, Metodologias de Ensino em Jornalismo","evento":false,"grupo_de_pesquisa":[{"term_id":13,"name":"Projetos Pedag\u00f3gicos e Metodologias de Ensino","slug":"projetos-pedagogicos-e-metodologias-de-ensino","description":"","taxonomy":"grupo_pesquisa","parent":0,"term_taxonomy_id":13,"term_group":0,"count":162,"object_id":null,"term_order":null,"id":13}],"_links":{"self":[{"href":"https:\/\/repositorio.abejor.org.br\/index.php\/wp-json\/wp\/v2\/anal\/1324","targetHints":{"allow":["GET"]}}],"collection":[{"href":"https:\/\/repositorio.abejor.org.br\/index.php\/wp-json\/wp\/v2\/anal"}],"about":[{"href":"https:\/\/repositorio.abejor.org.br\/index.php\/wp-json\/wp\/v2\/types\/anal"}],"wp:attachment":[{"href":"https:\/\/repositorio.abejor.org.br\/index.php\/wp-json\/wp\/v2\/media?parent=1324"}],"wp:term":[{"taxonomy":"grupo_pesquisa","embeddable":true,"href":"https:\/\/repositorio.abejor.org.br\/index.php\/wp-json\/wp\/v2\/grupo_pesquisa?post=1324"}],"curies":[{"name":"wp","href":"https:\/\/api.w.org\/{rel}","templated":true}]}}

SUJEITO DO APRENDIZADO NO ENSINO DE JORNALISMO: CONSIDERAÇÕES SOBRE ESTRATÉGIAS DIDÁTICAS NA PRODUÇÃO DE TEXTO NOTICIOSO

<p>O presente texto descreve uma experiência com metodologias de ensino em Jornalismo,<br />
elaborada em sintonia com o projeto pedagógico do Curso de Jornalismo da UEPG, em execução<br />
com estudantes (ingressantes) para produção semanal de texto jornalístico focado em produção<br />
de notas e notícias. A proposta apresenta um modelo referencial de análise da produção pautada<br />
em sistemas avaliativos continuados (permanentes ao longo do ano letivo da disciplina). Tratase de uma experiência em andamento, com ajustes e adaptações registradas ao longo dos anos<br />
2005 a 2020, de modo intercalado (um ano sim, outro não) na referida instituição de ensino<br />
superior.</p>

Sérgio Luiz Gadini

Ensino de Jornalismo, Produção de Texto, Notícia, Metodologias de Ensino em Jornalismo

Projetos Pedagógicos e Metodologias de Ensino
