{"id":1314,"date":"2023-10-10T08:53:51","date_gmt":"2023-10-10T11:53:51","guid":{"rendered":"https:\/\/repositorio.abejor.org.br\/?post_type=anal&#038;p=1314"},"modified":"2023-10-10T08:53:51","modified_gmt":"2023-10-10T11:53:51","slug":"o-estagio-em-jornalismo-como-pratica-na-central-de-noticias-uninter","status":"publish","type":"anal","link":"https:\/\/repositorio.abejor.org.br\/?anal=o-estagio-em-jornalismo-como-pratica-na-central-de-noticias-uninter","title":{"rendered":"O EST\u00c1GIO EM JORNALISMO COMO PR\u00c1TICA NA CENTRAL DE NOT\u00cdCIAS UNINTER"},"excerpt":{"rendered":"<p>Descreve-se a experi\u00eancia do est\u00e1gio ofertado pelo Centro Universit\u00e1rio Internacional Uninter<br \/>\naos estudantes de jornalismo dentro da pr\u00f3pria institui\u00e7\u00e3o. Aborda-se a pol\u00edtica institucional de<br \/>\nvalorizar a forma\u00e7\u00e3o dos discentes, remunerando-os e colocando \u00e0 disposi\u00e7\u00e3o tr\u00eas professores<br \/>\npara dar aten\u00e7\u00e3o individualizada a cada um no processo de produ\u00e7\u00e3o de not\u00edcias relacionadas \u00e0<br \/>\ninstitui\u00e7\u00e3o. Este relato traz ainda a evolu\u00e7\u00e3o gradativa do setor onde esses alunos fazem est\u00e1gio,<br \/>\nat\u00e9 a consolida\u00e7\u00e3o da Central de Not\u00edcias Uninter (CNU), que comporta um site de not\u00edcias, uma<br \/>\nr\u00e1dio web e um n\u00facleo de v\u00eddeo. Descreve-se as rotinas de produ\u00e7\u00e3o jornal\u00edstica durante o<br \/>\nest\u00e1gio supervisionado e as oportunidades de trabalho resultantes deste trabalho de forma\u00e7\u00e3o<br \/>\nque alia as teorias do jornalismo \u00e0s pr\u00e1ticas profissionais.<\/p>\n","protected":false},"template":"","grupo_pesquisa":[13],"class_list":["post-1314","anal","type-anal","status-publish","hentry","grupo_pesquisa-projetos-pedagogicos-e-metodologias-de-ensino"],"arquivo":{"ID":"1315","post_author":"2","post_date":"2023-10-10 08:53:40","post_date_gmt":"2023-10-10 11:53:40","post_content":"","post_title":"321-1256-1-PB","post_excerpt":"","post_status":"inherit","comment_status":"open","ping_status":"closed","post_password":"","post_name":"321-1256-1-pb","to_ping":"","pinged":"","post_modified":"2023-10-10 08:53:51","post_modified_gmt":"2023-10-10 11:53:51","post_content_filtered":"","post_parent":"1314","guid":"https:\/\/repositorio.abejor.org.br\/wp-content\/uploads\/2023\/10\/321-1256-1-PB.pdf","menu_order":"0","post_type":"attachment","post_mime_type":"application\/pdf","comment_count":"0","pod_item_id":"1315"},"autor":"Mauri K\u00f6nig","palavras_chaves":"Est\u00e1gio em jornalismo, Est\u00e1gio supervisionado, Adequa\u00e7\u00e3o did\u00e1tico-pedag\u00f3gico, Ensino de Jornalismo, Diretrizes Curriculares Jornalismo","evento":false,"grupo_de_pesquisa":[{"term_id":13,"name":"Projetos Pedag\u00f3gicos e Metodologias de Ensino","slug":"projetos-pedagogicos-e-metodologias-de-ensino","description":"","taxonomy":"grupo_pesquisa","parent":0,"term_taxonomy_id":13,"term_group":0,"count":162,"object_id":null,"term_order":null,"id":13}],"_links":{"self":[{"href":"https:\/\/repositorio.abejor.org.br\/index.php\/wp-json\/wp\/v2\/anal\/1314","targetHints":{"allow":["GET"]}}],"collection":[{"href":"https:\/\/repositorio.abejor.org.br\/index.php\/wp-json\/wp\/v2\/anal"}],"about":[{"href":"https:\/\/repositorio.abejor.org.br\/index.php\/wp-json\/wp\/v2\/types\/anal"}],"wp:attachment":[{"href":"https:\/\/repositorio.abejor.org.br\/index.php\/wp-json\/wp\/v2\/media?parent=1314"}],"wp:term":[{"taxonomy":"grupo_pesquisa","embeddable":true,"href":"https:\/\/repositorio.abejor.org.br\/index.php\/wp-json\/wp\/v2\/grupo_pesquisa?post=1314"}],"curies":[{"name":"wp","href":"https:\/\/api.w.org\/{rel}","templated":true}]}}

O ESTÁGIO EM JORNALISMO COMO PRÁTICA NA CENTRAL DE NOTÍCIAS UNINTER

<p>Descreve-se a experiência do estágio ofertado pelo Centro Universitário Internacional Uninter<br />
aos estudantes de jornalismo dentro da própria instituição. Aborda-se a política institucional de<br />
valorizar a formação dos discentes, remunerando-os e colocando à disposição três professores<br />
para dar atenção individualizada a cada um no processo de produção de notícias relacionadas à<br />
instituição. Este relato traz ainda a evolução gradativa do setor onde esses alunos fazem estágio,<br />
até a consolidação da Central de Notícias Uninter (CNU), que comporta um site de notícias, uma<br />
rádio web e um núcleo de vídeo. Descreve-se as rotinas de produção jornalística durante o<br />
estágio supervisionado e as oportunidades de trabalho resultantes deste trabalho de formação<br />
que alia as teorias do jornalismo às práticas profissionais.</p>

Mauri König

Estágio em jornalismo, Estágio supervisionado, Adequação didático-pedagógico, Ensino de Jornalismo, Diretrizes Curriculares Jornalismo

Projetos Pedagógicos e Metodologias de Ensino
