{"id":1294,"date":"2023-10-09T22:58:07","date_gmt":"2023-10-10T01:58:07","guid":{"rendered":"https:\/\/repositorio.abejor.org.br\/?post_type=anal&#038;p=1294"},"modified":"2023-10-09T22:58:07","modified_gmt":"2023-10-10T01:58:07","slug":"o-breve-jornal-panorama-percepcoes-do-jornalismo-na-versao-de-remanescentes-de-experiencia-editorial","status":"publish","type":"anal","link":"https:\/\/repositorio.abejor.org.br\/?anal=o-breve-jornal-panorama-percepcoes-do-jornalismo-na-versao-de-remanescentes-de-experiencia-editorial","title":{"rendered":"O BREVE JORNAL PANORAMA: PERCEP\u00c7\u00d5ES DO JORNALISMO NA VERS\u00c3O DE REMANESCENTES DE EXPERI\u00caNCIA EDITORIAL"},"excerpt":{"rendered":"<p>O objetivo deste artigo \u00e9 explorar as percep\u00e7\u00f5es do fazer jornal\u00edstico na d\u00e9cada de 1970, a<br \/>\npartir de uma s\u00e9rie de sete entrevistas em profundidade feitas com veteranos do peri\u00f3dico, para projeto<br \/>\nde inicia\u00e7\u00e3o cient\u00edfica.<\/p>\n","protected":false},"template":"","grupo_pesquisa":[11],"class_list":["post-1294","anal","type-anal","status-publish","hentry","grupo_pesquisa-pesquisa-na-graduacao"],"arquivo":{"ID":"1295","post_author":"2","post_date":"2023-10-09 22:55:54","post_date_gmt":"2023-10-10 01:55:54","post_content":"","post_title":"400-1251-1-PB","post_excerpt":"","post_status":"inherit","comment_status":"open","ping_status":"closed","post_password":"","post_name":"400-1251-1-pb","to_ping":"","pinged":"","post_modified":"2023-10-09 22:58:02","post_modified_gmt":"2023-10-10 01:58:02","post_content_filtered":"","post_parent":"1294","guid":"https:\/\/repositorio.abejor.org.br\/wp-content\/uploads\/2023\/10\/400-1251-1-PB.pdf","menu_order":"0","post_type":"attachment","post_mime_type":"application\/pdf","comment_count":"0","pod_item_id":"1295"},"autor":"Lu\u00edsa Lis Andrade MAINARDES; Catarina FRANCEIRA; Giovana FRIOLI; Milena A\u00edssa da Silva GUILMO; Eduardo Magalh\u00e3es OLIVEIRA; Hiago RIZZI; Jos\u00e9 Carlos FERNANDES","palavras_chaves":"Jornal Panorama, Imprensa paranaense, Paulo Pimentel, Resist\u00eancia democr\u00e1tica, Ditadura militar","evento":false,"grupo_de_pesquisa":[{"term_id":11,"name":"Pesquisa na Gradua\u00e7\u00e3o","slug":"pesquisa-na-graduacao","description":"","taxonomy":"grupo_pesquisa","parent":0,"term_taxonomy_id":11,"term_group":0,"count":316,"object_id":null,"term_order":null,"id":11}],"_links":{"self":[{"href":"https:\/\/repositorio.abejor.org.br\/index.php\/wp-json\/wp\/v2\/anal\/1294","targetHints":{"allow":["GET"]}}],"collection":[{"href":"https:\/\/repositorio.abejor.org.br\/index.php\/wp-json\/wp\/v2\/anal"}],"about":[{"href":"https:\/\/repositorio.abejor.org.br\/index.php\/wp-json\/wp\/v2\/types\/anal"}],"wp:attachment":[{"href":"https:\/\/repositorio.abejor.org.br\/index.php\/wp-json\/wp\/v2\/media?parent=1294"}],"wp:term":[{"taxonomy":"grupo_pesquisa","embeddable":true,"href":"https:\/\/repositorio.abejor.org.br\/index.php\/wp-json\/wp\/v2\/grupo_pesquisa?post=1294"}],"curies":[{"name":"wp","href":"https:\/\/api.w.org\/{rel}","templated":true}]}}

O BREVE JORNAL PANORAMA: PERCEPÇÕES DO JORNALISMO NA VERSÃO DE REMANESCENTES DE EXPERIÊNCIA EDITORIAL

<p>O objetivo deste artigo é explorar as percepções do fazer jornalístico na década de 1970, a<br />
partir de uma série de sete entrevistas em profundidade feitas com veteranos do periódico, para projeto<br />
de iniciação científica.</p>

Luísa Lis Andrade MAINARDES; Catarina FRANCEIRA; Giovana FRIOLI; Milena Aíssa da Silva GUILMO; Eduardo Magalhães OLIVEIRA; Hiago RIZZI; José Carlos FERNANDES

Jornal Panorama, Imprensa paranaense, Paulo Pimentel, Resistência democrática, Ditadura militar

Pesquisa na Graduação
