{"id":1290,"date":"2023-10-09T22:52:45","date_gmt":"2023-10-10T01:52:45","guid":{"rendered":"https:\/\/repositorio.abejor.org.br\/?post_type=anal&#038;p=1290"},"modified":"2023-10-09T22:52:45","modified_gmt":"2023-10-10T01:52:45","slug":"podcast-fala-calango-experienciando-o-fazer-jornalistico-na-pandemia-do-coronovavirus","status":"publish","type":"anal","link":"https:\/\/repositorio.abejor.org.br\/?anal=podcast-fala-calango-experienciando-o-fazer-jornalistico-na-pandemia-do-coronovavirus","title":{"rendered":"PODCAST FALA CALANGO: EXPERIENCIANDO O FAZER JORNAL\u00cdSTICO NA PANDEMIA DO CORONOVAV\u00cdRUS"},"excerpt":{"rendered":"<p>Reflete sobre a aprendizagem do jornalismo durante a pandemia da Covid-19. O podcast Fala<br \/>\nCalango \u00e9 o resultado de uma experi\u00eancia de ensino remoto que as institui\u00e7\u00f5es de ensino<br \/>\ntiveram de adotar. Foram duas temporadas at\u00e9 o momento, com uma m\u00e9dia de 5 epis\u00f3dios por<br \/>\ntemporada. Os alunos se inscreveram no projeto e toda a produ\u00e7\u00e3o foi realizada de modo<br \/>\nvirtual: da pauta \u00e0 grava\u00e7\u00e3o. O podcast est\u00e1 nas principais plataformas de streaming e nas redes<br \/>\nsociais. Apresentamos, assim, um caminho de constru\u00e7\u00e3o conjunta de professores, estudantes e<br \/>\nt\u00e9cnicos para aprender\/ensinar a partir das novas condi\u00e7\u00f5es postas. <\/p>\n","protected":false},"template":"","grupo_pesquisa":[11],"class_list":["post-1290","anal","type-anal","status-publish","hentry","grupo_pesquisa-pesquisa-na-graduacao"],"arquivo":{"ID":"1291","post_author":"2","post_date":"2023-10-09 22:51:43","post_date_gmt":"2023-10-10 01:51:43","post_content":"","post_title":"340-1249-1-PB","post_excerpt":"","post_status":"inherit","comment_status":"open","ping_status":"closed","post_password":"","post_name":"340-1249-1-pb","to_ping":"","pinged":"","post_modified":"2023-10-09 22:52:45","post_modified_gmt":"2023-10-10 01:52:45","post_content_filtered":"","post_parent":"1290","guid":"https:\/\/repositorio.abejor.org.br\/wp-content\/uploads\/2023\/10\/340-1249-1-PB.pdf","menu_order":"0","post_type":"attachment","post_mime_type":"application\/pdf","comment_count":"0","pod_item_id":"1291"},"autor":"Marluce Zacariotti; Valqu\u00edria Guimar\u00e3es; Idglan Maia","palavras_chaves":"Podcast, Pandemia, Experi\u00eancia, Jornalismo, Ensino Remoto","evento":false,"grupo_de_pesquisa":[{"term_id":11,"name":"Pesquisa na Gradua\u00e7\u00e3o","slug":"pesquisa-na-graduacao","description":"","taxonomy":"grupo_pesquisa","parent":0,"term_taxonomy_id":11,"term_group":0,"count":316,"object_id":null,"term_order":null,"id":11}],"_links":{"self":[{"href":"https:\/\/repositorio.abejor.org.br\/index.php\/wp-json\/wp\/v2\/anal\/1290","targetHints":{"allow":["GET"]}}],"collection":[{"href":"https:\/\/repositorio.abejor.org.br\/index.php\/wp-json\/wp\/v2\/anal"}],"about":[{"href":"https:\/\/repositorio.abejor.org.br\/index.php\/wp-json\/wp\/v2\/types\/anal"}],"wp:attachment":[{"href":"https:\/\/repositorio.abejor.org.br\/index.php\/wp-json\/wp\/v2\/media?parent=1290"}],"wp:term":[{"taxonomy":"grupo_pesquisa","embeddable":true,"href":"https:\/\/repositorio.abejor.org.br\/index.php\/wp-json\/wp\/v2\/grupo_pesquisa?post=1290"}],"curies":[{"name":"wp","href":"https:\/\/api.w.org\/{rel}","templated":true}]}}

PODCAST FALA CALANGO: EXPERIENCIANDO O FAZER JORNALÍSTICO NA PANDEMIA DO CORONOVAVÍRUS

<p>Reflete sobre a aprendizagem do jornalismo durante a pandemia da Covid-19. O podcast Fala<br />
Calango é o resultado de uma experiência de ensino remoto que as instituições de ensino<br />
tiveram de adotar. Foram duas temporadas até o momento, com uma média de 5 episódios por<br />
temporada. Os alunos se inscreveram no projeto e toda a produção foi realizada de modo<br />
virtual: da pauta à gravação. O podcast está nas principais plataformas de streaming e nas redes<br />
sociais. Apresentamos, assim, um caminho de construção conjunta de professores, estudantes e<br />
técnicos para aprender/ensinar a partir das novas condições postas. </p>

Marluce Zacariotti; Valquíria Guimarães; Idglan Maia

Podcast, Pandemia, Experiência, Jornalismo, Ensino Remoto

Pesquisa na Graduação
