{"id":1286,"date":"2023-10-09T22:43:28","date_gmt":"2023-10-10T01:43:28","guid":{"rendered":"https:\/\/repositorio.abejor.org.br\/?post_type=anal&#038;p=1286"},"modified":"2023-10-09T22:43:28","modified_gmt":"2023-10-10T01:43:28","slug":"o-estagio-e-legal-e-traz-bons-resultados-relato-de-uma-pesquisa-realizada-com-estudantes-de-jornalismo","status":"publish","type":"anal","link":"https:\/\/repositorio.abejor.org.br\/?anal=o-estagio-e-legal-e-traz-bons-resultados-relato-de-uma-pesquisa-realizada-com-estudantes-de-jornalismo","title":{"rendered":"O EST\u00c1GIO \u00c9 LEGAL E TRAZ BONS RESULTADOS: RELATO DE UMA PESQUISA REALIZADA COM ESTUDANTES DE JORNALISMO"},"excerpt":{"rendered":"<p>O presente relato tem por objetivo descrever as contribui\u00e7\u00f5es do est\u00e1gio obrigat\u00f3rio<br \/>\npara os acad\u00eamicos do Curso de Jornalismo da Pontif\u00edcia Universidade Cat\u00f3lica do<br \/>\nParan\u00e1 (PUCPR) no decorrer de sua forma\u00e7\u00e3o universit\u00e1ria. Este estudo traz uma<br \/>\ns\u00edntese reflexiva realizada por meio de pesquisa aplicada via formul\u00e1rio online com 32<br \/>\nestudantes da universidade que realizaram est\u00e1gio obrigat\u00f3rio entre o segundo<br \/>\nsemestre de 2018 e o segundo semestre de 2019, no 6\u00ba per\u00edodo do curso.<\/p>\n","protected":false},"template":"","grupo_pesquisa":[11],"class_list":["post-1286","anal","type-anal","status-publish","hentry","grupo_pesquisa-pesquisa-na-graduacao"],"arquivo":{"ID":"1287","post_author":"2","post_date":"2023-10-09 22:42:37","post_date_gmt":"2023-10-10 01:42:37","post_content":"","post_title":"339-1247-1-PB","post_excerpt":"","post_status":"inherit","comment_status":"open","ping_status":"closed","post_password":"","post_name":"339-1247-1-pb","to_ping":"","pinged":"","post_modified":"2023-10-09 22:43:28","post_modified_gmt":"2023-10-10 01:43:28","post_content_filtered":"","post_parent":"1286","guid":"https:\/\/repositorio.abejor.org.br\/wp-content\/uploads\/2023\/10\/339-1247-1-PB.pdf","menu_order":"0","post_type":"attachment","post_mime_type":"application\/pdf","comment_count":"0","pod_item_id":"1287"},"autor":"Renan Colombo; Suyanne Tolentino de Souza","palavras_chaves":"Est\u00e1gio obrigat\u00f3rio, Jornalismo, Forma\u00e7\u00e3o, Universidade","evento":false,"grupo_de_pesquisa":[{"term_id":11,"name":"Pesquisa na Gradua\u00e7\u00e3o","slug":"pesquisa-na-graduacao","description":"","taxonomy":"grupo_pesquisa","parent":0,"term_taxonomy_id":11,"term_group":0,"count":316,"object_id":null,"term_order":null,"id":11}],"_links":{"self":[{"href":"https:\/\/repositorio.abejor.org.br\/index.php\/wp-json\/wp\/v2\/anal\/1286","targetHints":{"allow":["GET"]}}],"collection":[{"href":"https:\/\/repositorio.abejor.org.br\/index.php\/wp-json\/wp\/v2\/anal"}],"about":[{"href":"https:\/\/repositorio.abejor.org.br\/index.php\/wp-json\/wp\/v2\/types\/anal"}],"wp:attachment":[{"href":"https:\/\/repositorio.abejor.org.br\/index.php\/wp-json\/wp\/v2\/media?parent=1286"}],"wp:term":[{"taxonomy":"grupo_pesquisa","embeddable":true,"href":"https:\/\/repositorio.abejor.org.br\/index.php\/wp-json\/wp\/v2\/grupo_pesquisa?post=1286"}],"curies":[{"name":"wp","href":"https:\/\/api.w.org\/{rel}","templated":true}]}}

O ESTÁGIO É LEGAL E TRAZ BONS RESULTADOS: RELATO DE UMA PESQUISA REALIZADA COM ESTUDANTES DE JORNALISMO

<p>O presente relato tem por objetivo descrever as contribuições do estágio obrigatório<br />
para os acadêmicos do Curso de Jornalismo da Pontifícia Universidade Católica do<br />
Paraná (PUCPR) no decorrer de sua formação universitária. Este estudo traz uma<br />
síntese reflexiva realizada por meio de pesquisa aplicada via formulário online com 32<br />
estudantes da universidade que realizaram estágio obrigatório entre o segundo<br />
semestre de 2018 e o segundo semestre de 2019, no 6º período do curso.</p>

Estágio obrigatório, Jornalismo, Formação, Universidade

Pesquisa na Graduação
