{"id":1278,"date":"2023-10-09T22:34:13","date_gmt":"2023-10-10T01:34:13","guid":{"rendered":"https:\/\/repositorio.abejor.org.br\/?post_type=anal&#038;p=1278"},"modified":"2023-10-09T22:34:13","modified_gmt":"2023-10-10T01:34:13","slug":"podcast-inclusao-pop-pesquisa-inovacao-e-inclusao-na-formacao-em-jornalismo","status":"publish","type":"anal","link":"https:\/\/repositorio.abejor.org.br\/?anal=podcast-inclusao-pop-pesquisa-inovacao-e-inclusao-na-formacao-em-jornalismo","title":{"rendered":"PODCAST INCLUS\u00c3O POP: PESQUISA, INOVA\u00c7\u00c3O E INCLUS\u00c3O NA FORMA\u00c7\u00c3O EM JORNALISMO"},"excerpt":{"rendered":"<p>O presente relato de experi\u00eancia apresenta o processo de produ\u00e7\u00e3o do podcast Inclus\u00e3o POP,<br \/>\ndesenvolvido por estudantes de jornalismo como parte das atividades do projeto de pesquisa<br \/>\nInova\u00e7\u00e3o e Empreendedorismo nos cursos de Jornalismo \u2013 Brasil e Portugal, no Centro<br \/>\nUniversit\u00e1rio Internacional Uninter.<\/p>\n","protected":false},"template":"","grupo_pesquisa":[11],"class_list":["post-1278","anal","type-anal","status-publish","hentry","grupo_pesquisa-pesquisa-na-graduacao"],"arquivo":{"ID":"1279","post_author":"2","post_date":"2023-10-09 22:32:57","post_date_gmt":"2023-10-10 01:32:57","post_content":"","post_title":"343-1243-1-PB","post_excerpt":"","post_status":"inherit","comment_status":"open","ping_status":"closed","post_password":"","post_name":"343-1243-1-pb","to_ping":"","pinged":"","post_modified":"2023-10-09 22:34:13","post_modified_gmt":"2023-10-10 01:34:13","post_content_filtered":"","post_parent":"1278","guid":"https:\/\/repositorio.abejor.org.br\/wp-content\/uploads\/2023\/10\/343-1243-1-PB.pdf","menu_order":"0","post_type":"attachment","post_mime_type":"application\/pdf","comment_count":"0","pod_item_id":"1279"},"autor":"Josias de Oliveira Silva Junior; Rafaelle dos Santos Batista; Karine Moura Vieira","palavras_chaves":"Jornalismo, Podcast, Comunica\u00e7\u00e3o, Inclus\u00e3o, LGBTQ+","evento":false,"grupo_de_pesquisa":[{"term_id":11,"name":"Pesquisa na Gradua\u00e7\u00e3o","slug":"pesquisa-na-graduacao","description":"","taxonomy":"grupo_pesquisa","parent":0,"term_taxonomy_id":11,"term_group":0,"count":316,"object_id":null,"term_order":null,"id":11}],"_links":{"self":[{"href":"https:\/\/repositorio.abejor.org.br\/index.php\/wp-json\/wp\/v2\/anal\/1278","targetHints":{"allow":["GET"]}}],"collection":[{"href":"https:\/\/repositorio.abejor.org.br\/index.php\/wp-json\/wp\/v2\/anal"}],"about":[{"href":"https:\/\/repositorio.abejor.org.br\/index.php\/wp-json\/wp\/v2\/types\/anal"}],"wp:attachment":[{"href":"https:\/\/repositorio.abejor.org.br\/index.php\/wp-json\/wp\/v2\/media?parent=1278"}],"wp:term":[{"taxonomy":"grupo_pesquisa","embeddable":true,"href":"https:\/\/repositorio.abejor.org.br\/index.php\/wp-json\/wp\/v2\/grupo_pesquisa?post=1278"}],"curies":[{"name":"wp","href":"https:\/\/api.w.org\/{rel}","templated":true}]}}

PODCAST INCLUSÃO POP: PESQUISA, INOVAÇÃO E INCLUSÃO NA FORMAÇÃO EM JORNALISMO

<p>O presente relato de experiência apresenta o processo de produção do podcast Inclusão POP,<br />
desenvolvido por estudantes de jornalismo como parte das atividades do projeto de pesquisa<br />
Inovação e Empreendedorismo nos cursos de Jornalismo – Brasil e Portugal, no Centro<br />
Universitário Internacional Uninter.</p>

Jornalismo, Podcast, Comunicação, Inclusão, LGBTQ+

Pesquisa na Graduação
