{"id":1264,"date":"2023-10-09T21:53:27","date_gmt":"2023-10-10T00:53:27","guid":{"rendered":"https:\/\/repositorio.abejor.org.br\/?post_type=anal&#038;p=1264"},"modified":"2023-10-09T21:53:27","modified_gmt":"2023-10-10T00:53:27","slug":"caracteristicas-do-jornalismo-no-cenario-atual-proposta-de-discussao-na-disciplina-de-deontologia-do-jornalismo","status":"publish","type":"anal","link":"https:\/\/repositorio.abejor.org.br\/?anal=caracteristicas-do-jornalismo-no-cenario-atual-proposta-de-discussao-na-disciplina-de-deontologia-do-jornalismo","title":{"rendered":"CARACTER\u00cdSTICAS DO JORNALISMO NO CEN\u00c1RIO ATUAL: PROPOSTA DE DISCUSS\u00c3O NA DISCIPLINA DE DEONTOLOGIA DO JORNALISMO"},"excerpt":{"rendered":"<p>Este artigo tem como objetivo levantar pontos de discuss\u00e3o sobre o cen\u00e1rio atual do Jornalismo,<br \/>\ns\u00e3o eles: i) converg\u00eancia, tecnologias e audi\u00eancia ativa; ii) crise dos modelos publicit\u00e1rios da<br \/>\nimprensa noticiosa; iii) crise da profiss\u00e3o; iv) perfil multitarefas e multifun\u00e7\u00f5es; v) a<br \/>\nconverg\u00eancia e o fim das linguagens especializadas; vi) mudan\u00e7as nas diretrizes curriculares; vii)<br \/>\na internet e o deserto de not\u00edcias e viii) not\u00edcias falsas, descredibilidade e literacia midi\u00e1tica.<\/p>\n","protected":false},"template":"","grupo_pesquisa":[10],"class_list":["post-1264","anal","type-anal","status-publish","hentry","grupo_pesquisa-ensino-de-etica-e-teorias-do-jornalismo"],"arquivo":{"ID":"1265","post_author":"2","post_date":"2023-10-09 21:53:16","post_date_gmt":"2023-10-10 00:53:16","post_content":"","post_title":"389-1239-1-PB","post_excerpt":"","post_status":"inherit","comment_status":"open","ping_status":"closed","post_password":"","post_name":"389-1239-1-pb","to_ping":"","pinged":"","post_modified":"2023-10-09 21:53:20","post_modified_gmt":"2023-10-10 00:53:20","post_content_filtered":"","post_parent":"1264","guid":"https:\/\/repositorio.abejor.org.br\/wp-content\/uploads\/2023\/10\/389-1239-1-PB.pdf","menu_order":"0","post_type":"attachment","post_mime_type":"application\/pdf","comment_count":"0","pod_item_id":"1265"},"autor":"Aline Cristina Camargo; Antonio Francisco Magnoni","palavras_chaves":"Converg\u00eanci, Deontologia, Imprensa, Jornalismo, Unesp","evento":false,"grupo_de_pesquisa":[{"term_id":10,"name":"Ensino de \u00c9tica e Teorias do Jornalismo","slug":"ensino-de-etica-e-teorias-do-jornalismo","description":"","taxonomy":"grupo_pesquisa","parent":0,"term_taxonomy_id":10,"term_group":0,"count":84,"object_id":null,"term_order":null,"id":10}],"_links":{"self":[{"href":"https:\/\/repositorio.abejor.org.br\/index.php\/wp-json\/wp\/v2\/anal\/1264","targetHints":{"allow":["GET"]}}],"collection":[{"href":"https:\/\/repositorio.abejor.org.br\/index.php\/wp-json\/wp\/v2\/anal"}],"about":[{"href":"https:\/\/repositorio.abejor.org.br\/index.php\/wp-json\/wp\/v2\/types\/anal"}],"wp:attachment":[{"href":"https:\/\/repositorio.abejor.org.br\/index.php\/wp-json\/wp\/v2\/media?parent=1264"}],"wp:term":[{"taxonomy":"grupo_pesquisa","embeddable":true,"href":"https:\/\/repositorio.abejor.org.br\/index.php\/wp-json\/wp\/v2\/grupo_pesquisa?post=1264"}],"curies":[{"name":"wp","href":"https:\/\/api.w.org\/{rel}","templated":true}]}}

CARACTERÍSTICAS DO JORNALISMO NO CENÁRIO ATUAL: PROPOSTA DE DISCUSSÃO NA DISCIPLINA DE DEONTOLOGIA DO JORNALISMO

<p>Este artigo tem como objetivo levantar pontos de discussão sobre o cenário atual do Jornalismo,<br />
são eles: i) convergência, tecnologias e audiência ativa; ii) crise dos modelos publicitários da<br />
imprensa noticiosa; iii) crise da profissão; iv) perfil multitarefas e multifunções; v) a<br />
convergência e o fim das linguagens especializadas; vi) mudanças nas diretrizes curriculares; vii)<br />
a internet e o deserto de notícias e viii) notícias falsas, descredibilidade e literacia midiática.</p>

Convergênci, Deontologia, Imprensa, Jornalismo, Unesp

Ensino de Ética e Teorias do Jornalismo
