{"id":1230,"date":"2023-10-09T19:30:58","date_gmt":"2023-10-09T22:30:58","guid":{"rendered":"https:\/\/repositorio.abejor.org.br\/?post_type=anal&#038;p=1230"},"modified":"2023-10-09T19:32:32","modified_gmt":"2023-10-09T22:32:32","slug":"dispositivos-educativos-nao-formais-aliados-ao-percurso-academico-de-estudantes-de-graduacao-em-jornalismo-o-papel-integrativo-das-atividades-complementares-no-contexto-das-novas-diretrizes-curricula","status":"publish","type":"anal","link":"https:\/\/repositorio.abejor.org.br\/?anal=dispositivos-educativos-nao-formais-aliados-ao-percurso-academico-de-estudantes-de-graduacao-em-jornalismo-o-papel-integrativo-das-atividades-complementares-no-contexto-das-novas-diretrizes-curricula","title":{"rendered":"DISPOSITIVOS EDUCATIVOS N\u00c3O-FORMAIS ALIADOS AO PERCURSO ACAD\u00caMICO DE ESTUDANTES DE GRADUA\u00c7\u00c3O EM JORNALISMO: O PAPEL INTEGRATIVO DAS ATIVIDADES COMPLEMENTARES NO CONTEXTO DAS NOVAS DIRETRIZES CURRICULARES NACIONAIS"},"excerpt":{"rendered":"<p>Discutimos neste artigo a contribui\u00e7\u00e3o das chamadas atividades complementares no percurso de<br \/>\ngraduandos em Jornalismo contextualizadas pelas novas Diretrizes Curriculares Nacionais que<br \/>\nvigoram no Brasil desde 2015.<\/p>\n","protected":false},"template":"","grupo_pesquisa":[9],"class_list":["post-1230","anal","type-anal","status-publish","hentry","grupo_pesquisa-atividades-de-extensao"],"arquivo":{"ID":"1233","post_author":"2","post_date":"2023-10-09 19:31:31","post_date_gmt":"2023-10-09 22:31:31","post_content":"","post_title":"292-1227-1-PB","post_excerpt":"","post_status":"inherit","comment_status":"open","ping_status":"closed","post_password":"","post_name":"292-1227-1-pb","to_ping":"","pinged":"","post_modified":"2023-10-09 19:32:32","post_modified_gmt":"2023-10-09 22:32:32","post_content_filtered":"","post_parent":"1230","guid":"https:\/\/repositorio.abejor.org.br\/wp-content\/uploads\/2023\/10\/292-1227-1-PB.pdf","menu_order":"0","post_type":"attachment","post_mime_type":"application\/pdf","comment_count":"0","pod_item_id":"1233"},"autor":"Ana Luisa Zaniboni Gomes","palavras_chaves":"Jornalismo, Forma\u00e7\u00e3o, Educa\u00e7\u00e3o n\u00e3o-formal, Atividades complementares, Diretrizes Curriculares Nacionais","evento":false,"grupo_de_pesquisa":[{"term_id":9,"name":"Atividades de Extens\u00e3o","slug":"atividades-de-extensao","description":"","taxonomy":"grupo_pesquisa","parent":0,"term_taxonomy_id":9,"term_group":0,"count":151,"object_id":null,"term_order":null,"id":9}],"_links":{"self":[{"href":"https:\/\/repositorio.abejor.org.br\/index.php\/wp-json\/wp\/v2\/anal\/1230","targetHints":{"allow":["GET"]}}],"collection":[{"href":"https:\/\/repositorio.abejor.org.br\/index.php\/wp-json\/wp\/v2\/anal"}],"about":[{"href":"https:\/\/repositorio.abejor.org.br\/index.php\/wp-json\/wp\/v2\/types\/anal"}],"wp:attachment":[{"href":"https:\/\/repositorio.abejor.org.br\/index.php\/wp-json\/wp\/v2\/media?parent=1230"}],"wp:term":[{"taxonomy":"grupo_pesquisa","embeddable":true,"href":"https:\/\/repositorio.abejor.org.br\/index.php\/wp-json\/wp\/v2\/grupo_pesquisa?post=1230"}],"curies":[{"name":"wp","href":"https:\/\/api.w.org\/{rel}","templated":true}]}}

DISPOSITIVOS EDUCATIVOS NÃO-FORMAIS ALIADOS AO PERCURSO ACADÊMICO DE ESTUDANTES DE GRADUAÇÃO EM JORNALISMO: O PAPEL INTEGRATIVO DAS ATIVIDADES COMPLEMENTARES NO CONTEXTO DAS NOVAS DIRETRIZES CURRICULARES NACIONAIS

<p>Discutimos neste artigo a contribuição das chamadas atividades complementares no percurso de<br />
graduandos em Jornalismo contextualizadas pelas novas Diretrizes Curriculares Nacionais que<br />
vigoram no Brasil desde 2015.</p>

Jornalismo, Formação, Educação não-formal, Atividades complementares, Diretrizes Curriculares Nacionais

Atividades de Extensão
