{"id":1208,"date":"2023-10-08T18:27:53","date_gmt":"2023-10-08T21:27:53","guid":{"rendered":"https:\/\/repositorio.abejor.org.br\/?post_type=anal&#038;p=1208"},"modified":"2023-10-09T23:06:19","modified_gmt":"2023-10-10T02:06:19","slug":"virginia-soares-de-souza-inocentada-consideracoes-sobre-as-coletivas-de-imprensa-da-defesa-e-acusacao-da-medica","status":"publish","type":"anal","link":"https:\/\/repositorio.abejor.org.br\/?anal=virginia-soares-de-souza-inocentada-consideracoes-sobre-as-coletivas-de-imprensa-da-defesa-e-acusacao-da-medica","title":{"rendered":"Virg\u00ednia Soares de Souza inocentada: Considera\u00e7\u00f5es sobre as  coletivas de imprensa da defesa e acusa\u00e7\u00e3o da m\u00e9dica"},"excerpt":{"rendered":"<p>O texto tem como interesse discutir a a\u00e7\u00e3o midi\u00e1tica da defesa e da acusa\u00e7\u00e3o da M\u00e9dica Virginia<br \/>\nSoares de Souza no momento da sua absolvi\u00e7\u00e3o. A m\u00e9dica foi acusada pelo Minist\u00e9rio P\u00fablico<br \/>\ndo Paran\u00e1 de ter provocado intencionalmente sete mortes de pacientes internados na UTI do<br \/>\nHospital Evang\u00e9lico de Curitiba entre 2006 e 2013.<\/p>\n","protected":false},"template":"","grupo_pesquisa":[10],"class_list":["post-1208","anal","type-anal","status-publish","hentry","grupo_pesquisa-ensino-de-etica-e-teorias-do-jornalismo"],"arquivo":{"ID":"1209","post_author":"2","post_date":"2023-10-08 18:26:36","post_date_gmt":"2023-10-08 21:26:36","post_content":"","post_title":"79-256-1-PB","post_excerpt":"","post_status":"inherit","comment_status":"open","ping_status":"closed","post_password":"","post_name":"79-256-1-pb","to_ping":"","pinged":"","post_modified":"2023-10-08 18:27:38","post_modified_gmt":"2023-10-08 21:27:38","post_content_filtered":"","post_parent":"1208","guid":"https:\/\/repositorio.abejor.org.br\/wp-content\/uploads\/2023\/10\/79-256-1-PB.pdf","menu_order":"0","post_type":"attachment","post_mime_type":"application\/pdf","comment_count":"0","pod_item_id":"1209"},"autor":"Manoel Moabis; Beatriz A. Marocco","palavras_chaves":"Jornalismo, Coletiva de imprensa, Fontes, Produ\u00e7\u00e3o jornal\u00edstica","evento":[{"ID":1187,"post_title":"4\u00ba Encontro Sul-brasileiro de Professores de Jornalismo","post_content":"","post_excerpt":"4\u00ba Encontro Sul-brasileiro de Professores de Jornalismo, que ocorreu em Curitiba\/Paran\u00e1, entre os dias 26 e 27 de outubro de 2017, Campus Juvev\u00ea da Universidade Federal do Paran\u00e1. ","post_author":"2","post_date":"2017-10-26 17:30:27","post_date_gmt":"2017-10-26 19:30:27","post_status":"publish","comment_status":"closed","ping_status":"closed","post_password":"","post_name":"4o-encontro-sul-brasileiro-de-professores-de-jornalismo","to_ping":"","pinged":"","post_modified":"2023-10-09 22:19:28","post_modified_gmt":"2023-10-10 01:19:28","post_content_filtered":"","post_parent":0,"guid":"https:\/\/repositorio.abejor.org.br\/?post_type=evento&#038;p=1187","menu_order":0,"post_type":"evento","post_mime_type":"","comment_count":"0","comments":false,"_thumbnail_id":["1188","2","2023-10-08 17:30:03","2023-10-08 20:30:03","","Web","Web","inherit","open","closed","","web","","","2023-10-08 17:30:03","2023-10-08 20:30:03","","1187","https:\/\/repositorio.abejor.org.br\/wp-content\/uploads\/2023\/10\/homepageImage_pt_BR-1.jpg","0","attachment","image\/jpeg","0","1188"],"id":1187}],"grupo_de_pesquisa":[{"term_id":10,"name":"Ensino de \u00c9tica e Teorias do Jornalismo","slug":"ensino-de-etica-e-teorias-do-jornalismo","description":"","taxonomy":"grupo_pesquisa","parent":0,"term_taxonomy_id":10,"term_group":0,"count":84,"object_id":null,"term_order":null,"id":10}],"_links":{"self":[{"href":"https:\/\/repositorio.abejor.org.br\/index.php\/wp-json\/wp\/v2\/anal\/1208","targetHints":{"allow":["GET"]}}],"collection":[{"href":"https:\/\/repositorio.abejor.org.br\/index.php\/wp-json\/wp\/v2\/anal"}],"about":[{"href":"https:\/\/repositorio.abejor.org.br\/index.php\/wp-json\/wp\/v2\/types\/anal"}],"wp:attachment":[{"href":"https:\/\/repositorio.abejor.org.br\/index.php\/wp-json\/wp\/v2\/media?parent=1208"}],"wp:term":[{"taxonomy":"grupo_pesquisa","embeddable":true,"href":"https:\/\/repositorio.abejor.org.br\/index.php\/wp-json\/wp\/v2\/grupo_pesquisa?post=1208"}],"curies":[{"name":"wp","href":"https:\/\/api.w.org\/{rel}","templated":true}]}}

Virgínia Soares de Souza inocentada: Considerações sobre as  coletivas de imprensa da defesa e acusação da médica

<p>O texto tem como interesse discutir a ação midiática da defesa e da acusação da Médica Virginia<br />
Soares de Souza no momento da sua absolvição. A médica foi acusada pelo Ministério Público<br />
do Paraná de ter provocado intencionalmente sete mortes de pacientes internados na UTI do<br />
Hospital Evangélico de Curitiba entre 2006 e 2013.</p>

Jornalismo, Coletiva de imprensa, Fontes, Produção jornalística

4º Encontro Sul-brasileiro de Professores de Jornalismo

4º Encontro Sul-brasileiro de Professores de Jornalismo, que ocorreu em Curitiba/Paraná, entre os dias 26 e 27 de outubro de 2017, Campus Juvevê da Universidade Federal do Paraná.

Ensino de Ética e Teorias do Jornalismo
