{"id":1203,"date":"2023-10-08T18:13:39","date_gmt":"2023-10-08T21:13:39","guid":{"rendered":"https:\/\/repositorio.abejor.org.br\/?post_type=anal&#038;p=1203"},"modified":"2023-10-08T18:13:39","modified_gmt":"2023-10-08T21:13:39","slug":"brasil-reporter-grande-reportagem-na-televisao","status":"publish","type":"anal","link":"https:\/\/repositorio.abejor.org.br\/?anal=brasil-reporter-grande-reportagem-na-televisao","title":{"rendered":"BRASIL REP\u00d3RTER: GRANDE REPORTAGEM NA TELEVIS\u00c3O"},"excerpt":{"rendered":"<p>O programa Brasil Rep\u00f3rter, desenvolvido como projeto de extens\u00e3o na Uninter,<br \/>\nbusca proporcionar aos alunos uma imers\u00e3o nos processos jornal\u00edsticos<br \/>\ninerentes \u00e0 produ\u00e7\u00e3o de televis\u00e3o, dando a eles a oportunidade de expandir uma<br \/>\ntem\u00e1tica para muito al\u00e9m do cronometrado tempo de dura\u00e7\u00e3o das reportagens<br \/>\nde TV.<\/p>\n","protected":false},"template":"","grupo_pesquisa":[9],"class_list":["post-1203","anal","type-anal","status-publish","hentry","grupo_pesquisa-atividades-de-extensao"],"arquivo":{"ID":"1204","post_author":"2","post_date":"2023-10-08 18:12:18","post_date_gmt":"2023-10-08 21:12:18","post_content":"","post_title":"99-290-1-PB","post_excerpt":"","post_status":"inherit","comment_status":"open","ping_status":"closed","post_password":"","post_name":"99-290-1-pb","to_ping":"","pinged":"","post_modified":"2023-10-08 18:13:30","post_modified_gmt":"2023-10-08 21:13:30","post_content_filtered":"","post_parent":"1203","guid":"https:\/\/repositorio.abejor.org.br\/wp-content\/uploads\/2023\/10\/99-290-1-PB.pdf","menu_order":"0","post_type":"attachment","post_mime_type":"application\/pdf","comment_count":"0","pod_item_id":"1204"},"autor":"Gisele Krodel Rech","palavras_chaves":"Televis\u00e3o, Programa, Reportagem","evento":[{"ID":1187,"post_title":"4\u00ba Encontro Sul-brasileiro de Professores de Jornalismo","post_content":"","post_excerpt":"4\u00ba Encontro Sul-brasileiro de Professores de Jornalismo, que ocorreu em Curitiba\/Paran\u00e1, entre os dias 26 e 27 de outubro de 2017, Campus Juvev\u00ea da Universidade Federal do Paran\u00e1. ","post_author":"2","post_date":"2017-10-26 17:30:27","post_date_gmt":"2017-10-26 19:30:27","post_status":"publish","comment_status":"closed","ping_status":"closed","post_password":"","post_name":"4o-encontro-sul-brasileiro-de-professores-de-jornalismo","to_ping":"","pinged":"","post_modified":"2023-10-09 22:19:28","post_modified_gmt":"2023-10-10 01:19:28","post_content_filtered":"","post_parent":0,"guid":"https:\/\/repositorio.abejor.org.br\/?post_type=evento&#038;p=1187","menu_order":0,"post_type":"evento","post_mime_type":"","comment_count":"0","comments":false,"_thumbnail_id":["1188","2","2023-10-08 17:30:03","2023-10-08 20:30:03","","Web","Web","inherit","open","closed","","web","","","2023-10-08 17:30:03","2023-10-08 20:30:03","","1187","https:\/\/repositorio.abejor.org.br\/wp-content\/uploads\/2023\/10\/homepageImage_pt_BR-1.jpg","0","attachment","image\/jpeg","0","1188"],"id":1187}],"grupo_de_pesquisa":[{"term_id":9,"name":"Atividades de Extens\u00e3o","slug":"atividades-de-extensao","description":"","taxonomy":"grupo_pesquisa","parent":0,"term_taxonomy_id":9,"term_group":0,"count":151,"object_id":null,"term_order":null,"id":9}],"_links":{"self":[{"href":"https:\/\/repositorio.abejor.org.br\/index.php\/wp-json\/wp\/v2\/anal\/1203","targetHints":{"allow":["GET"]}}],"collection":[{"href":"https:\/\/repositorio.abejor.org.br\/index.php\/wp-json\/wp\/v2\/anal"}],"about":[{"href":"https:\/\/repositorio.abejor.org.br\/index.php\/wp-json\/wp\/v2\/types\/anal"}],"wp:attachment":[{"href":"https:\/\/repositorio.abejor.org.br\/index.php\/wp-json\/wp\/v2\/media?parent=1203"}],"wp:term":[{"taxonomy":"grupo_pesquisa","embeddable":true,"href":"https:\/\/repositorio.abejor.org.br\/index.php\/wp-json\/wp\/v2\/grupo_pesquisa?post=1203"}],"curies":[{"name":"wp","href":"https:\/\/api.w.org\/{rel}","templated":true}]}}

BRASIL REPÓRTER: GRANDE REPORTAGEM NA TELEVISÃO

<p>O programa Brasil Repórter, desenvolvido como projeto de extensão na Uninter,<br />
busca proporcionar aos alunos uma imersão nos processos jornalísticos<br />
inerentes à produção de televisão, dando a eles a oportunidade de expandir uma<br />
temática para muito além do cronometrado tempo de duração das reportagens<br />
de TV.</p>

Televisão, Programa, Reportagem

4º Encontro Sul-brasileiro de Professores de Jornalismo

4º Encontro Sul-brasileiro de Professores de Jornalismo, que ocorreu em Curitiba/Paraná, entre os dias 26 e 27 de outubro de 2017, Campus Juvevê da Universidade Federal do Paraná.

Atividades de Extensão
