{"id":1189,"date":"2023-10-08T17:40:31","date_gmt":"2023-10-08T20:40:31","guid":{"rendered":"https:\/\/repositorio.abejor.org.br\/?post_type=anal&#038;p=1189"},"modified":"2023-10-08T17:40:31","modified_gmt":"2023-10-08T20:40:31","slug":"cultura-plural-contribuicao-extensionista-para-a-construcao-da-memoria-dos-grupos-culturais-de-ponta-grossa-pr","status":"publish","type":"anal","link":"https:\/\/repositorio.abejor.org.br\/?anal=cultura-plural-contribuicao-extensionista-para-a-construcao-da-memoria-dos-grupos-culturais-de-ponta-grossa-pr","title":{"rendered":"CULTURA PLURAL: contribui\u00e7\u00e3o extensionista para a constru\u00e7\u00e3o da mem\u00f3ria dos grupos culturais de Ponta Grossa\/PR"},"excerpt":{"rendered":"<p>O Cultura Plural (http:\/\/www.culturaplural.com.br) \u00e9 um site jornal\u00edstico desenvolvido a partir de um projeto de extens\u00e3o do Curso de Jornalismo da Universidade Estadual de Ponta Grossa (UEPG\/PR), que obejtiva dar visibilidade aos grupos culturais e artistas da regi\u00e3o dos Campos Gerais do Paran\u00e1 por meio da produ\u00e7\u00e3o jornal\u00edstica na \u00e1rea da cultura. <\/p>\n","protected":false},"template":"","grupo_pesquisa":[9],"class_list":["post-1189","anal","type-anal","status-publish","hentry","grupo_pesquisa-atividades-de-extensao"],"arquivo":{"ID":"1190","post_author":"2","post_date":"2023-10-08 17:39:23","post_date_gmt":"2023-10-08 20:39:23","post_content":"","post_title":"81-250-1-PB","post_excerpt":"","post_status":"inherit","comment_status":"open","ping_status":"closed","post_password":"","post_name":"81-250-1-pb","to_ping":"","pinged":"","post_modified":"2023-10-08 17:40:18","post_modified_gmt":"2023-10-08 20:40:18","post_content_filtered":"","post_parent":"1189","guid":"https:\/\/repositorio.abejor.org.br\/wp-content\/uploads\/2023\/10\/81-250-1-PB.pdf","menu_order":"0","post_type":"attachment","post_mime_type":"application\/pdf","comment_count":"0","pod_item_id":"1190"},"autor":"Karina Janz Woitowicz; Aline Louize Deliberali Rosso","palavras_chaves":"Jornalismo cultural, cultura, extens\u00e3o universit\u00e1ria, produ\u00e7\u00e3o jornal\u00edstica","evento":[{"ID":1187,"post_title":"4\u00ba Encontro Sul-brasileiro de Professores de Jornalismo","post_content":"","post_excerpt":"4\u00ba Encontro Sul-brasileiro de Professores de Jornalismo, que ocorreu em Curitiba\/Paran\u00e1, entre os dias 26 e 27 de outubro de 2017, Campus Juvev\u00ea da Universidade Federal do Paran\u00e1. ","post_author":"2","post_date":"2017-10-26 17:30:27","post_date_gmt":"2017-10-26 19:30:27","post_status":"publish","comment_status":"closed","ping_status":"closed","post_password":"","post_name":"4o-encontro-sul-brasileiro-de-professores-de-jornalismo","to_ping":"","pinged":"","post_modified":"2023-10-09 22:19:28","post_modified_gmt":"2023-10-10 01:19:28","post_content_filtered":"","post_parent":0,"guid":"https:\/\/repositorio.abejor.org.br\/?post_type=evento&#038;p=1187","menu_order":0,"post_type":"evento","post_mime_type":"","comment_count":"0","comments":false,"_thumbnail_id":["1188","2","2023-10-08 17:30:03","2023-10-08 20:30:03","","Web","Web","inherit","open","closed","","web","","","2023-10-08 17:30:03","2023-10-08 20:30:03","","1187","https:\/\/repositorio.abejor.org.br\/wp-content\/uploads\/2023\/10\/homepageImage_pt_BR-1.jpg","0","attachment","image\/jpeg","0","1188"],"id":1187}],"grupo_de_pesquisa":[{"term_id":9,"name":"Atividades de Extens\u00e3o","slug":"atividades-de-extensao","description":"","taxonomy":"grupo_pesquisa","parent":0,"term_taxonomy_id":9,"term_group":0,"count":151,"object_id":null,"term_order":null,"id":9}],"_links":{"self":[{"href":"https:\/\/repositorio.abejor.org.br\/index.php\/wp-json\/wp\/v2\/anal\/1189","targetHints":{"allow":["GET"]}}],"collection":[{"href":"https:\/\/repositorio.abejor.org.br\/index.php\/wp-json\/wp\/v2\/anal"}],"about":[{"href":"https:\/\/repositorio.abejor.org.br\/index.php\/wp-json\/wp\/v2\/types\/anal"}],"wp:attachment":[{"href":"https:\/\/repositorio.abejor.org.br\/index.php\/wp-json\/wp\/v2\/media?parent=1189"}],"wp:term":[{"taxonomy":"grupo_pesquisa","embeddable":true,"href":"https:\/\/repositorio.abejor.org.br\/index.php\/wp-json\/wp\/v2\/grupo_pesquisa?post=1189"}],"curies":[{"name":"wp","href":"https:\/\/api.w.org\/{rel}","templated":true}]}}

CULTURA PLURAL: contribuição extensionista para a construção da memória dos grupos culturais de Ponta Grossa/PR

<p>O Cultura Plural (http://www.culturaplural.com.br) é um site jornalístico desenvolvido a partir de um projeto de extensão do Curso de Jornalismo da Universidade Estadual de Ponta Grossa (UEPG/PR), que obejtiva dar visibilidade aos grupos culturais e artistas da região dos Campos Gerais do Paraná por meio da produção jornalística na área da cultura. </p>

Jornalismo cultural, cultura, extensão universitária, produção jornalística

4º Encontro Sul-brasileiro de Professores de Jornalismo

4º Encontro Sul-brasileiro de Professores de Jornalismo, que ocorreu em Curitiba/Paraná, entre os dias 26 e 27 de outubro de 2017, Campus Juvevê da Universidade Federal do Paraná.

Atividades de Extensão
